| Back to Build/check report for BioC 3.23: simplified long |
|
This page was generated on 2025-10-31 08:34 -0400 (Fri, 31 Oct 2025).
| Hostname | OS | Arch (*) | R version | Installed pkgs |
|---|---|---|---|---|
| nebbiolo1 | Linux (Ubuntu 24.04.3 LTS) | x86_64 | R Under development (unstable) (2025-10-20 r88955) -- "Unsuffered Consequences" | 4428 |
| Click on any hostname to see more info about the system (e.g. compilers) (*) as reported by 'uname -p', except on Windows and Mac OS X | ||||
| Package 1018/2321 | Hostname | OS / Arch | INSTALL | BUILD | CHECK | BUILD BIN | ||||||||
| idiogram 1.87.0 (landing page) Karl J. Dykema
| nebbiolo1 | Linux (Ubuntu 24.04.3 LTS) / x86_64 | OK | ERROR | skipped | |||||||||
|
To the developers/maintainers of the idiogram package: - Allow up to 24 hours (and sometimes 48 hours) for your latest push to git@git.bioconductor.org:packages/idiogram.git to reflect on this report. See Troubleshooting Build Report for more information. - Use the following Renviron settings to reproduce errors and warnings. - If 'R CMD check' started to fail recently on the Linux builder(s) over a missing dependency, add the missing dependency to 'Suggests:' in your DESCRIPTION file. See Renviron.bioc for more information. |
| Package: idiogram |
| Version: 1.87.0 |
| Command: /home/biocbuild/bbs-3.23-bioc/R/bin/R CMD build --keep-empty-dirs --no-resave-data idiogram |
| StartedAt: 2025-10-30 17:32:13 -0400 (Thu, 30 Oct 2025) |
| EndedAt: 2025-10-30 17:32:30 -0400 (Thu, 30 Oct 2025) |
| EllapsedTime: 17.0 seconds |
| RetCode: 1 |
| Status: ERROR |
| PackageFile: None |
| PackageFileSize: NA |
############################################################################## ############################################################################## ### ### Running command: ### ### /home/biocbuild/bbs-3.23-bioc/R/bin/R CMD build --keep-empty-dirs --no-resave-data idiogram ### ############################################################################## ############################################################################## * checking for file ‘idiogram/DESCRIPTION’ ... OK * preparing ‘idiogram’: * checking DESCRIPTION meta-information ... OK * installing the package (it is needed to build vignettes) * creating vignettes ... ERROR --- re-building ‘idiogram.Rnw’ using Sweave Loading required package: hu6800.db Warning in library(package, lib.loc = lib.loc, character.only = TRUE, logical.return = TRUE, : there is no package called ‘hu6800.db’ Loading required package: hu6800.db Warning in library(package, lib.loc = lib.loc, character.only = TRUE, logical.return = TRUE, : there is no package called ‘hu6800.db’ Error: processing vignette 'idiogram.Rnw' failed with diagnostics: Running 'texi2dvi' on 'idiogram.tex' failed. LaTeX errors: !pdfTeX error: pdflatex (file /tmp/RtmptR2dX8/Rbuild1663103c5e21c1/idiogram/vig nettes/idiogram-002.pdf): PDF inclusion: required page does not exist <0> ==> Fatal error occurred, no output PDF file produced! --- failed re-building ‘idiogram.Rnw’ SUMMARY: processing the following file failed: ‘idiogram.Rnw’ Error: Vignette re-building failed. Execution halted