Back to Build/check report for BioC 3.22:   simplified   long
ABCDEFGH[I]JKLMNOPQRSTUVWXYZ

This page was generated on 2025-10-27 12:45 -0400 (Mon, 27 Oct 2025).

HostnameOSArch (*)R versionInstalled pkgs
kjohnson3macOS 13.7.7 Venturaarm644.5.1 Patched (2025-09-10 r88807) -- "Great Square Root" 4637
Click on any hostname to see more info about the system (e.g. compilers)      (*) as reported by 'uname -p', except on Windows and Mac OS X

Package 1087/2361HostnameOS / ArchINSTALLBUILDCHECKBUILD BIN
iSEEhub 1.11.0  (landing page)
Kevin Rue-Albrecht
Snapshot Date: 2025-10-26 13:45 -0400 (Sun, 26 Oct 2025)
git_url: https://git.bioconductor.org/packages/iSEEhub
git_branch: devel
git_last_commit: 82adff5
git_last_commit_date: 2025-04-15 12:56:01 -0400 (Tue, 15 Apr 2025)
kjohnson3macOS 13.7.7 Ventura / arm64  OK    ERROR  skippedskipped


BUILD results for iSEEhub on kjohnson3

To the developers/maintainers of the iSEEhub package:
- Allow up to 24 hours (and sometimes 48 hours) for your latest push to git@git.bioconductor.org:packages/iSEEhub.git to reflect on this report. See Troubleshooting Build Report for more information.
- Use the following Renviron settings to reproduce errors and warnings.
- If 'R CMD check' started to fail recently on the Linux builder(s) over a missing dependency, add the missing dependency to 'Suggests:' in your DESCRIPTION file. See Renviron.bioc for more information.

raw results


Summary

Package: iSEEhub
Version: 1.11.0
Command: /Library/Frameworks/R.framework/Resources/bin/R CMD build --keep-empty-dirs --no-resave-data iSEEhub
StartedAt: 2025-10-26 16:57:34 -0400 (Sun, 26 Oct 2025)
EndedAt: 2025-10-26 16:58:58 -0400 (Sun, 26 Oct 2025)
EllapsedTime: 83.9 seconds
RetCode: 1
Status:   ERROR  
PackageFile: None
PackageFileSize: NA

Command output

##############################################################################
##############################################################################
###
### Running command:
###
###   /Library/Frameworks/R.framework/Resources/bin/R CMD build --keep-empty-dirs --no-resave-data iSEEhub
###
##############################################################################
##############################################################################


* checking for file ‘iSEEhub/DESCRIPTION’ ... OK
* preparing ‘iSEEhub’:
* checking DESCRIPTION meta-information ... OK
* installing the package to build vignettes
* creating vignettes ... ERROR
--- re-building ‘contributing.Rmd’ using rmarkdown
--- finished re-building ‘contributing.Rmd’

--- re-building ‘iSEEhub.Rmd’ using rmarkdown

Quitting from iSEEhub.Rmd:121-131 [start]
~~~~~~~~~~~~~~~~~~~~~~~~~~~~~~~~~~~~~~~~~~~~~~~~~~~~~~~~~~~~~~~~~~~~~~~~~~~~~~~~~~~~~~~~~~~~~~~~~~~~~~~~~~~~~~~~~~~~~~~~
<error/rlang_error>
Error in `value[[3L]]()`:
! failed to connect
  reason: Failed to perform HTTP request.
Caused by error in `curl::curl_fetch_memory()`:
! SSL connect error [bioconductor.org]:
TLS connect error: error:00000000:lib(0):func(0):reason(0)
  Consider rerunning with 'localHub=TRUE'
---
Backtrace:
    ▆
 1. └─ExperimentHub::ExperimentHub()
 2.   └─AnnotationHub::.Hub(...)
 3.     └─base::tryCatch(...)
 4.       └─base (local) tryCatchList(expr, classes, parentenv, handlers)
 5.         └─base (local) tryCatchOne(expr, names, parentenv, handlers[[1L]])
 6.           └─value[[3L]](cond)
~~~~~~~~~~~~~~~~~~~~~~~~~~~~~~~~~~~~~~~~~~~~~~~~~~~~~~~~~~~~~~~~~~~~~~~~~~~~~~~~~~~~~~~~~~~~~~~~~~~~~~~~~~~~~~~~~~~~~~~~

Error: processing vignette 'iSEEhub.Rmd' failed with diagnostics:
failed to connect
  reason: Failed to perform HTTP request.
Caused by error in `curl::curl_fetch_memory()`:
! SSL connect error [bioconductor.org]:
TLS connect error: error:00000000:lib(0):func(0):reason(0)
  Consider rerunning with 'localHub=TRUE'
--- failed re-building ‘iSEEhub.Rmd’

SUMMARY: processing the following file failed:
  ‘iSEEhub.Rmd’

Error: Vignette re-building failed.
Execution halted