| Back to Build/check report for BioC 3.23: simplified long |
|
This page was generated on 2025-11-01 11:32 -0400 (Sat, 01 Nov 2025).
| Hostname | OS | Arch (*) | R version | Installed pkgs |
|---|---|---|---|---|
| nebbiolo1 | Linux (Ubuntu 24.04.3 LTS) | x86_64 | R Under development (unstable) (2025-10-20 r88955) -- "Unsuffered Consequences" | 4774 |
| Click on any hostname to see more info about the system (e.g. compilers) (*) as reported by 'uname -p', except on Windows and Mac OS X | ||||
| Package 893/2321 | Hostname | OS / Arch | INSTALL | BUILD | CHECK | BUILD BIN | ||||||||
| goatea 1.1.0 (landing page) Maurits Unkel
| nebbiolo1 | Linux (Ubuntu 24.04.3 LTS) / x86_64 | OK | ERROR | skipped | |||||||||
|
To the developers/maintainers of the goatea package: - Allow up to 24 hours (and sometimes 48 hours) for your latest push to git@git.bioconductor.org:packages/goatea.git to reflect on this report. See Troubleshooting Build Report for more information. - Use the following Renviron settings to reproduce errors and warnings. - If 'R CMD check' started to fail recently on the Linux builder(s) over a missing dependency, add the missing dependency to 'Suggests:' in your DESCRIPTION file. See Renviron.bioc for more information. |
| Package: goatea |
| Version: 1.1.0 |
| Command: /home/biocbuild/bbs-3.23-bioc/R/bin/R CMD build --keep-empty-dirs --no-resave-data goatea |
| StartedAt: 2025-10-31 18:04:45 -0400 (Fri, 31 Oct 2025) |
| EndedAt: 2025-10-31 18:06:51 -0400 (Fri, 31 Oct 2025) |
| EllapsedTime: 126.1 seconds |
| RetCode: 1 |
| Status: ERROR |
| PackageFile: None |
| PackageFileSize: NA |
############################################################################## ############################################################################## ### ### Running command: ### ### /home/biocbuild/bbs-3.23-bioc/R/bin/R CMD build --keep-empty-dirs --no-resave-data goatea ### ############################################################################## ############################################################################## * checking for file ‘goatea/DESCRIPTION’ ... OK * preparing ‘goatea’: * checking DESCRIPTION meta-information ... OK * installing the package (it is needed to build vignettes) * creating vignettes ... ERROR --- re-building ‘goatea.Rmd’ using rmarkdown trying URL 'https://github.com/ftwkoopmans/goat/raw/main/analyses/goat_manuscript_datasets.rda' Content type 'application/octet-stream' length 1074180 bytes (1.0 MB) ================================================== downloaded 1.0 MB Warning: ggrepel: 2228 unlabeled data points (too many overlaps). Consider increasing max.overlaps Quitting from goatea.Rmd:321-331 [tree plot] ~~~~~~~~~~~~~~~~~~~~~~~~~~~~~~~~~~~~~~~~~~~~~~~~~~~~~~~~~~~~~~~~~~~~~~~~~~~~~~~~ NULL ~~~~~~~~~~~~~~~~~~~~~~~~~~~~~~~~~~~~~~~~~~~~~~~~~~~~~~~~~~~~~~~~~~~~~~~~~~~~~~~~ Error: processing vignette 'goatea.Rmd' failed with diagnostics: Can't convert a call to a string. --- failed re-building ‘goatea.Rmd’ SUMMARY: processing the following file failed: ‘goatea.Rmd’ Error: Vignette re-building failed. Execution halted