Back to Multiple platform build/check report for BioC 3.23:   simplified   long
ABCDEF[G]HIJKLMNOPQRSTUVWXYZ

This page was generated on 2025-11-21 11:39 -0500 (Fri, 21 Nov 2025).

HostnameOSArch (*)R versionInstalled pkgs
nebbiolo1Linux (Ubuntu 24.04.3 LTS)x86_64R Under development (unstable) (2025-10-20 r88955) -- "Unsuffered Consequences" 4829
lconwaymacOS 12.7.6 Montereyx86_64R Under development (unstable) (2025-10-21 r88958) -- "Unsuffered Consequences" 4602
kjohnson3macOS 13.7.7 Venturaarm64R Under development (unstable) (2025-11-04 r88984) -- "Unsuffered Consequences" 4566
Click on any hostname to see more info about the system (e.g. compilers)      (*) as reported by 'uname -p', except on Windows and Mac OS X

Package 811/2327HostnameOS / ArchINSTALLBUILDCHECKBUILD BIN
genefu 2.43.0  (landing page)
Benjamin Haibe-Kains
Snapshot Date: 2025-11-20 13:40 -0500 (Thu, 20 Nov 2025)
git_url: https://git.bioconductor.org/packages/genefu
git_branch: devel
git_last_commit: d2e64e7
git_last_commit_date: 2025-10-29 10:07:12 -0500 (Wed, 29 Oct 2025)
nebbiolo1Linux (Ubuntu 24.04.3 LTS) / x86_64  OK    OK    WARNINGS  UNNEEDED, same version is already published
lconwaymacOS 12.7.6 Monterey / x86_64  OK    OK    WARNINGS    OK  UNNEEDED, same version is already published
kjohnson3macOS 13.7.7 Ventura / arm64  OK    OK    WARNINGS    OK  UNNEEDED, same version is already published


CHECK results for genefu on kjohnson3

To the developers/maintainers of the genefu package:
- Allow up to 24 hours (and sometimes 48 hours) for your latest push to git@git.bioconductor.org:packages/genefu.git to reflect on this report. See Troubleshooting Build Report for more information.
- Use the following Renviron settings to reproduce errors and warnings.
- If 'R CMD check' started to fail recently on the Linux builder(s) over a missing dependency, add the missing dependency to 'Suggests:' in your DESCRIPTION file. See Renviron.bioc for more information.

raw results


Summary

Package: genefu
Version: 2.43.0
Command: /Library/Frameworks/R.framework/Resources/bin/R CMD check --install=check:genefu.install-out.txt --library=/Library/Frameworks/R.framework/Resources/library --no-vignettes --timings genefu_2.43.0.tar.gz
StartedAt: 2025-11-20 20:03:47 -0500 (Thu, 20 Nov 2025)
EndedAt: 2025-11-20 20:04:46 -0500 (Thu, 20 Nov 2025)
EllapsedTime: 58.8 seconds
RetCode: 0
Status:   WARNINGS  
CheckDir: genefu.Rcheck
Warnings: 1

Command output

##############################################################################
##############################################################################
###
### Running command:
###
###   /Library/Frameworks/R.framework/Resources/bin/R CMD check --install=check:genefu.install-out.txt --library=/Library/Frameworks/R.framework/Resources/library --no-vignettes --timings genefu_2.43.0.tar.gz
###
##############################################################################
##############################################################################


* using log directory ‘/Users/biocbuild/bbs-3.23-bioc/meat/genefu.Rcheck’
* using R Under development (unstable) (2025-11-04 r88984)
* using platform: aarch64-apple-darwin20
* R was compiled by
    Apple clang version 16.0.0 (clang-1600.0.26.6)
    GNU Fortran (GCC) 14.2.0
* running under: macOS Ventura 13.7.8
* using session charset: UTF-8
* using option ‘--no-vignettes’
* checking for file ‘genefu/DESCRIPTION’ ... OK
* checking extension type ... Package
* this is package ‘genefu’ version ‘2.43.0’
* package encoding: UTF-8
* checking package namespace information ... OK
* checking package dependencies ... OK
* checking if this is a source package ... OK
* checking if there is a namespace ... OK
* checking for hidden files and directories ... OK
* checking for portable file names ... OK
* checking for sufficient/correct file permissions ... OK
* checking whether package ‘genefu’ can be installed ... WARNING
Found the following significant warnings:
  Warning: replacing previous import ‘limma::logsumexp’ by ‘mclust::logsumexp’ when loading ‘genefu’
See ‘/Users/biocbuild/bbs-3.23-bioc/meat/genefu.Rcheck/00install.out’ for details.
* checking installed package size ... INFO
  installed size is  5.2Mb
  sub-directories of 1Mb or more:
    data   4.0Mb
* checking package directory ... OK
* checking ‘build’ directory ... OK
* checking DESCRIPTION meta-information ... OK
* checking top-level files ... OK
* checking for left-over files ... OK
* checking index information ... OK
* checking package subdirectories ... OK
* checking code files for non-ASCII characters ... OK
* checking R files for syntax errors ... OK
* checking whether the package can be loaded ... OK
* checking whether the package can be loaded with stated dependencies ... OK
* checking whether the package can be unloaded cleanly ... OK
* checking whether the namespace can be loaded with stated dependencies ... OK
* checking whether the namespace can be unloaded cleanly ... OK
* checking dependencies in R code ... NOTE
Packages in Depends field not imported from:
  ‘AIMS’ ‘biomaRt’ ‘iC10’
  These packages need to be imported from (in the NAMESPACE file)
  for when this namespace is loaded but not attached.
Unexported objects imported by ':::' calls:
  ‘mclust:::grid1’ ‘mclust:::grid2’
  See the note in ?`:::` about the use of this operator.
* checking S3 generic/method consistency ... OK
* checking replacement functions ... OK
* checking foreign function calls ... OK
* checking R code for possible problems ... OK
* checking Rd files ... NOTE
checkRd: (-1) fuzzy.ttest.Rd:41: Lost braces; missing escapes or markup?
    41 | in w1 and w2 should lay in [0,1] and \verb{0 <= (w1[i] + w2[i]) <= 1} for i in {0,1,...,n} where
       |                                                                                ^
* checking Rd metadata ... OK
* checking Rd cross-references ... OK
* checking for missing documentation entries ... OK
* checking for code/documentation mismatches ... OK
* checking Rd \usage sections ... OK
* checking Rd contents ... OK
* checking for unstated dependencies in examples ... OK
* checking contents of ‘data’ directory ... OK
* checking data for non-ASCII characters ... OK
* checking data for ASCII and uncompressed saves ... OK
* checking files in ‘vignettes’ ... OK
* checking examples ... OK
* checking for unstated dependencies in vignettes ... OK
* checking package vignettes ... OK
* checking running R code from vignettes ... SKIPPED
* checking re-building of vignette outputs ... SKIPPED
* checking PDF version of manual ... OK
* DONE

Status: 1 WARNING, 2 NOTEs
See
  ‘/Users/biocbuild/bbs-3.23-bioc/meat/genefu.Rcheck/00check.log’
for details.


Installation output

genefu.Rcheck/00install.out

##############################################################################
##############################################################################
###
### Running command:
###
###   /Library/Frameworks/R.framework/Resources/bin/R CMD INSTALL genefu
###
##############################################################################
##############################################################################


* installing to library ‘/Library/Frameworks/R.framework/Versions/4.6-arm64/Resources/library’
* installing *source* package ‘genefu’ ...
** this is package ‘genefu’ version ‘2.43.0’
** using staged installation
** R
** data
** inst
** byte-compile and prepare package for lazy loading
Warning: replacing previous import ‘limma::logsumexp’ by ‘mclust::logsumexp’ when loading ‘genefu’
** help
*** installing help indices
** building package indices
** installing vignettes
** testing if installed package can be loaded from temporary location
Warning: replacing previous import ‘limma::logsumexp’ by ‘mclust::logsumexp’ when loading ‘genefu’
** testing if installed package can be loaded from final location
Warning: replacing previous import ‘limma::logsumexp’ by ‘mclust::logsumexp’ when loading ‘genefu’
** testing if installed package keeps a record of temporary installation path
* DONE (genefu)

Tests output


Example timings

genefu.Rcheck/genefu-Ex.timings

nameusersystemelapsed
bimod0.0900.0050.096
boxplotplus20.0020.0000.003
claudinLow0.4100.0050.421
compareProtoCor0.5640.0060.584
compute.pairw.cor.meta0.6540.0100.705
compute.proto.cor.meta0.5420.0060.581
cordiff.dep0.0540.0020.056
endoPredict0.0530.0020.056
fuzzy.ttest0.0500.0060.057
gene700.1180.0040.122
gene760.0540.0040.057
geneid.map0.0550.0030.062
genius0.0910.0080.101
ggi0.0500.0030.052
ihc40.0500.0020.057
intrinsic.cluster0.1630.0050.166
intrinsic.cluster.predict0.0770.0030.080
map.datasets0.5530.0090.578
molecular.subtyping0.7960.0460.856
npi0.0520.0020.058
oncotypedx0.0570.0030.062
ovcAngiogenic0.0650.0040.070
ovcCrijns0.0540.0030.056
ovcTCGA0.0800.0030.084
ovcYoshihara0.0580.0030.061
pik3cags0.0540.0040.057
power.cor0.0000.0000.001
ps.cluster0.1430.0060.149
read.m.file0.0080.0010.010
rename.duplicate0.0010.0000.001
rescale0.1140.0040.121
rorS0.0680.0030.072
setcolclass.df0.0010.0000.001
sig.score0.0580.0050.062
spearmanCI0.0010.0000.000
st.gallen0.0520.0030.056
stab.fs0.0820.0050.089
stab.fs.ranking0.4600.0220.511
strescR000
subtype.cluster0.3100.0180.340
subtype.cluster.predict0.1220.0060.128
tamr130.0700.0050.075
tbrm000
weighted.meanvar0.0010.0000.000
write.m.file0.0010.0020.003