Back to Build/check report for BioC 3.23:   simplified   long
ABCDE[F]GHIJKLMNOPQRSTUVWXYZ

This page was generated on 2025-11-01 11:32 -0400 (Sat, 01 Nov 2025).

HostnameOSArch (*)R versionInstalled pkgs
nebbiolo1Linux (Ubuntu 24.04.3 LTS)x86_64R Under development (unstable) (2025-10-20 r88955) -- "Unsuffered Consequences" 4774
Click on any hostname to see more info about the system (e.g. compilers)      (*) as reported by 'uname -p', except on Windows and Mac OS X

Package 721/2321HostnameOS / ArchINSTALLBUILDCHECKBUILD BIN
ffpe 1.55.0  (landing page)
Levi Waldron
Snapshot Date: 2025-10-31 13:40 -0400 (Fri, 31 Oct 2025)
git_url: https://git.bioconductor.org/packages/ffpe
git_branch: devel
git_last_commit: a3c8d6b
git_last_commit_date: 2025-10-29 10:10:29 -0400 (Wed, 29 Oct 2025)
nebbiolo1Linux (Ubuntu 24.04.3 LTS) / x86_64  OK    ERROR  skipped


BUILD results for ffpe on nebbiolo1

To the developers/maintainers of the ffpe package:
- Allow up to 24 hours (and sometimes 48 hours) for your latest push to git@git.bioconductor.org:packages/ffpe.git to reflect on this report. See Troubleshooting Build Report for more information.
- Use the following Renviron settings to reproduce errors and warnings.
- If 'R CMD check' started to fail recently on the Linux builder(s) over a missing dependency, add the missing dependency to 'Suggests:' in your DESCRIPTION file. See Renviron.bioc for more information.

raw results


Summary

Package: ffpe
Version: 1.55.0
Command: /home/biocbuild/bbs-3.23-bioc/R/bin/R CMD build --keep-empty-dirs --no-resave-data ffpe
StartedAt: 2025-10-31 17:47:39 -0400 (Fri, 31 Oct 2025)
EndedAt: 2025-10-31 17:48:38 -0400 (Fri, 31 Oct 2025)
EllapsedTime: 59.0 seconds
RetCode: 1
Status:   ERROR  
PackageFile: None
PackageFileSize: NA

Command output

##############################################################################
##############################################################################
###
### Running command:
###
###   /home/biocbuild/bbs-3.23-bioc/R/bin/R CMD build --keep-empty-dirs --no-resave-data ffpe
###
##############################################################################
##############################################################################


* checking for file ‘ffpe/DESCRIPTION’ ... OK
* preparing ‘ffpe’:
* checking DESCRIPTION meta-information ... OK
* installing the package (it is needed to build vignettes)
* creating vignettes ... ERROR
--- re-building ‘ffpe.Rnw’ using Sweave
Loading required package: TTR
Setting options('download.file.method.GEOquery'='auto')
Setting options('GEOquery.inmemory.gpl'=FALSE)
No methods found in package ‘RSQLite’ for request: ‘dbListFields’ when loading ‘lumi’

Error: processing vignette 'ffpe.Rnw' failed with diagnostics:
 chunk 3 (label = sortediqrplot) 
Error in library(ffpeExampleData) : 
  there is no package called ‘ffpeExampleData’

--- failed re-building ‘ffpe.Rnw’

SUMMARY: processing the following file failed:
  ‘ffpe.Rnw’

Error: Vignette re-building failed.
Execution halted