Back to Build/check report for BioC 3.23:   simplified   long
ABCD[E]FGHIJKLMNOPQRSTUVWXYZ

This page was generated on 2025-10-31 08:34 -0400 (Fri, 31 Oct 2025).

HostnameOSArch (*)R versionInstalled pkgs
nebbiolo1Linux (Ubuntu 24.04.3 LTS)x86_64R Under development (unstable) (2025-10-20 r88955) -- "Unsuffered Consequences" 4428
Click on any hostname to see more info about the system (e.g. compilers)      (*) as reported by 'uname -p', except on Windows and Mac OS X

Package 669/2321HostnameOS / ArchINSTALLBUILDCHECKBUILD BIN
epigraHMM 1.19.0  (landing page)
Pedro Baldoni
Snapshot Date: 2025-10-30 13:40 -0400 (Thu, 30 Oct 2025)
git_url: https://git.bioconductor.org/packages/epigraHMM
git_branch: devel
git_last_commit: af5be02
git_last_commit_date: 2025-10-29 11:09:46 -0400 (Wed, 29 Oct 2025)
nebbiolo1Linux (Ubuntu 24.04.3 LTS) / x86_64  OK    ERROR  skipped


BUILD results for epigraHMM on nebbiolo1

To the developers/maintainers of the epigraHMM package:
- Allow up to 24 hours (and sometimes 48 hours) for your latest push to git@git.bioconductor.org:packages/epigraHMM.git to reflect on this report. See Troubleshooting Build Report for more information.
- Use the following Renviron settings to reproduce errors and warnings.
- If 'R CMD check' started to fail recently on the Linux builder(s) over a missing dependency, add the missing dependency to 'Suggests:' in your DESCRIPTION file. See Renviron.bioc for more information.

raw results


Summary

Package: epigraHMM
Version: 1.19.0
Command: /home/biocbuild/bbs-3.23-bioc/R/bin/R CMD build --keep-empty-dirs --no-resave-data epigraHMM
StartedAt: 2025-10-30 17:04:27 -0400 (Thu, 30 Oct 2025)
EndedAt: 2025-10-30 17:07:56 -0400 (Thu, 30 Oct 2025)
EllapsedTime: 208.3 seconds
RetCode: 1
Status:   ERROR  
PackageFile: None
PackageFileSize: NA

Command output

##############################################################################
##############################################################################
###
### Running command:
###
###   /home/biocbuild/bbs-3.23-bioc/R/bin/R CMD build --keep-empty-dirs --no-resave-data epigraHMM
###
##############################################################################
##############################################################################


* checking for file ‘epigraHMM/DESCRIPTION’ ... OK
* preparing ‘epigraHMM’:
* checking DESCRIPTION meta-information ... OK
* cleaning src
* installing the package (it is needed to build vignettes)
* creating vignettes ... ERROR
--- re-building ‘epigraHMM.Rmd’ using rmarkdown

Quitting from epigraHMM.Rmd:190-212 [gcnorm]
~~~~~~~~~~~~~~~~~~~~~~~~~~~~~~~~~~~~~~~~~~~~~~~~~~~~~~~~~~~~~~~~~~~~~~~~~~~~~~~~
<error/rlang_error>
Error in `library()`:
! there is no package called 'BSgenome.Rnorvegicus.UCSC.rn4'
---
Backtrace:
    ▆
 1. └─base::library(BSgenome.Rnorvegicus.UCSC.rn4)
~~~~~~~~~~~~~~~~~~~~~~~~~~~~~~~~~~~~~~~~~~~~~~~~~~~~~~~~~~~~~~~~~~~~~~~~~~~~~~~~

Error: processing vignette 'epigraHMM.Rmd' failed with diagnostics:
there is no package called 'BSgenome.Rnorvegicus.UCSC.rn4'
--- failed re-building ‘epigraHMM.Rmd’

SUMMARY: processing the following file failed:
  ‘epigraHMM.Rmd’

Error: Vignette re-building failed.
Execution halted