Back to Multiple platform build/check report for BioC 3.22:   simplified   long
AB[C]DEFGHIJKLMNOPQRSTUVWXYZ

This page was generated on 2025-10-11 12:05 -0400 (Sat, 11 Oct 2025).

HostnameOSArch (*)R versionInstalled pkgs
nebbiolo2Linux (Ubuntu 24.04.3 LTS)x86_644.5.1 Patched (2025-08-23 r88802) -- "Great Square Root" 4864
lconwaymacOS 12.7.1 Montereyx86_644.5.1 Patched (2025-09-10 r88807) -- "Great Square Root" 4652
kjohnson3macOS 13.7.7 Venturaarm644.5.1 Patched (2025-09-10 r88807) -- "Great Square Root" 4597
taishanLinux (openEuler 24.03 LTS)aarch644.5.0 (2025-04-11) -- "How About a Twenty-Six" 4586
Click on any hostname to see more info about the system (e.g. compilers)      (*) as reported by 'uname -p', except on Windows and Mac OS X

Package 439/2346HostnameOS / ArchINSTALLBUILDCHECKBUILD BIN
consICA 2.7.2  (landing page)
Petr V. Nazarov
Snapshot Date: 2025-10-10 13:45 -0400 (Fri, 10 Oct 2025)
git_url: https://git.bioconductor.org/packages/consICA
git_branch: devel
git_last_commit: 8e4d708
git_last_commit_date: 2025-10-05 13:57:27 -0400 (Sun, 05 Oct 2025)
nebbiolo2Linux (Ubuntu 24.04.3 LTS) / x86_64  OK    OK    TIMEOUT  
lconwaymacOS 12.7.1 Monterey / x86_64  OK    ERROR  skippedskipped
kjohnson3macOS 13.7.7 Ventura / arm64  OK    ERROR  skippedskipped
taishanLinux (openEuler 24.03 LTS) / aarch64  OK    OK    TIMEOUT  


BUILD results for consICA on kjohnson3

To the developers/maintainers of the consICA package:
- Allow up to 24 hours (and sometimes 48 hours) for your latest push to git@git.bioconductor.org:packages/consICA.git to reflect on this report. See Troubleshooting Build Report for more information.
- Use the following Renviron settings to reproduce errors and warnings.
- If 'R CMD check' started to fail recently on the Linux builder(s) over a missing dependency, add the missing dependency to 'Suggests:' in your DESCRIPTION file. See Renviron.bioc for more information.

raw results


Summary

Package: consICA
Version: 2.7.2
Command: /Library/Frameworks/R.framework/Resources/bin/R CMD build --keep-empty-dirs --no-resave-data consICA
StartedAt: 2025-10-10 16:02:50 -0400 (Fri, 10 Oct 2025)
EndedAt: 2025-10-10 16:03:48 -0400 (Fri, 10 Oct 2025)
EllapsedTime: 57.7 seconds
RetCode: 1
Status:   ERROR  
PackageFile: None
PackageFileSize: NA

Command output

##############################################################################
##############################################################################
###
### Running command:
###
###   /Library/Frameworks/R.framework/Resources/bin/R CMD build --keep-empty-dirs --no-resave-data consICA
###
##############################################################################
##############################################################################


* checking for file ‘consICA/DESCRIPTION’ ... OK
* preparing ‘consICA’:
* checking DESCRIPTION meta-information ... OK
* installing the package to build vignettes
* creating vignettes ... ERROR
--- re-building ‘ConsICA.Rmd’ using rmarkdown
2025-10-10 16:03:15.566 R[619:432172531] XType: Using static font registry.

Quitting from ConsICA.Rmd:111-131 [unnamed-chunk-11]
~~~~~~~~~~~~~~~~~~~~~~~~~~~~~~~~~~~~~~~~~~~~~~~~~~~~~~~~~~~~~~~~~~~~~~~~~~~~~~~~
<error/rlang_error>
Error in `url()`:
! cannot open the connection to 'http://edu.modas.lu/data/consICA/cica_GOs_20_s2022.rds'
---
Backtrace:
    ▆
 1. ├─base::readRDS(...)
 2. └─base::url(...)
~~~~~~~~~~~~~~~~~~~~~~~~~~~~~~~~~~~~~~~~~~~~~~~~~~~~~~~~~~~~~~~~~~~~~~~~~~~~~~~~

Error: processing vignette 'ConsICA.Rmd' failed with diagnostics:
cannot open the connection to 'http://edu.modas.lu/data/consICA/cica_GOs_20_s2022.rds'
--- failed re-building ‘ConsICA.Rmd’

SUMMARY: processing the following file failed:
  ‘ConsICA.Rmd’

Error: Vignette re-building failed.
Execution halted