| Back to Build/check report for BioC 3.23: simplified long |
|
This page was generated on 2025-11-01 11:32 -0400 (Sat, 01 Nov 2025).
| Hostname | OS | Arch (*) | R version | Installed pkgs |
|---|---|---|---|---|
| nebbiolo1 | Linux (Ubuntu 24.04.3 LTS) | x86_64 | R Under development (unstable) (2025-10-20 r88955) -- "Unsuffered Consequences" | 4774 |
| Click on any hostname to see more info about the system (e.g. compilers) (*) as reported by 'uname -p', except on Windows and Mac OS X | ||||
| Package 249/2321 | Hostname | OS / Arch | INSTALL | BUILD | CHECK | BUILD BIN | ||||||||
| bsseq 1.47.1 (landing page) Kasper Daniel Hansen
| nebbiolo1 | Linux (Ubuntu 24.04.3 LTS) / x86_64 | OK | OK | WARNINGS | |||||||||
|
To the developers/maintainers of the bsseq package: - Allow up to 24 hours (and sometimes 48 hours) for your latest push to git@git.bioconductor.org:packages/bsseq.git to reflect on this report. See Troubleshooting Build Report for more information. - Use the following Renviron settings to reproduce errors and warnings. - If 'R CMD check' started to fail recently on the Linux builder(s) over a missing dependency, add the missing dependency to 'Suggests:' in your DESCRIPTION file. See Renviron.bioc for more information. |
| Package: bsseq |
| Version: 1.47.1 |
| Command: /home/biocbuild/bbs-3.23-bioc/R/bin/R CMD check --install=check:bsseq.install-out.txt --library=/home/biocbuild/bbs-3.23-bioc/R/site-library --timings bsseq_1.47.1.tar.gz |
| StartedAt: 2025-10-31 21:39:41 -0400 (Fri, 31 Oct 2025) |
| EndedAt: 2025-10-31 21:49:02 -0400 (Fri, 31 Oct 2025) |
| EllapsedTime: 560.8 seconds |
| RetCode: 0 |
| Status: WARNINGS |
| CheckDir: bsseq.Rcheck |
| Warnings: 1 |
##############################################################################
##############################################################################
###
### Running command:
###
### /home/biocbuild/bbs-3.23-bioc/R/bin/R CMD check --install=check:bsseq.install-out.txt --library=/home/biocbuild/bbs-3.23-bioc/R/site-library --timings bsseq_1.47.1.tar.gz
###
##############################################################################
##############################################################################
* using log directory ‘/home/biocbuild/bbs-3.23-bioc/meat/bsseq.Rcheck’
* using R Under development (unstable) (2025-10-20 r88955)
* using platform: x86_64-pc-linux-gnu
* R was compiled by
gcc (Ubuntu 13.3.0-6ubuntu2~24.04) 13.3.0
GNU Fortran (Ubuntu 13.3.0-6ubuntu2~24.04) 13.3.0
* running under: Ubuntu 24.04.3 LTS
* using session charset: UTF-8
* checking for file ‘bsseq/DESCRIPTION’ ... OK
* this is package ‘bsseq’ version ‘1.47.1’
* package encoding: UTF-8
* checking package namespace information ... OK
* checking package dependencies ... OK
* checking if this is a source package ... OK
* checking if there is a namespace ... OK
* checking for hidden files and directories ... OK
* checking for portable file names ... OK
* checking for sufficient/correct file permissions ... OK
* checking whether package ‘bsseq’ can be installed ... OK
* used C++ compiler: ‘g++ (Ubuntu 13.3.0-6ubuntu2~24.04) 13.3.0’
* checking C++ specification ... OK
* checking installed package size ... OK
* checking package directory ... OK
* checking ‘build’ directory ... OK
* checking DESCRIPTION meta-information ... OK
* checking top-level files ... OK
* checking for left-over files ... OK
* checking index information ... OK
* checking package subdirectories ... OK
* checking code files for non-ASCII characters ... OK
* checking R files for syntax errors ... OK
* checking whether the package can be loaded ... OK
* checking whether the package can be loaded with stated dependencies ... OK
* checking whether the package can be unloaded cleanly ... OK
* checking whether the namespace can be loaded with stated dependencies ... OK
* checking whether the namespace can be unloaded cleanly ... OK
* checking loading without being on the library search path ... OK
* checking dependencies in R code ... NOTE
Unexported objects imported by ':::' calls:
‘BiocGenerics:::replaceSlots’
‘DelayedArray:::get_verbose_block_processing’
‘DelayedArray:::normarg_grid’
‘GenomicRanges:::.extract_groups_from_GenomicRanges’
‘GenomicRanges:::.get_circle_length’
‘GenomicRanges:::extraColumnSlotNames’
‘IRanges:::.shift_ranges_in_groups_to_first_circle’
‘S4Vectors:::normarg_names’ ‘S4Vectors:::numeric2integer’
‘S4Vectors:::sapply_isNULL’ ‘data.table:::funique’
See the note in ?`:::` about the use of this operator.
* checking S3 generic/method consistency ... OK
* checking replacement functions ... OK
* checking foreign function calls ... OK
* checking R code for possible problems ... OK
* checking Rd files ... OK
* checking Rd metadata ... OK
* checking Rd cross-references ... OK
* checking for missing documentation entries ... WARNING
Undocumented code objects:
‘read.modbam2bed’ ‘read.modkit’
All user-level objects in a package should have documentation entries.
See chapter ‘Writing R documentation files’ in the ‘Writing R
Extensions’ manual.
* checking for code/documentation mismatches ... OK
* checking Rd \usage sections ... OK
* checking Rd contents ... OK
* checking for unstated dependencies in examples ... OK
* checking contents of ‘data’ directory ... OK
* checking data for non-ASCII characters ... OK
* checking data for ASCII and uncompressed saves ... OK
* checking line endings in C/C++/Fortran sources/headers ... OK
* checking compiled code ... INFO
Note: information on .o files is not available
* checking files in ‘vignettes’ ... OK
* checking examples ... OK
Examples with CPU (user + system) or elapsed time > 5s
user system elapsed
getMeth 7.865 4.108 11.974
getCoverage 7.377 0.536 7.914
BSmooth.tstat 7.338 0.514 7.856
BSseq-class 4.455 0.546 4.631
* checking for unstated dependencies in ‘tests’ ... OK
* checking tests ...
Running ‘testthat.R’
OK
* checking for unstated dependencies in vignettes ... OK
* checking package vignettes ... OK
* checking re-building of vignette outputs ... OK
* checking PDF version of manual ... OK
* DONE
Status: 1 WARNING, 1 NOTE
See
‘/home/biocbuild/bbs-3.23-bioc/meat/bsseq.Rcheck/00check.log’
for details.
bsseq.Rcheck/00install.out
############################################################################## ############################################################################## ### ### Running command: ### ### /home/biocbuild/bbs-3.23-bioc/R/bin/R CMD INSTALL bsseq ### ############################################################################## ############################################################################## * installing to library ‘/home/biocbuild/bbs-3.23-bioc/R/site-library’ * installing *source* package ‘bsseq’ ... ** this is package ‘bsseq’ version ‘1.47.1’ ** using staged installation ** libs using C++ compiler: ‘g++ (Ubuntu 13.3.0-6ubuntu2~24.04) 13.3.0’ using C++17 g++ -std=gnu++17 -I"/home/biocbuild/bbs-3.23-bioc/R/include" -DNDEBUG -I'/home/biocbuild/bbs-3.23-bioc/R/site-library/Rcpp/include' -I'/home/biocbuild/bbs-3.23-bioc/R/site-library/beachmat/include' -I'/home/biocbuild/bbs-3.23-bioc/R/site-library/assorthead/include' -I/usr/local/include -fpic -g -O2 -Wall -Werror=format-security -c check_M_and_Cov.cpp -o check_M_and_Cov.o g++ -std=gnu++17 -I"/home/biocbuild/bbs-3.23-bioc/R/include" -DNDEBUG -I'/home/biocbuild/bbs-3.23-bioc/R/site-library/Rcpp/include' -I'/home/biocbuild/bbs-3.23-bioc/R/site-library/beachmat/include' -I'/home/biocbuild/bbs-3.23-bioc/R/site-library/assorthead/include' -I/usr/local/include -fpic -g -O2 -Wall -Werror=format-security -c init.cpp -o init.o g++ -std=gnu++17 -I"/home/biocbuild/bbs-3.23-bioc/R/include" -DNDEBUG -I'/home/biocbuild/bbs-3.23-bioc/R/site-library/Rcpp/include' -I'/home/biocbuild/bbs-3.23-bioc/R/site-library/beachmat/include' -I'/home/biocbuild/bbs-3.23-bioc/R/site-library/assorthead/include' -I/usr/local/include -fpic -g -O2 -Wall -Werror=format-security -c utils.cpp -o utils.o g++ -std=gnu++17 -shared -L/home/biocbuild/bbs-3.23-bioc/R/lib -L/usr/local/lib -o bsseq.so check_M_and_Cov.o init.o utils.o -L/home/biocbuild/bbs-3.23-bioc/R/lib -lR installing to /home/biocbuild/bbs-3.23-bioc/R/site-library/00LOCK-bsseq/00new/bsseq/libs ** R ** data ** inst ** byte-compile and prepare package for lazy loading ** help *** installing help indices ** building package indices ** installing vignettes ** testing if installed package can be loaded from temporary location ** checking absolute paths in shared objects and dynamic libraries ** testing if installed package can be loaded from final location ** testing if installed package keeps a record of temporary installation path * DONE (bsseq)
bsseq.Rcheck/tests/testthat.Rout
R Under development (unstable) (2025-10-20 r88955) -- "Unsuffered Consequences"
Copyright (C) 2025 The R Foundation for Statistical Computing
Platform: x86_64-pc-linux-gnu
R is free software and comes with ABSOLUTELY NO WARRANTY.
You are welcome to redistribute it under certain conditions.
Type 'license()' or 'licence()' for distribution details.
R is a collaborative project with many contributors.
Type 'contributors()' for more information and
'citation()' on how to cite R or R packages in publications.
Type 'demo()' for some demos, 'help()' for on-line help, or
'help.start()' for an HTML browser interface to help.
Type 'q()' to quit R.
> library(testthat)
> library(bsseq)
Loading required package: BiocGenerics
Loading required package: generics
Attaching package: 'generics'
The following objects are masked from 'package:base':
as.difftime, as.factor, as.ordered, intersect, is.element, setdiff,
setequal, union
Attaching package: 'BiocGenerics'
The following objects are masked from 'package:stats':
IQR, mad, sd, var, xtabs
The following objects are masked from 'package:base':
Filter, Find, Map, Position, Reduce, anyDuplicated, aperm, append,
as.data.frame, basename, cbind, colnames, dirname, do.call,
duplicated, eval, evalq, get, grep, grepl, is.unsorted, lapply,
mapply, match, mget, order, paste, pmax, pmax.int, pmin, pmin.int,
rank, rbind, rownames, sapply, saveRDS, table, tapply, unique,
unsplit, which.max, which.min
Loading required package: GenomicRanges
Loading required package: stats4
Loading required package: S4Vectors
Attaching package: 'S4Vectors'
The following object is masked from 'package:utils':
findMatches
The following objects are masked from 'package:base':
I, expand.grid, unname
Loading required package: IRanges
Loading required package: Seqinfo
Loading required package: SummarizedExperiment
Loading required package: MatrixGenerics
Loading required package: matrixStats
Attaching package: 'MatrixGenerics'
The following objects are masked from 'package:matrixStats':
colAlls, colAnyNAs, colAnys, colAvgsPerRowSet, colCollapse,
colCounts, colCummaxs, colCummins, colCumprods, colCumsums,
colDiffs, colIQRDiffs, colIQRs, colLogSumExps, colMadDiffs,
colMads, colMaxs, colMeans2, colMedians, colMins, colOrderStats,
colProds, colQuantiles, colRanges, colRanks, colSdDiffs, colSds,
colSums2, colTabulates, colVarDiffs, colVars, colWeightedMads,
colWeightedMeans, colWeightedMedians, colWeightedSds,
colWeightedVars, rowAlls, rowAnyNAs, rowAnys, rowAvgsPerColSet,
rowCollapse, rowCounts, rowCummaxs, rowCummins, rowCumprods,
rowCumsums, rowDiffs, rowIQRDiffs, rowIQRs, rowLogSumExps,
rowMadDiffs, rowMads, rowMaxs, rowMeans2, rowMedians, rowMins,
rowOrderStats, rowProds, rowQuantiles, rowRanges, rowRanks,
rowSdDiffs, rowSds, rowSums2, rowTabulates, rowVarDiffs, rowVars,
rowWeightedMads, rowWeightedMeans, rowWeightedMedians,
rowWeightedSds, rowWeightedVars
Loading required package: Biobase
Welcome to Bioconductor
Vignettes contain introductory material; view with
'browseVignettes()'. To cite Bioconductor, see
'citation("Biobase")', and for packages 'citation("pkgname")'.
Attaching package: 'Biobase'
The following object is masked from 'package:MatrixGenerics':
rowMedians
The following objects are masked from 'package:matrixStats':
anyMissing, rowMedians
> test_check("bsseq")
Loading required namespace: GenomeInfoDb
[ FAIL 0 | WARN 4 | SKIP 7 | PASS 136 ]
══ Skipped tests (7) ═══════════════════════════════════════════════════════════
• Skipping tests that require SnowParam with multiple machines (2):
'test_BSmooth.R:75:9', 'test_BSmooth.R:126:9'
• TODO: Remove these tests if no longer required (1): 'test_HDF5_utils.R:21:5'
• empty test (4): 'test_BSmooth.R:42:1', 'test_GitHub_issues.R:3:1',
'test_combine.R:3:1', 'test_combine.R:28:1'
[ FAIL 0 | WARN 4 | SKIP 7 | PASS 136 ]
>
> proc.time()
user system elapsed
57.118 13.519 112.504
bsseq.Rcheck/bsseq-Ex.timings
| name | user | system | elapsed | |
| BS.chr22 | 1.287 | 0.089 | 1.377 | |
| BSmooth | 0.000 | 0.001 | 0.001 | |
| BSmooth.fstat | 0 | 0 | 0 | |
| BSmooth.tstat | 7.338 | 0.514 | 7.856 | |
| BSseq-class | 4.455 | 0.546 | 4.631 | |
| BSseq | 0.51 | 0.04 | 0.55 | |
| BSseqTstat-class | 1.319 | 0.404 | 1.724 | |
| FWGRanges-class | 0.002 | 0.000 | 0.002 | |
| computeStat | 0.000 | 0.000 | 0.001 | |
| data.frame2GRanges | 0.022 | 0.001 | 0.023 | |
| dmrFinder | 1.118 | 0.074 | 1.193 | |
| estimateErrorRate | 0.784 | 0.547 | 0.900 | |
| findLoci | 3.036 | 0.481 | 3.539 | |
| fisherTests | 0.454 | 0.066 | 0.520 | |
| getCoverage | 7.377 | 0.536 | 7.914 | |
| getCpGMatrix | 0.873 | 0.512 | 1.020 | |
| getCpGs | 0.745 | 0.461 | 0.838 | |
| getMaxLikelihoodMatrix | 0.959 | 0.540 | 1.113 | |
| getMeth | 7.865 | 4.108 | 11.974 | |
| getStats | 0.292 | 0.094 | 0.386 | |
| goodnessOfFit | 3.209 | 0.289 | 3.507 | |
| hasGRanges-class | 0.001 | 0.000 | 0.001 | |
| read.bedMethyl | 0.431 | 0.341 | 0.676 | |
| read.bismark | 0.326 | 0.177 | 0.386 | |
| smoothSds | 0 | 0 | 0 | |