| Back to Build/check report for BioC 3.23: simplified long |
|
This page was generated on 2025-10-23 11:30 -0400 (Thu, 23 Oct 2025).
| Hostname | OS | Arch (*) | R version | Installed pkgs |
|---|---|---|---|---|
| nebbiolo1 | Linux (Ubuntu 24.04.3 LTS) | x86_64 | R Under development (unstable) (2025-10-20 r88955) -- "Unsuffered Consequences" | 3809 |
| Click on any hostname to see more info about the system (e.g. compilers) (*) as reported by 'uname -p', except on Windows and Mac OS X | ||||
| Package 212/2355 | Hostname | OS / Arch | INSTALL | BUILD | CHECK | BUILD BIN | ||||||||
Pierrick Roger
| nebbiolo1 | Linux (Ubuntu 24.04.3 LTS) / x86_64 | OK | ERROR | skipped | |||||||||
|
To the developers/maintainers of the biodbNci package: - Allow up to 24 hours (and sometimes 48 hours) for your latest push to git@git.bioconductor.org:packages/biodbNci.git to reflect on this report. See Troubleshooting Build Report for more information. - Use the following Renviron settings to reproduce errors and warnings. - If 'R CMD check' started to fail recently on the Linux builder(s) over a missing dependency, add the missing dependency to 'Suggests:' in your DESCRIPTION file. See Renviron.bioc for more information. |
| Package: biodbNci |
| Version: 1.13.1 |
| Command: /home/biocbuild/bbs-3.23-bioc/R/bin/R CMD build --keep-empty-dirs --no-resave-data biodbNci |
| StartedAt: 2025-10-22 22:11:14 -0000 (Wed, 22 Oct 2025) |
| EndedAt: 2025-10-22 22:11:50 -0000 (Wed, 22 Oct 2025) |
| EllapsedTime: 36.0 seconds |
| RetCode: 1 |
| Status: ERROR |
| PackageFile: None |
| PackageFileSize: NA |
##############################################################################
##############################################################################
###
### Running command:
###
### /home/biocbuild/bbs-3.23-bioc/R/bin/R CMD build --keep-empty-dirs --no-resave-data biodbNci
###
##############################################################################
##############################################################################
* checking for file ‘biodbNci/DESCRIPTION’ ... OK
* preparing ‘biodbNci’:
* checking DESCRIPTION meta-information ... OK
* cleaning src
* installing the package (it is needed to build vignettes)
* creating vignettes ... ERROR
--- re-building ‘biodbNci.Rmd’ using rmarkdown
INFO [22:11:46.048] Loading definitions from package biodb version 1.17.2.
INFO [22:11:48.517] Loading definitions from package biodbChebi version 1.15.1.
INFO [22:11:48.575] Loading definitions from package biodbHmdb version 1.15.1.
INFO [22:11:48.637] Loading definitions from package biodbNcbi version 1.13.1.
INFO [22:11:48.682] Loading definitions from package biodbNci version 1.13.1.
INFO [22:11:48.697] Loading definitions from package biodbUniprot version 1.15.1.
INFO [22:11:49.229] Extract whole database of nci.cactus.
INFO [22:11:49.232] Extracting content of downloaded biodbNci, a library for connecting to the National Cancer Institute (USA) CACTUS Database....
Quitting from biodbNci.Rmd:72-75 [unnamed-chunk-5]
~~~~~~~~~~~~~~~~~~~~~~~~~~~~~~~~~~~~~~~~~~~~~~~~~~~~~~~~~~~~~~~~~~~~~~~~~~~~~~~~
<error/rlang_error>
Error in `private$doExtractDownload()`:
! attempt to apply non-function
---
Backtrace:
▆
1. └─conn$getEntryIds(2)
2. └─private$doGetEntryIds(max.results = max.results, ...)
3. └─self$download()
4. └─private$doExtractDownload()
~~~~~~~~~~~~~~~~~~~~~~~~~~~~~~~~~~~~~~~~~~~~~~~~~~~~~~~~~~~~~~~~~~~~~~~~~~~~~~~~
Error: processing vignette 'biodbNci.Rmd' failed with diagnostics:
attempt to apply non-function
--- failed re-building ‘biodbNci.Rmd’
SUMMARY: processing the following file failed:
‘biodbNci.Rmd’
Error: Vignette re-building failed.
Execution halted