| Back to Build/check report for BioC 3.23: simplified long |
|
This page was generated on 2025-10-23 11:30 -0400 (Thu, 23 Oct 2025).
| Hostname | OS | Arch (*) | R version | Installed pkgs |
|---|---|---|---|---|
| nebbiolo1 | Linux (Ubuntu 24.04.3 LTS) | x86_64 | R Under development (unstable) (2025-10-20 r88955) -- "Unsuffered Consequences" | 3809 |
| Click on any hostname to see more info about the system (e.g. compilers) (*) as reported by 'uname -p', except on Windows and Mac OS X | ||||
| Package 211/2355 | Hostname | OS / Arch | INSTALL | BUILD | CHECK | BUILD BIN | ||||||||
Pierrick Roger
| nebbiolo1 | Linux (Ubuntu 24.04.3 LTS) / x86_64 | OK | ERROR | skipped | |||||||||
|
To the developers/maintainers of the biodbNcbi package: - Allow up to 24 hours (and sometimes 48 hours) for your latest push to git@git.bioconductor.org:packages/biodbNcbi.git to reflect on this report. See Troubleshooting Build Report for more information. - Use the following Renviron settings to reproduce errors and warnings. - If 'R CMD check' started to fail recently on the Linux builder(s) over a missing dependency, add the missing dependency to 'Suggests:' in your DESCRIPTION file. See Renviron.bioc for more information. |
| Package: biodbNcbi |
| Version: 1.13.1 |
| Command: /home/biocbuild/bbs-3.23-bioc/R/bin/R CMD build --keep-empty-dirs --no-resave-data biodbNcbi |
| StartedAt: 2025-10-22 22:11:10 -0000 (Wed, 22 Oct 2025) |
| EndedAt: 2025-10-22 22:11:25 -0000 (Wed, 22 Oct 2025) |
| EllapsedTime: 15.0 seconds |
| RetCode: 1 |
| Status: ERROR |
| PackageFile: None |
| PackageFileSize: NA |
##############################################################################
##############################################################################
###
### Running command:
###
### /home/biocbuild/bbs-3.23-bioc/R/bin/R CMD build --keep-empty-dirs --no-resave-data biodbNcbi
###
##############################################################################
##############################################################################
* checking for file ‘biodbNcbi/DESCRIPTION’ ... OK
* preparing ‘biodbNcbi’:
* checking DESCRIPTION meta-information ... OK
* installing the package (it is needed to build vignettes)
* creating vignettes ... ERROR
--- re-building ‘biodbNcbi.Rmd’ using rmarkdown
INFO [22:11:23.362] Loading definitions from package biodb version 1.17.2.
INFO [22:11:24.679] Loading definitions from package biodbChebi version 1.15.1.
INFO [22:11:24.709] Loading definitions from package biodbHmdb version 1.15.1.
INFO [22:11:24.740] Loading definitions from package biodbNcbi version 1.13.1.
INFO [22:11:24.762] Loading definitions from package biodbNci version 1.13.1.
INFO [22:11:24.769] Loading definitions from package biodbUniprot version 1.15.1.
Quitting from biodbNcbi.Rmd:72-74 [unnamed-chunk-5]
~~~~~~~~~~~~~~~~~~~~~~~~~~~~~~~~~~~~~~~~~~~~~~~~~~~~~~~~~~~~~~~~~~~~~~~~~~~~~~~~
<error/rlang_error>
Error:
! 'BiodbUrl' is not an exported object from 'namespace:biodb'
---
Backtrace:
▆
1. └─gene$getNbEntries()
2. └─private$doGetNbEntries(count = count)
3. └─self$wsEinfo(retfmt = "parsed")
~~~~~~~~~~~~~~~~~~~~~~~~~~~~~~~~~~~~~~~~~~~~~~~~~~~~~~~~~~~~~~~~~~~~~~~~~~~~~~~~
Error: processing vignette 'biodbNcbi.Rmd' failed with diagnostics:
'BiodbUrl' is not an exported object from 'namespace:biodb'
--- failed re-building ‘biodbNcbi.Rmd’
SUMMARY: processing the following file failed:
‘biodbNcbi.Rmd’
Error: Vignette re-building failed.
Execution halted