Back to Build/check report for BioC 3.23:   simplified   long
A[B]CDEFGHIJKLMNOPQRSTUVWXYZ

This page was generated on 2025-10-31 08:34 -0400 (Fri, 31 Oct 2025).

HostnameOSArch (*)R versionInstalled pkgs
nebbiolo1Linux (Ubuntu 24.04.3 LTS)x86_64R Under development (unstable) (2025-10-20 r88955) -- "Unsuffered Consequences" 4428
Click on any hostname to see more info about the system (e.g. compilers)      (*) as reported by 'uname -p', except on Windows and Mac OS X

Package 163/2321HostnameOS / ArchINSTALLBUILDCHECKBUILD BIN
bedbaser 1.3.0  (landing page)
Andres Wokaty
Snapshot Date: 2025-10-30 13:40 -0400 (Thu, 30 Oct 2025)
git_url: https://git.bioconductor.org/packages/bedbaser
git_branch: devel
git_last_commit: c5c189a
git_last_commit_date: 2025-10-29 11:34:32 -0400 (Wed, 29 Oct 2025)
nebbiolo1Linux (Ubuntu 24.04.3 LTS) / x86_64  OK    ERROR  skipped


BUILD results for bedbaser on nebbiolo1

To the developers/maintainers of the bedbaser package:
- Allow up to 24 hours (and sometimes 48 hours) for your latest push to git@git.bioconductor.org:packages/bedbaser.git to reflect on this report. See Troubleshooting Build Report for more information.
- Use the following Renviron settings to reproduce errors and warnings.
- If 'R CMD check' started to fail recently on the Linux builder(s) over a missing dependency, add the missing dependency to 'Suggests:' in your DESCRIPTION file. See Renviron.bioc for more information.

raw results


Summary

Package: bedbaser
Version: 1.3.0
Command: /home/biocbuild/bbs-3.23-bioc/R/bin/R CMD build --keep-empty-dirs --no-resave-data bedbaser
StartedAt: 2025-10-30 16:12:13 -0400 (Thu, 30 Oct 2025)
EndedAt: 2025-10-30 16:12:32 -0400 (Thu, 30 Oct 2025)
EllapsedTime: 19.0 seconds
RetCode: 1
Status:   ERROR  
PackageFile: None
PackageFileSize: NA

Command output

##############################################################################
##############################################################################
###
### Running command:
###
###   /home/biocbuild/bbs-3.23-bioc/R/bin/R CMD build --keep-empty-dirs --no-resave-data bedbaser
###
##############################################################################
##############################################################################


* checking for file ‘bedbaser/DESCRIPTION’ ... OK
* preparing ‘bedbaser’:
* checking DESCRIPTION meta-information ... OK
* installing the package (it is needed to build vignettes)
* creating vignettes ... ERROR
--- re-building ‘bedbaser.Rmd’ using rmarkdown

Quitting from bedbaser.Rmd:18-22 [library]
~~~~~~~~~~~~~~~~~~~~~~~~~~~~~~~~~~~~~~~~~~~~~~~~~~~~~~~~~~~~~~~~~~~~~~~~~~~~~~~~
<error/rlang_error>
Error:
! package 'OrganismDbi' could not be loaded
---
Backtrace:
    ▆
 1. └─base::library(liftOver)
 2.   └─base::.getRequiredPackages2(...)
 3.     └─base::library(...)
 4.       └─base::.getRequiredPackages2(...)
~~~~~~~~~~~~~~~~~~~~~~~~~~~~~~~~~~~~~~~~~~~~~~~~~~~~~~~~~~~~~~~~~~~~~~~~~~~~~~~~

Error: processing vignette 'bedbaser.Rmd' failed with diagnostics:
package 'OrganismDbi' could not be loaded
--- failed re-building ‘bedbaser.Rmd’

SUMMARY: processing the following file failed:
  ‘bedbaser.Rmd’

Error: Vignette re-building failed.
Execution halted