| Back to Build/check report for BioC 3.23: simplified long |
|
This page was generated on 2025-11-01 11:32 -0400 (Sat, 01 Nov 2025).
| Hostname | OS | Arch (*) | R version | Installed pkgs |
|---|---|---|---|---|
| nebbiolo1 | Linux (Ubuntu 24.04.3 LTS) | x86_64 | R Under development (unstable) (2025-10-20 r88955) -- "Unsuffered Consequences" | 4774 |
| Click on any hostname to see more info about the system (e.g. compilers) (*) as reported by 'uname -p', except on Windows and Mac OS X | ||||
| Package 50/2321 | Hostname | OS / Arch | INSTALL | BUILD | CHECK | BUILD BIN | ||||||||
| alabaster.sfe 1.3.0 (landing page) Lambda Moses
| nebbiolo1 | Linux (Ubuntu 24.04.3 LTS) / x86_64 | OK | ERROR | skipped | |||||||||
|
To the developers/maintainers of the alabaster.sfe package: - Allow up to 24 hours (and sometimes 48 hours) for your latest push to git@git.bioconductor.org:packages/alabaster.sfe.git to reflect on this report. See Troubleshooting Build Report for more information. - Use the following Renviron settings to reproduce errors and warnings. - If 'R CMD check' started to fail recently on the Linux builder(s) over a missing dependency, add the missing dependency to 'Suggests:' in your DESCRIPTION file. See Renviron.bioc for more information. |
| Package: alabaster.sfe |
| Version: 1.3.0 |
| Command: /home/biocbuild/bbs-3.23-bioc/R/bin/R CMD build --keep-empty-dirs --no-resave-data alabaster.sfe |
| StartedAt: 2025-10-31 16:26:40 -0400 (Fri, 31 Oct 2025) |
| EndedAt: 2025-10-31 16:28:45 -0400 (Fri, 31 Oct 2025) |
| EllapsedTime: 125.2 seconds |
| RetCode: 1 |
| Status: ERROR |
| PackageFile: None |
| PackageFileSize: NA |
##############################################################################
##############################################################################
###
### Running command:
###
### /home/biocbuild/bbs-3.23-bioc/R/bin/R CMD build --keep-empty-dirs --no-resave-data alabaster.sfe
###
##############################################################################
##############################################################################
* checking for file ‘alabaster.sfe/DESCRIPTION’ ... OK
* preparing ‘alabaster.sfe’:
* checking DESCRIPTION meta-information ... OK
* installing the package (it is needed to build vignettes)
* creating vignettes ... ERROR
--- re-building ‘Overview.Rmd’ using rmarkdown
/usr/bin/tar: Ignoring unknown extended header keyword 'LIBARCHIVE.xattr.com.apple.provenance'
/usr/bin/tar: Ignoring unknown extended header keyword 'LIBARCHIVE.xattr.com.apple.provenance'
/usr/bin/tar: Ignoring unknown extended header keyword 'LIBARCHIVE.xattr.com.apple.provenance'
/usr/bin/tar: Ignoring unknown extended header keyword 'LIBARCHIVE.xattr.com.apple.provenance'
/usr/bin/tar: Ignoring unknown extended header keyword 'LIBARCHIVE.xattr.com.apple.provenance'
/usr/bin/tar: Ignoring unknown extended header keyword 'LIBARCHIVE.xattr.com.apple.provenance'
/usr/bin/tar: Ignoring unknown extended header keyword 'LIBARCHIVE.xattr.com.apple.provenance'
/usr/bin/tar: Ignoring unknown extended header keyword 'LIBARCHIVE.xattr.com.apple.provenance'
/usr/bin/tar: Ignoring unknown extended header keyword 'LIBARCHIVE.xattr.com.apple.provenance'
/usr/bin/tar: Ignoring unknown extended header keyword 'LIBARCHIVE.xattr.com.apple.provenance'
/usr/bin/tar: Ignoring unknown extended header keyword 'LIBARCHIVE.xattr.com.apple.provenance'
Quitting from Overview.Rmd:126-128 [unnamed-chunk-15]
~~~~~~~~~~~~~~~~~~~~~~~~~~~~~~~~~~~~~~~~~~~~~~~~~~~~~~~~~~~~~~~~~~~~~~~~~~~~~~~~
<error/rlang_error>
Error in `h5_read_attribute()`:
! argument "bit64conversion" is missing, with no default
---
Backtrace:
▆
1. └─alabaster.base::readObject(fsave2)
2. └─alabaster.sfe (local) meth(path, metadata = metadata, ...)
3. └─alabaster.base::altReadObject(path, metadata, ...)
4. └─alabaster.base (local) FUN(path, ...)
5. └─alabaster.spatial (local) meth(path, metadata = metadata, ...)
6. └─alabaster.sce::readSingleCellExperiment(path, metadata, ...)
7. └─alabaster.se::readRangedSummarizedExperiment(...)
8. └─alabaster.se::readSummarizedExperiment(...)
9. └─alabaster.base::altReadObject(...)
10. └─alabaster.base (local) FUN(path, ...)
11. └─alabaster.matrix (local) meth(path, metadata = metadata, ...)
12. └─(function() {...
13. └─alabaster.base::h5_read_attribute(ghandle, "type")
14. └─rhdf5::H5Aread(ahandle, bit64conversion = bit64conversion)
~~~~~~~~~~~~~~~~~~~~~~~~~~~~~~~~~~~~~~~~~~~~~~~~~~~~~~~~~~~~~~~~~~~~~~~~~~~~~~~~
Error: processing vignette 'Overview.Rmd' failed with diagnostics:
argument "bit64conversion" is missing, with no default
--- failed re-building ‘Overview.Rmd’
SUMMARY: processing the following file failed:
‘Overview.Rmd’
Error: Vignette re-building failed.
Execution halted