Back to Build/check report for BioC 3.23:   simplified   long
[A]BCDEFGHIJKLMNOPQRSTUVWXYZ

This page was generated on 2025-11-01 11:32 -0400 (Sat, 01 Nov 2025).

HostnameOSArch (*)R versionInstalled pkgs
nebbiolo1Linux (Ubuntu 24.04.3 LTS)x86_64R Under development (unstable) (2025-10-20 r88955) -- "Unsuffered Consequences" 4774
Click on any hostname to see more info about the system (e.g. compilers)      (*) as reported by 'uname -p', except on Windows and Mac OS X

Package 44/2321HostnameOS / ArchINSTALLBUILDCHECKBUILD BIN
alabaster.mae 1.11.0  (landing page)
Aaron Lun
Snapshot Date: 2025-10-31 13:40 -0400 (Fri, 31 Oct 2025)
git_url: https://git.bioconductor.org/packages/alabaster.mae
git_branch: devel
git_last_commit: f3f563c
git_last_commit_date: 2025-10-29 11:21:27 -0400 (Wed, 29 Oct 2025)
nebbiolo1Linux (Ubuntu 24.04.3 LTS) / x86_64  OK    ERROR  skipped


BUILD results for alabaster.mae on nebbiolo1

To the developers/maintainers of the alabaster.mae package:
- Allow up to 24 hours (and sometimes 48 hours) for your latest push to git@git.bioconductor.org:packages/alabaster.mae.git to reflect on this report. See Troubleshooting Build Report for more information.
- Use the following Renviron settings to reproduce errors and warnings.
- If 'R CMD check' started to fail recently on the Linux builder(s) over a missing dependency, add the missing dependency to 'Suggests:' in your DESCRIPTION file. See Renviron.bioc for more information.

raw results


Summary

Package: alabaster.mae
Version: 1.11.0
Command: /home/biocbuild/bbs-3.23-bioc/R/bin/R CMD build --keep-empty-dirs --no-resave-data alabaster.mae
StartedAt: 2025-10-31 16:26:14 -0400 (Fri, 31 Oct 2025)
EndedAt: 2025-10-31 16:26:51 -0400 (Fri, 31 Oct 2025)
EllapsedTime: 37.1 seconds
RetCode: 1
Status:   ERROR  
PackageFile: None
PackageFileSize: NA

Command output

##############################################################################
##############################################################################
###
### Running command:
###
###   /home/biocbuild/bbs-3.23-bioc/R/bin/R CMD build --keep-empty-dirs --no-resave-data alabaster.mae
###
##############################################################################
##############################################################################


* checking for file ‘alabaster.mae/DESCRIPTION’ ... OK
* preparing ‘alabaster.mae’:
* checking DESCRIPTION meta-information ... OK
* installing the package (it is needed to build vignettes)
* creating vignettes ... ERROR
--- re-building ‘userguide.Rmd’ using rmarkdown

Quitting from userguide.Rmd:66-69 [unnamed-chunk-4]
~~~~~~~~~~~~~~~~~~~~~~~~~~~~~~~~~~~~~~~~~~~~~~~~~~~~~~~~~~~~~~~~~~~~~~~~~~~~~~~~
<error/rlang_error>
Error in `h5_read_attribute()`:
! argument "bit64conversion" is missing, with no default
---
Backtrace:
     ▆
  1. └─alabaster.base::readObject(tmp)
  2.   └─alabaster.mae (local) meth(path, metadata = metadata, ...)
  3.     └─alabaster.base::altReadObject(file.path(edir, e - 1L), ...)
  4.       └─alabaster.base (local) FUN(path, ...)
  5.         └─alabaster.se (local) meth(path, metadata = metadata, ...)
  6.           └─alabaster.base::altReadObject(...)
  7.             └─alabaster.base (local) FUN(path, ...)
  8.               └─alabaster.matrix (local) meth(path, metadata = metadata, ...)
  9.                 └─(function() {...
 10.                   └─alabaster.base::h5_read_attribute(ghandle, "type")
 11.                     └─rhdf5::H5Aread(ahandle, bit64conversion = bit64conversion)
~~~~~~~~~~~~~~~~~~~~~~~~~~~~~~~~~~~~~~~~~~~~~~~~~~~~~~~~~~~~~~~~~~~~~~~~~~~~~~~~

Error: processing vignette 'userguide.Rmd' failed with diagnostics:
argument "bit64conversion" is missing, with no default
--- failed re-building ‘userguide.Rmd’

SUMMARY: processing the following file failed:
  ‘userguide.Rmd’

Error: Vignette re-building failed.
Execution halted