Back to Build/check report for BioC 3.23:   simplified   long
[A]BCDEFGHIJKLMNOPQRSTUVWXYZ

This page was generated on 2025-11-01 11:32 -0400 (Sat, 01 Nov 2025).

HostnameOSArch (*)R versionInstalled pkgs
nebbiolo1Linux (Ubuntu 24.04.3 LTS)x86_64R Under development (unstable) (2025-10-20 r88955) -- "Unsuffered Consequences" 4774
Click on any hostname to see more info about the system (e.g. compilers)      (*) as reported by 'uname -p', except on Windows and Mac OS X

Package 43/2321HostnameOS / ArchINSTALLBUILDCHECKBUILD BIN
alabaster.files 1.9.0  (landing page)
Aaron Lun
Snapshot Date: 2025-10-31 13:40 -0400 (Fri, 31 Oct 2025)
git_url: https://git.bioconductor.org/packages/alabaster.files
git_branch: devel
git_last_commit: 32a02ee
git_last_commit_date: 2025-10-29 11:24:01 -0400 (Wed, 29 Oct 2025)
nebbiolo1Linux (Ubuntu 24.04.3 LTS) / x86_64  OK    ERROR  skipped


BUILD results for alabaster.files on nebbiolo1

To the developers/maintainers of the alabaster.files package:
- Allow up to 24 hours (and sometimes 48 hours) for your latest push to git@git.bioconductor.org:packages/alabaster.files.git to reflect on this report. See Troubleshooting Build Report for more information.
- Use the following Renviron settings to reproduce errors and warnings.
- If 'R CMD check' started to fail recently on the Linux builder(s) over a missing dependency, add the missing dependency to 'Suggests:' in your DESCRIPTION file. See Renviron.bioc for more information.

raw results


Summary

Package: alabaster.files
Version: 1.9.0
Command: /home/biocbuild/bbs-3.23-bioc/R/bin/R CMD build --keep-empty-dirs --no-resave-data alabaster.files
StartedAt: 2025-10-31 16:26:11 -0400 (Fri, 31 Oct 2025)
EndedAt: 2025-10-31 16:26:29 -0400 (Fri, 31 Oct 2025)
EllapsedTime: 18.0 seconds
RetCode: 1
Status:   ERROR  
PackageFile: None
PackageFileSize: NA

Command output

##############################################################################
##############################################################################
###
### Running command:
###
###   /home/biocbuild/bbs-3.23-bioc/R/bin/R CMD build --keep-empty-dirs --no-resave-data alabaster.files
###
##############################################################################
##############################################################################


* checking for file ‘alabaster.files/DESCRIPTION’ ... OK
* preparing ‘alabaster.files’:
* checking DESCRIPTION meta-information ... OK
* installing the package (it is needed to build vignettes)
* creating vignettes ... ERROR
--- re-building ‘userguide.Rmd’ using rmarkdown

Quitting from userguide.Rmd:63-81 [unnamed-chunk-6]
~~~~~~~~~~~~~~~~~~~~~~~~~~~~~~~~~~~~~~~~~~~~~~~~~~~~~~~~~~~~~~~~~~~~~~~~~~~~~~~~
<error/rlang_error>
Error in `h5_read_attribute()`:
! argument "bit64conversion" is missing, with no default
---
Backtrace:
    ▆
 1. └─alabaster.base::readObject(dir)
 2.   └─alabaster.base (local) meth(path, metadata = metadata, ...)
 3.     └─alabaster.base::h5_read_attribute(ghandle, "row-count")
 4.       └─rhdf5::H5Aread(ahandle, bit64conversion = bit64conversion)
~~~~~~~~~~~~~~~~~~~~~~~~~~~~~~~~~~~~~~~~~~~~~~~~~~~~~~~~~~~~~~~~~~~~~~~~~~~~~~~~

Error: processing vignette 'userguide.Rmd' failed with diagnostics:
argument "bit64conversion" is missing, with no default
--- failed re-building ‘userguide.Rmd’

SUMMARY: processing the following file failed:
  ‘userguide.Rmd’

Error: Vignette re-building failed.
Execution halted