Back to Build/check report for BioC 3.23:   simplified   long
ABCDEFGHIJKLMNOPQRS[T]UVWXYZ

This page was generated on 2025-10-31 08:34 -0400 (Fri, 31 Oct 2025).

HostnameOSArch (*)R versionInstalled pkgs
nebbiolo1Linux (Ubuntu 24.04.3 LTS)x86_64R Under development (unstable) (2025-10-20 r88955) -- "Unsuffered Consequences" 4428
Click on any hostname to see more info about the system (e.g. compilers)      (*) as reported by 'uname -p', except on Windows and Mac OS X

Package 2240/2321HostnameOS / ArchINSTALLBUILDCHECKBUILD BIN
TVTB 1.37.0  (landing page)
Kevin Rue-Albrecht
Snapshot Date: 2025-10-30 13:40 -0400 (Thu, 30 Oct 2025)
git_url: https://git.bioconductor.org/packages/TVTB
git_branch: devel
git_last_commit: 7c8a13b
git_last_commit_date: 2025-10-29 10:35:21 -0400 (Wed, 29 Oct 2025)
nebbiolo1Linux (Ubuntu 24.04.3 LTS) / x86_64  OK    ERROR  skipped


BUILD results for TVTB on nebbiolo1

To the developers/maintainers of the TVTB package:
- Allow up to 24 hours (and sometimes 48 hours) for your latest push to git@git.bioconductor.org:packages/TVTB.git to reflect on this report. See Troubleshooting Build Report for more information.
- Use the following Renviron settings to reproduce errors and warnings.
- If 'R CMD check' started to fail recently on the Linux builder(s) over a missing dependency, add the missing dependency to 'Suggests:' in your DESCRIPTION file. See Renviron.bioc for more information.

raw results


Summary

Package: TVTB
Version: 1.37.0
Command: /home/biocbuild/bbs-3.23-bioc/R/bin/R CMD build --keep-empty-dirs --no-resave-data TVTB
StartedAt: 2025-10-30 19:30:47 -0400 (Thu, 30 Oct 2025)
EndedAt: 2025-10-30 19:32:13 -0400 (Thu, 30 Oct 2025)
EllapsedTime: 86.1 seconds
RetCode: 1
Status:   ERROR  
PackageFile: None
PackageFileSize: NA

Command output

##############################################################################
##############################################################################
###
### Running command:
###
###   /home/biocbuild/bbs-3.23-bioc/R/bin/R CMD build --keep-empty-dirs --no-resave-data TVTB
###
##############################################################################
##############################################################################


* checking for file ‘TVTB/DESCRIPTION’ ... OK
* preparing ‘TVTB’:
* checking DESCRIPTION meta-information ... OK
* installing the package (it is needed to process help pages)
* saving partial Rd database
* creating vignettes ... ERROR
--- re-building ‘Introduction.Rmd’ using rmarkdown

Quitting from Introduction.Rmd:568-576 [plotMAFCommon]
~~~~~~~~~~~~~~~~~~~~~~~~~~~~~~~~~~~~~~~~~~~~~~~~~~~~~~~~~~~~~~~~~~~~~~~~~~~~~~~~
<error/rlang_error>
Error:
! error in evaluating the argument 'x' in selecting a method for function 'exonsBy': there is no package called 'EnsDb.Hsapiens.v75'
---
Backtrace:
     ▆
  1. ├─TVTB::plotInfo(...)
  2. ├─TVTB::plotInfo(...)
  3. │ └─TVTB:::.plotInfo(...)
  4. │   └─TVTB:::.geneRegionTrackFromEnsDb(annotation, range)
  5. │     └─GenomicFeatures::exonsBy(package, filter = edb.filter)
  6. ├─base::loadNamespace(x)
  7. │ ├─base::withRestarts(stop(cond), retry_loadNamespace = function() NULL)
  8. │ │ └─base (local) withOneRestart(expr, restarts[[1L]])
  9. │ │   └─base (local) doWithOneRestart(return(expr), restart)
 10. │ └─base::stop(cond)
 11. └─base (local) `<fn>`(`<pckgNtFE>`)
~~~~~~~~~~~~~~~~~~~~~~~~~~~~~~~~~~~~~~~~~~~~~~~~~~~~~~~~~~~~~~~~~~~~~~~~~~~~~~~~

Error: processing vignette 'Introduction.Rmd' failed with diagnostics:
error in evaluating the argument 'x' in selecting a method for function 'exonsBy': there is no package called 'EnsDb.Hsapiens.v75'
--- failed re-building ‘Introduction.Rmd’

--- re-building ‘VcfFilterRules.Rmd’ using rmarkdown
--- finished re-building ‘VcfFilterRules.Rmd’

--- re-building ‘tSVE.Rmd’ using rmarkdown
--- finished re-building ‘tSVE.Rmd’

SUMMARY: processing the following file failed:
  ‘Introduction.Rmd’

Error: Vignette re-building failed.
Execution halted