Back to Build/check report for BioC 3.23:   simplified   long
ABCDEFGHIJKLMNOPQR[S]TUVWXYZ

This page was generated on 2025-11-08 11:32 -0500 (Sat, 08 Nov 2025).

HostnameOSArch (*)R versionInstalled pkgs
nebbiolo1Linux (Ubuntu 24.04.3 LTS)x86_64R Under development (unstable) (2025-10-20 r88955) -- "Unsuffered Consequences" 4821
Click on any hostname to see more info about the system (e.g. compilers)      (*) as reported by 'uname -p', except on Windows and Mac OS X

Package 2066/2323HostnameOS / ArchINSTALLBUILDCHECKBUILD BIN
SpiecEasi 1.99.3  (landing page)
Zachary Kurtz
Snapshot Date: 2025-11-07 13:40 -0500 (Fri, 07 Nov 2025)
git_url: https://git.bioconductor.org/packages/SpiecEasi
git_branch: devel
git_last_commit: 18c9537
git_last_commit_date: 2025-10-29 15:53:57 -0500 (Wed, 29 Oct 2025)
nebbiolo1Linux (Ubuntu 24.04.3 LTS) / x86_64  OK    OK    ERROR  


CHECK results for SpiecEasi on nebbiolo1

To the developers/maintainers of the SpiecEasi package:
- Allow up to 24 hours (and sometimes 48 hours) for your latest push to git@git.bioconductor.org:packages/SpiecEasi.git to reflect on this report. See Troubleshooting Build Report for more information.
- Use the following Renviron settings to reproduce errors and warnings.
- If 'R CMD check' started to fail recently on the Linux builder(s) over a missing dependency, add the missing dependency to 'Suggests:' in your DESCRIPTION file. See Renviron.bioc for more information.

raw results


Summary

Package: SpiecEasi
Version: 1.99.3
Command: /home/biocbuild/bbs-3.23-bioc/R/bin/R CMD check --install=check:SpiecEasi.install-out.txt --library=/home/biocbuild/bbs-3.23-bioc/R/site-library --timings SpiecEasi_1.99.3.tar.gz
StartedAt: 2025-11-08 04:17:54 -0500 (Sat, 08 Nov 2025)
EndedAt: 2025-11-08 04:52:19 -0500 (Sat, 08 Nov 2025)
EllapsedTime: 2064.7 seconds
RetCode: 1
Status:   ERROR  
CheckDir: SpiecEasi.Rcheck
Warnings: NA

Command output

##############################################################################
##############################################################################
###
### Running command:
###
###   /home/biocbuild/bbs-3.23-bioc/R/bin/R CMD check --install=check:SpiecEasi.install-out.txt --library=/home/biocbuild/bbs-3.23-bioc/R/site-library --timings SpiecEasi_1.99.3.tar.gz
###
##############################################################################
##############################################################################


* using log directory ‘/home/biocbuild/bbs-3.23-bioc/meat/SpiecEasi.Rcheck’
* using R Under development (unstable) (2025-10-20 r88955)
* using platform: x86_64-pc-linux-gnu
* R was compiled by
    gcc (Ubuntu 13.3.0-6ubuntu2~24.04) 13.3.0
    GNU Fortran (Ubuntu 13.3.0-6ubuntu2~24.04) 13.3.0
* running under: Ubuntu 24.04.3 LTS
* using session charset: UTF-8
* checking for file ‘SpiecEasi/DESCRIPTION’ ... OK
* this is package ‘SpiecEasi’ version ‘1.99.3’
* package encoding: UTF-8
* checking package namespace information ... OK
* checking package dependencies ... OK
* checking if this is a source package ... OK
* checking if there is a namespace ... OK
* checking for hidden files and directories ... OK
* checking for portable file names ... OK
* checking for sufficient/correct file permissions ... OK
* checking whether package ‘SpiecEasi’ can be installed ... OK
* used C++ compiler: ‘g++ (Ubuntu 13.3.0-6ubuntu2~24.04) 13.3.0’
* checking C++ specification ... NOTE
  Specified C++11: please drop specification unless essential
* checking installed package size ... OK
* checking package directory ... OK
* checking ‘build’ directory ... OK
* checking DESCRIPTION meta-information ... OK
* checking top-level files ... OK
* checking for left-over files ... OK
* checking index information ... OK
* checking package subdirectories ... OK
* checking code files for non-ASCII characters ... OK
* checking R files for syntax errors ... OK
* checking whether the package can be loaded ... OK
* checking whether the package can be loaded with stated dependencies ... OK
* checking whether the package can be unloaded cleanly ... OK
* checking whether the namespace can be loaded with stated dependencies ... OK
* checking whether the namespace can be unloaded cleanly ... OK
* checking loading without being on the library search path ... OK
* checking dependencies in R code ... OK
* checking S3 generic/method consistency ... OK
* checking replacement functions ... OK
* checking foreign function calls ... OK
* checking R code for possible problems ... OK
* checking Rd files ... OK
* checking Rd metadata ... OK
* checking Rd cross-references ... OK
* checking for missing documentation entries ... OK
* checking for code/documentation mismatches ... OK
* checking Rd \usage sections ... OK
* checking Rd contents ... OK
* checking for unstated dependencies in examples ... OK
* checking contents of ‘data’ directory ... OK
* checking data for non-ASCII characters ... OK
* checking data for ASCII and uncompressed saves ... OK
* checking line endings in C/C++/Fortran sources/headers ... OK
* checking line endings in Makefiles ... OK
* checking compilation flags in Makevars ... OK
* checking for GNU extensions in Makefiles ... OK
* checking for portable use of $(BLAS_LIBS) and $(LAPACK_LIBS) ... OK
* checking use of PKG_*FLAGS in Makefiles ... OK
* checking compiled code ... INFO
Note: information on .o files is not available
* checking files in ‘vignettes’ ... NOTE
The following directory looks like a leftover from 'knitr':
  ‘figure’
Please remove from your package.
* checking examples ... OK
Examples with CPU (user + system) or elapsed time > 5s
                    user system elapsed
stars.roc        129.998  0.130 128.695
getOptInd        128.618  0.449 127.601
pval.sparccboot   21.428  0.131  21.560
sparccboot        21.150  0.046  21.196
spiec.easi        16.208  0.050  16.259
multi.spiec.easi  16.146  0.002  16.148
* checking for unstated dependencies in ‘tests’ ... OK
* checking tests ...
  Running ‘testthat.R’
 OK
* checking for unstated dependencies in vignettes ... OK
* checking package vignettes ... OK
* checking re-building of vignette outputs ... ERROR
Error(s) in re-building vignettes:
--- re-building ‘SpiecEasi.Rmd’ using rmarkdown
--- finished re-building ‘SpiecEasi.Rmd’

--- re-building ‘cross-domain-interactions.Rmd’ using rmarkdown
--- finished re-building ‘cross-domain-interactions.Rmd’

--- re-building ‘latent-variable-models.Rmd’ using rmarkdown

warning: sqrtmat_sympd(): given matrix is not symmetric

warning: sqrtmat_sympd(): given matrix is not symmetric

warning: sqrtmat_sympd(): given matrix is not symmetric

warning: sqrtmat_sympd(): given matrix is not symmetric
--- finished re-building ‘latent-variable-models.Rmd’

--- re-building ‘phyloseq-integration.Rmd’ using rmarkdown
--- finished re-building ‘phyloseq-integration.Rmd’

--- re-building ‘pulsar-parallel.Rmd’ using rmarkdown

Quitting from pulsar-parallel.Rmd:152-160 [unnamed-chunk-5]
~~~~~~~~~~~~~~~~~~~~~~~~~~~~~~~~~~~~~~~~~~~~~~~~~~~~~~~~~~~~~~~~~~~~~~~~~~~~~~~~
<error/rlang_error>
Error in `loadNamespace()`:
! there is no package called 'snow'
---
Backtrace:
    ▆
 1. ├─parallel::makeCluster(4, type = "SOCK")
 2. └─base::loadNamespace(x)
 3.   └─base::withRestarts(stop(cond), retry_loadNamespace = function() NULL)
 4.     └─base (local) withOneRestart(expr, restarts[[1L]])
 5.       └─base (local) doWithOneRestart(return(expr), restart)
~~~~~~~~~~~~~~~~~~~~~~~~~~~~~~~~~~~~~~~~~~~~~~~~~~~~~~~~~~~~~~~~~~~~~~~~~~~~~~~~

Error: processing vignette 'pulsar-parallel.Rmd' failed with diagnostics:
there is no package called 'snow'
--- failed re-building ‘pulsar-parallel.Rmd’

--- re-building ‘troubleshooting.Rmd’ using rmarkdown
--- finished re-building ‘troubleshooting.Rmd’

SUMMARY: processing the following file failed:
  ‘pulsar-parallel.Rmd’

Error: Vignette re-building failed.
Execution halted

* checking PDF version of manual ... OK
* DONE

Status: 1 ERROR, 2 NOTEs
See
  ‘/home/biocbuild/bbs-3.23-bioc/meat/SpiecEasi.Rcheck/00check.log’
for details.


Installation output

SpiecEasi.Rcheck/00install.out

##############################################################################
##############################################################################
###
### Running command:
###
###   /home/biocbuild/bbs-3.23-bioc/R/bin/R CMD INSTALL SpiecEasi
###
##############################################################################
##############################################################################


* installing to library ‘/home/biocbuild/bbs-3.23-bioc/R/site-library’
* installing *source* package ‘SpiecEasi’ ...
** this is package ‘SpiecEasi’ version ‘1.99.3’
** using staged installation
** libs
using C++ compiler: ‘g++ (Ubuntu 13.3.0-6ubuntu2~24.04) 13.3.0’
using C++11
g++ -std=gnu++11 -I"/home/biocbuild/bbs-3.23-bioc/R/include" -DNDEBUG  -I'/home/biocbuild/bbs-3.23-bioc/R/site-library/Rcpp/include' -I'/home/biocbuild/bbs-3.23-bioc/R/site-library/RcppArmadillo/include' -I/usr/local/include    -fpic  -g -O2  -Wall -Werror=format-security  -c ADMM.cpp -o ADMM.o
In file included from /home/biocbuild/bbs-3.23-bioc/R/site-library/RcppArmadillo/include/RcppArmadillo.h:29,
                 from ADMM.cpp:1:
/home/biocbuild/bbs-3.23-bioc/R/site-library/RcppArmadillo/include/RcppArmadillo/version/arma.h:66:199: note: ‘#pragma message: Using fallback compilation with Armadillo 14.6.3. Please consider defining -DARMA_USE_CURRENT and also removing C++11 compilation directive. See GitHub issue #475 for more.’
   66 |         #pragma message("Using fallback compilation with Armadillo 14.6.3. Please consider defining -DARMA_USE_CURRENT and also removing C++11 compilation directive. See GitHub issue #475 for more.")
      |                                                                                                                                                                                                       ^
g++ -std=gnu++11 -I"/home/biocbuild/bbs-3.23-bioc/R/include" -DNDEBUG  -I'/home/biocbuild/bbs-3.23-bioc/R/site-library/Rcpp/include' -I'/home/biocbuild/bbs-3.23-bioc/R/site-library/RcppArmadillo/include' -I/usr/local/include    -fpic  -g -O2  -Wall -Werror=format-security  -c RcppExports.cpp -o RcppExports.o
In file included from /home/biocbuild/bbs-3.23-bioc/R/site-library/RcppArmadillo/include/RcppArmadillo.h:29,
                 from RcppExports.cpp:4:
/home/biocbuild/bbs-3.23-bioc/R/site-library/RcppArmadillo/include/RcppArmadillo/version/arma.h:66:199: note: ‘#pragma message: Using fallback compilation with Armadillo 14.6.3. Please consider defining -DARMA_USE_CURRENT and also removing C++11 compilation directive. See GitHub issue #475 for more.’
   66 |         #pragma message("Using fallback compilation with Armadillo 14.6.3. Please consider defining -DARMA_USE_CURRENT and also removing C++11 compilation directive. See GitHub issue #475 for more.")
      |                                                                                                                                                                                                       ^
g++ -std=gnu++11 -I"/home/biocbuild/bbs-3.23-bioc/R/include" -DNDEBUG  -I'/home/biocbuild/bbs-3.23-bioc/R/site-library/Rcpp/include' -I'/home/biocbuild/bbs-3.23-bioc/R/site-library/RcppArmadillo/include' -I/usr/local/include    -fpic  -g -O2  -Wall -Werror=format-security  -c matops.cpp -o matops.o
g++ -std=gnu++11 -I"/home/biocbuild/bbs-3.23-bioc/R/include" -DNDEBUG  -I'/home/biocbuild/bbs-3.23-bioc/R/site-library/Rcpp/include' -I'/home/biocbuild/bbs-3.23-bioc/R/site-library/RcppArmadillo/include' -I/usr/local/include    -fpic  -g -O2  -Wall -Werror=format-security  -c sqrtNewton.cpp -o sqrtNewton.o
In file included from /home/biocbuild/bbs-3.23-bioc/R/site-library/RcppArmadillo/include/RcppArmadillo.h:29,
                 from sqrtNewton.cpp:1:
/home/biocbuild/bbs-3.23-bioc/R/site-library/RcppArmadillo/include/RcppArmadillo/version/arma.h:66:199: note: ‘#pragma message: Using fallback compilation with Armadillo 14.6.3. Please consider defining -DARMA_USE_CURRENT and also removing C++11 compilation directive. See GitHub issue #475 for more.’
   66 |         #pragma message("Using fallback compilation with Armadillo 14.6.3. Please consider defining -DARMA_USE_CURRENT and also removing C++11 compilation directive. See GitHub issue #475 for more.")
      |                                                                                                                                                                                                       ^
g++ -std=gnu++11 -I"/home/biocbuild/bbs-3.23-bioc/R/include" -DNDEBUG  -I'/home/biocbuild/bbs-3.23-bioc/R/site-library/Rcpp/include' -I'/home/biocbuild/bbs-3.23-bioc/R/site-library/RcppArmadillo/include' -I/usr/local/include    -fpic  -g -O2  -Wall -Werror=format-security  -c svthresh.cpp -o svthresh.o
In file included from /home/biocbuild/bbs-3.23-bioc/R/site-library/RcppArmadillo/include/RcppArmadillo.h:29,
                 from svthresh.cpp:1:
/home/biocbuild/bbs-3.23-bioc/R/site-library/RcppArmadillo/include/RcppArmadillo/version/arma.h:66:199: note: ‘#pragma message: Using fallback compilation with Armadillo 14.6.3. Please consider defining -DARMA_USE_CURRENT and also removing C++11 compilation directive. See GitHub issue #475 for more.’
   66 |         #pragma message("Using fallback compilation with Armadillo 14.6.3. Please consider defining -DARMA_USE_CURRENT and also removing C++11 compilation directive. See GitHub issue #475 for more.")
      |                                                                                                                                                                                                       ^
g++ -std=gnu++11 -shared -L/home/biocbuild/bbs-3.23-bioc/R/lib -L/usr/local/lib -o SpiecEasi.so ADMM.o RcppExports.o matops.o sqrtNewton.o svthresh.o -llapack -L/home/biocbuild/bbs-3.23-bioc/R/lib -lRblas -lgfortran -lm -lquadmath -L/home/biocbuild/bbs-3.23-bioc/R/lib -lR
installing to /home/biocbuild/bbs-3.23-bioc/R/site-library/00LOCK-SpiecEasi/00new/SpiecEasi/libs
** R
** data
** byte-compile and prepare package for lazy loading
** help
*** installing help indices
** building package indices
** installing vignettes
** testing if installed package can be loaded from temporary location
** checking absolute paths in shared objects and dynamic libraries
** testing if installed package can be loaded from final location
** testing if installed package keeps a record of temporary installation path
* DONE (SpiecEasi)

Tests output

SpiecEasi.Rcheck/tests/testthat.Rout


R Under development (unstable) (2025-10-20 r88955) -- "Unsuffered Consequences"
Copyright (C) 2025 The R Foundation for Statistical Computing
Platform: x86_64-pc-linux-gnu

R is free software and comes with ABSOLUTELY NO WARRANTY.
You are welcome to redistribute it under certain conditions.
Type 'license()' or 'licence()' for distribution details.

R is a collaborative project with many contributors.
Type 'contributors()' for more information and
'citation()' on how to cite R or R packages in publications.

Type 'demo()' for some demos, 'help()' for on-line help, or
'help.start()' for an HTML browser interface to help.
Type 'q()' to quit R.

> suppressPackageStartupMessages(library(testthat))
> suppressPackageStartupMessages(library(SpiecEasi))
> 
> testthat::test_check("SpiecEasi")
[ FAIL 0 | WARN 0 | SKIP 0 | PASS 149 ]
> 
> proc.time()
   user  system elapsed 
 53.932   0.610  54.543 

Example timings

SpiecEasi.Rcheck/SpiecEasi-Ex.timings

nameusersystemelapsed
adj2igraph0.0050.0000.005
alr0.0010.0010.001
as.data.frame.graph0.0010.0000.003
as.matrix.graph0.0000.0000.001
clr0.0010.0010.001
coat0.0160.0010.016
cor2cov0.0010.0000.000
cov2prec0.0000.0000.001
ebic0.0010.0000.001
edge.diss0.0160.0000.016
fitdistr0.0040.0010.004
getOptInd128.618 0.449127.601
get_comm_params0.0010.0010.002
graph2prec0.0050.0000.005
make_graph0.0130.0000.013
multi.spiec.easi16.146 0.00216.148
neff0.0010.0000.000
neighborhood.net0.0260.0010.028
norm_pseudo0.0000.0000.001
norm_rdiric0.0000.0000.001
norm_to_total000
prec2cov0.0010.0000.000
pval.sparccboot21.428 0.13121.560
qqdplot_comm0.0240.0000.023
rmvnegbin0.0010.0010.002
rmvnorm0.0010.0000.001
rmvpois0.0010.0000.001
rmvzinegbin0.0030.0000.002
rmvzipois0.0010.0010.002
robustPCA0.1290.0070.136
rzipois0.0000.0010.002
shannon000
sparcc0.1170.0030.121
sparccboot21.150 0.04621.196
sparseLowRankiCov0.0670.0010.068
sparseiCov2.6150.0012.616
spiec.easi16.208 0.05016.259
stars.roc129.998 0.130128.695
symBeta0.0600.0000.059
synth_comm_from_counts0.0040.0010.004
triu0.0010.0000.001