Back to Build/check report for BioC 3.23:   simplified   long
ABCDEFGHIJKLMNOPQR[S]TUVWXYZ

This page was generated on 2025-11-01 11:33 -0400 (Sat, 01 Nov 2025).

HostnameOSArch (*)R versionInstalled pkgs
nebbiolo1Linux (Ubuntu 24.04.3 LTS)x86_64R Under development (unstable) (2025-10-20 r88955) -- "Unsuffered Consequences" 4774
Click on any hostname to see more info about the system (e.g. compilers)      (*) as reported by 'uname -p', except on Windows and Mac OS X

Package 2000/2321HostnameOS / ArchINSTALLBUILDCHECKBUILD BIN
SingleR 2.13.0  (landing page)
Aaron Lun
Snapshot Date: 2025-10-31 13:40 -0400 (Fri, 31 Oct 2025)
git_url: https://git.bioconductor.org/packages/SingleR
git_branch: devel
git_last_commit: 2ee58a5
git_last_commit_date: 2025-10-29 10:54:00 -0400 (Wed, 29 Oct 2025)
nebbiolo1Linux (Ubuntu 24.04.3 LTS) / x86_64  OK    ERROR  skipped


BUILD results for SingleR on nebbiolo1

To the developers/maintainers of the SingleR package:
- Allow up to 24 hours (and sometimes 48 hours) for your latest push to git@git.bioconductor.org:packages/SingleR.git to reflect on this report. See Troubleshooting Build Report for more information.
- Use the following Renviron settings to reproduce errors and warnings.
- If 'R CMD check' started to fail recently on the Linux builder(s) over a missing dependency, add the missing dependency to 'Suggests:' in your DESCRIPTION file. See Renviron.bioc for more information.

raw results


Summary

Package: SingleR
Version: 2.13.0
Command: /home/biocbuild/bbs-3.23-bioc/R/bin/R CMD build --keep-empty-dirs --no-resave-data SingleR
StartedAt: 2025-10-31 20:14:39 -0400 (Fri, 31 Oct 2025)
EndedAt: 2025-10-31 20:15:56 -0400 (Fri, 31 Oct 2025)
EllapsedTime: 77.3 seconds
RetCode: 1
Status:   ERROR  
PackageFile: None
PackageFileSize: NA

Command output

##############################################################################
##############################################################################
###
### Running command:
###
###   /home/biocbuild/bbs-3.23-bioc/R/bin/R CMD build --keep-empty-dirs --no-resave-data SingleR
###
##############################################################################
##############################################################################


* checking for file ‘SingleR/DESCRIPTION’ ... OK
* preparing ‘SingleR’:
* checking DESCRIPTION meta-information ... OK
* cleaning src
* installing the package (it is needed to build vignettes)
* creating vignettes ... ERROR
--- re-building ‘SingleR.Rmd’ using rmarkdown

Quitting from SingleR.Rmd:50-54 [unnamed-chunk-2]
~~~~~~~~~~~~~~~~~~~~~~~~~~~~~~~~~~~~~~~~~~~~~~~~~~~~~~~~~~~~~~~~~~~~~~~~~~~~~~~~
<error/rlang_error>
Error in `h5_read_attribute()`:
! argument "bit64conversion" is missing, with no default
---
Backtrace:
     ▆
  1. └─celldex::HumanPrimaryCellAtlasData()
  2.   └─celldex::fetchReference("hpca", "2024-02-26", realize.assays = TRUE)
  3.     └─alabaster.base::altReadObject(...)
  4.       └─celldex (local) FUN(path, ...)
  5.         └─alabaster.base::readObject(...)
  6.           └─alabaster.se (local) meth(path, metadata = metadata, ...)
  7.             └─alabaster.base::altReadObject(...)
  8.               └─celldex (local) FUN(path, ...)
  9.                 └─alabaster.base::readObject(...)
 10.                   └─alabaster.matrix (local) meth(path, metadata = metadata, ...)
 11.                     └─(function() {...
 12.                       └─alabaster.base::h5_read_attribute(ghandle, "type")
 13.                         └─rhdf5::H5Aread(ahandle, bit64conversion = bit64conversion)
~~~~~~~~~~~~~~~~~~~~~~~~~~~~~~~~~~~~~~~~~~~~~~~~~~~~~~~~~~~~~~~~~~~~~~~~~~~~~~~~

Error: processing vignette 'SingleR.Rmd' failed with diagnostics:
argument "bit64conversion" is missing, with no default
--- failed re-building ‘SingleR.Rmd’

SUMMARY: processing the following file failed:
  ‘SingleR.Rmd’

Error: Vignette re-building failed.
Execution halted