| Back to Build/check report for BioC 3.23: simplified long |
|
This page was generated on 2025-10-31 08:34 -0400 (Fri, 31 Oct 2025).
| Hostname | OS | Arch (*) | R version | Installed pkgs |
|---|---|---|---|---|
| nebbiolo1 | Linux (Ubuntu 24.04.3 LTS) | x86_64 | R Under development (unstable) (2025-10-20 r88955) -- "Unsuffered Consequences" | 4428 |
| Click on any hostname to see more info about the system (e.g. compilers) (*) as reported by 'uname -p', except on Windows and Mac OS X | ||||
| Package 1945/2321 | Hostname | OS / Arch | INSTALL | BUILD | CHECK | BUILD BIN | ||||||||
| SeqArray 1.51.0 (landing page) Xiuwen Zheng
| nebbiolo1 | Linux (Ubuntu 24.04.3 LTS) / x86_64 | OK | ERROR | skipped | |||||||||
|
To the developers/maintainers of the SeqArray package: - Allow up to 24 hours (and sometimes 48 hours) for your latest push to git@git.bioconductor.org:packages/SeqArray.git to reflect on this report. See Troubleshooting Build Report for more information. - Use the following Renviron settings to reproduce errors and warnings. - If 'R CMD check' started to fail recently on the Linux builder(s) over a missing dependency, add the missing dependency to 'Suggests:' in your DESCRIPTION file. See Renviron.bioc for more information. |
| Package: SeqArray |
| Version: 1.51.0 |
| Command: /home/biocbuild/bbs-3.23-bioc/R/bin/R CMD build --keep-empty-dirs --no-resave-data SeqArray |
| StartedAt: 2025-10-30 19:00:03 -0400 (Thu, 30 Oct 2025) |
| EndedAt: 2025-10-30 19:01:42 -0400 (Thu, 30 Oct 2025) |
| EllapsedTime: 99.1 seconds |
| RetCode: 1 |
| Status: ERROR |
| PackageFile: None |
| PackageFileSize: NA |
##############################################################################
##############################################################################
###
### Running command:
###
### /home/biocbuild/bbs-3.23-bioc/R/bin/R CMD build --keep-empty-dirs --no-resave-data SeqArray
###
##############################################################################
##############################################################################
* checking for file ‘SeqArray/DESCRIPTION’ ... OK
* preparing ‘SeqArray’:
* checking DESCRIPTION meta-information ... OK
* cleaning src
* installing the package (it is needed to build vignettes)
* creating vignettes ... ERROR
--- re-building ‘OverviewSlides.Rmd’ using rmarkdown
--- finished re-building ‘OverviewSlides.Rmd’
--- re-building ‘SeqArray.Rmd’ using rmarkdown
Quitting from SeqArray.Rmd:293-299 [unnamed-chunk-11]
~~~~~~~~~~~~~~~~~~~~~~~~~~~~~~~~~~~~~~~~~~~~~~~~~~~~~~~~~~~~~~~~~~~~~~~~~~~~~~~~~~~~~~~~~~~~~~~~~~~~~~~~~~~~~~
<error/rlang_error>
Error in `seqAsVCF()`:
! Please install VariantAnnotation to use this function
---
Backtrace:
▆
1. └─SeqArray::seqAsVCF(file, chr.prefix = "chr")
~~~~~~~~~~~~~~~~~~~~~~~~~~~~~~~~~~~~~~~~~~~~~~~~~~~~~~~~~~~~~~~~~~~~~~~~~~~~~~~~~~~~~~~~~~~~~~~~~~~~~~~~~~~~~~
Error: processing vignette 'SeqArray.Rmd' failed with diagnostics:
Please install VariantAnnotation to use this function
--- failed re-building ‘SeqArray.Rmd’
--- re-building ‘SeqArrayTutorial.Rmd’ using rmarkdown
--- finished re-building ‘SeqArrayTutorial.Rmd’
SUMMARY: processing the following file failed:
‘SeqArray.Rmd’
Error: Vignette re-building failed.
Execution halted