Back to Multiple platform build/check report for BioC 3.22:   simplified   long
ABCDEFGHIJKLMNOPQR[S]TUVWXYZ

This page was generated on 2025-10-04 12:04 -0400 (Sat, 04 Oct 2025).

HostnameOSArch (*)R versionInstalled pkgs
nebbiolo2Linux (Ubuntu 24.04.3 LTS)x86_644.5.1 Patched (2025-08-23 r88802) -- "Great Square Root" 4853
lconwaymacOS 12.7.1 Montereyx86_644.5.1 Patched (2025-09-10 r88807) -- "Great Square Root" 4640
kjohnson3macOS 13.7.7 Venturaarm644.5.1 Patched (2025-09-10 r88807) -- "Great Square Root" 4585
taishanLinux (openEuler 24.03 LTS)aarch644.5.0 (2025-04-11) -- "How About a Twenty-Six" 4576
Click on any hostname to see more info about the system (e.g. compilers)      (*) as reported by 'uname -p', except on Windows and Mac OS X

Package 1975/2341HostnameOS / ArchINSTALLBUILDCHECKBUILD BIN
SETA 0.99.6  (landing page)
Kyle Kimler
Snapshot Date: 2025-10-03 13:45 -0400 (Fri, 03 Oct 2025)
git_url: https://git.bioconductor.org/packages/SETA
git_branch: devel
git_last_commit: 020938d
git_last_commit_date: 2025-09-28 22:25:50 -0400 (Sun, 28 Sep 2025)
nebbiolo2Linux (Ubuntu 24.04.3 LTS) / x86_64  OK    OK    ERROR  
lconwaymacOS 12.7.1 Monterey / x86_64  OK    OK    OK    OK  YES
kjohnson3macOS 13.7.7 Ventura / arm64  OK    OK    OK    OK  YES
taishanLinux (openEuler 24.03 LTS) / aarch64  NA    NA    NA  


CHECK results for SETA on nebbiolo2

To the developers/maintainers of the SETA package:
- Allow up to 24 hours (and sometimes 48 hours) for your latest push to git@git.bioconductor.org:packages/SETA.git to reflect on this report. See Troubleshooting Build Report for more information.
- Use the following Renviron settings to reproduce errors and warnings.
- If 'R CMD check' started to fail recently on the Linux builder(s) over a missing dependency, add the missing dependency to 'Suggests:' in your DESCRIPTION file. See Renviron.bioc for more information.

raw results


Summary

Package: SETA
Version: 0.99.6
Command: /home/biocbuild/bbs-3.22-bioc/R/bin/R CMD check --install=check:SETA.install-out.txt --library=/home/biocbuild/bbs-3.22-bioc/R/site-library --timings SETA_0.99.6.tar.gz
StartedAt: 2025-10-04 04:12:41 -0400 (Sat, 04 Oct 2025)
EndedAt: 2025-10-04 04:18:38 -0400 (Sat, 04 Oct 2025)
EllapsedTime: 357.5 seconds
RetCode: 1
Status:   ERROR  
CheckDir: SETA.Rcheck
Warnings: NA

Command output

##############################################################################
##############################################################################
###
### Running command:
###
###   /home/biocbuild/bbs-3.22-bioc/R/bin/R CMD check --install=check:SETA.install-out.txt --library=/home/biocbuild/bbs-3.22-bioc/R/site-library --timings SETA_0.99.6.tar.gz
###
##############################################################################
##############################################################################


* using log directory ‘/home/biocbuild/bbs-3.22-bioc/meat/SETA.Rcheck’
* using R version 4.5.1 Patched (2025-08-23 r88802)
* using platform: x86_64-pc-linux-gnu
* R was compiled by
    gcc (Ubuntu 13.3.0-6ubuntu2~24.04) 13.3.0
    GNU Fortran (Ubuntu 13.3.0-6ubuntu2~24.04) 13.3.0
* running under: Ubuntu 24.04.3 LTS
* using session charset: UTF-8
* checking for file ‘SETA/DESCRIPTION’ ... OK
* this is package ‘SETA’ version ‘0.99.6’
* package encoding: UTF-8
* checking package namespace information ... OK
* checking package dependencies ... OK
* checking if this is a source package ... OK
* checking if there is a namespace ... OK
* checking for hidden files and directories ... OK
* checking for portable file names ... OK
* checking for sufficient/correct file permissions ... OK
* checking whether package ‘SETA’ can be installed ... OK
* checking installed package size ... OK
* checking package directory ... OK
* checking ‘build’ directory ... OK
* checking DESCRIPTION meta-information ... OK
* checking top-level files ... OK
* checking for left-over files ... OK
* checking index information ... OK
* checking package subdirectories ... OK
* checking code files for non-ASCII characters ... OK
* checking R files for syntax errors ... OK
* checking whether the package can be loaded ... OK
* checking whether the package can be loaded with stated dependencies ... OK
* checking whether the package can be unloaded cleanly ... OK
* checking whether the namespace can be loaded with stated dependencies ... OK
* checking whether the namespace can be unloaded cleanly ... OK
* checking loading without being on the library search path ... OK
* checking dependencies in R code ... OK
* checking S3 generic/method consistency ... OK
* checking replacement functions ... OK
* checking foreign function calls ... OK
* checking R code for possible problems ... OK
* checking Rd files ... OK
* checking Rd metadata ... OK
* checking Rd cross-references ... OK
* checking for missing documentation entries ... OK
* checking for code/documentation mismatches ... OK
* checking Rd \usage sections ... OK
* checking Rd contents ... OK
* checking for unstated dependencies in examples ... OK
* checking files in ‘vignettes’ ... OK
* checking examples ... OK
* checking for unstated dependencies in ‘tests’ ... OK
* checking tests ...
  Running ‘testthat.R’
 OK
* checking for unstated dependencies in vignettes ... OK
* checking package vignettes ... OK
* checking re-building of vignette outputs ... ERROR
Error(s) in re-building vignettes:
--- re-building ‘comparing_samples.Rmd’ using rmarkdown

Quitting from comparing_samples.Rmd:259-272 [caret]
~~~~~~~~~~~~~~~~~~~~~~~~~~~~~~~~~~~~~~~~~~~~~~~~~~~~~~~~~~~~~~~~~~~~~~~~~~~~~~~~
<error/rlang_error>
Error:
! Required packages are missing: glmnet
---
Backtrace:
    ▆
 1. ├─caret::train(...)
 2. └─caret:::train.formula(...)
 3.   ├─caret::train(x, y, weights = w, ...)
 4.   └─caret:::train.default(x, y, weights = w, ...)
 5.     └─caret::checkInstall(models$library)
~~~~~~~~~~~~~~~~~~~~~~~~~~~~~~~~~~~~~~~~~~~~~~~~~~~~~~~~~~~~~~~~~~~~~~~~~~~~~~~~

Error: processing vignette 'comparing_samples.Rmd' failed with diagnostics:
Required packages are missing: glmnet
--- failed re-building ‘comparing_samples.Rmd’

--- re-building ‘introductory_vignette.Rmd’ using rmarkdown
--- finished re-building ‘introductory_vignette.Rmd’

--- re-building ‘reference_frames.Rmd’ using rmarkdown
--- finished re-building ‘reference_frames.Rmd’

SUMMARY: processing the following file failed:
  ‘comparing_samples.Rmd’

Error: Vignette re-building failed.
Execution halted

* checking PDF version of manual ... OK
* DONE

Status: 1 ERROR
See
  ‘/home/biocbuild/bbs-3.22-bioc/meat/SETA.Rcheck/00check.log’
for details.


Installation output

SETA.Rcheck/00install.out

##############################################################################
##############################################################################
###
### Running command:
###
###   /home/biocbuild/bbs-3.22-bioc/R/bin/R CMD INSTALL SETA
###
##############################################################################
##############################################################################


* installing to library ‘/home/biocbuild/bbs-3.22-bioc/R/site-library’
* installing *source* package ‘SETA’ ...
** this is package ‘SETA’ version ‘0.99.6’
** using staged installation
** R
** byte-compile and prepare package for lazy loading
** help
*** installing help indices
*** copying figures
** building package indices
** installing vignettes
** testing if installed package can be loaded from temporary location
** testing if installed package can be loaded from final location
** testing if installed package keeps a record of temporary installation path
* DONE (SETA)

Tests output

SETA.Rcheck/tests/testthat.Rout


R version 4.5.1 Patched (2025-08-23 r88802) -- "Great Square Root"
Copyright (C) 2025 The R Foundation for Statistical Computing
Platform: x86_64-pc-linux-gnu

R is free software and comes with ABSOLUTELY NO WARRANTY.
You are welcome to redistribute it under certain conditions.
Type 'license()' or 'licence()' for distribution details.

R is a collaborative project with many contributors.
Type 'contributors()' for more information and
'citation()' on how to cite R or R packages in publications.

Type 'demo()' for some demos, 'help()' for on-line help, or
'help.start()' for an HTML browser interface to help.
Type 'q()' to quit R.

> library(testthat)
> library(SETA)
> test_check("SETA")
initial  value 0.000000 
final  value 0.000000 
converged
[ FAIL 0 | WARN 0 | SKIP 0 | PASS 178 ]
> 
> proc.time()
   user  system elapsed 
 23.694   0.906  24.653 

Example timings

SETA.Rcheck/SETA-Ex.timings

nameusersystemelapsed
data2.4950.0232.517
resolveGroup0.0010.0000.001
setaALR0.0010.0000.001
setaBalance0.0030.0000.004
setaCLR0.0010.0000.001
setaCounts0.0030.0000.003
setaDistances0.0030.0020.005
setaILR0.0010.0000.001
setaLatent0.0020.0010.003
setaLogCPM0.0010.0000.000
setaMetadata000
setaPercent0.0010.0000.000
setaTaxonomyDF0.0030.0000.003
setaTransform0.0010.0000.001
taxonomy_to_tbl_graph1.1480.0551.203