Back to Build/check report for BioC 3.23:   simplified   long
ABCDEFGHIJKLMNOPQ[R]STUVWXYZ

This page was generated on 2025-11-01 11:33 -0400 (Sat, 01 Nov 2025).

HostnameOSArch (*)R versionInstalled pkgs
nebbiolo1Linux (Ubuntu 24.04.3 LTS)x86_64R Under development (unstable) (2025-10-20 r88955) -- "Unsuffered Consequences" 4774
Click on any hostname to see more info about the system (e.g. compilers)      (*) as reported by 'uname -p', except on Windows and Mac OS X

Package 1804/2321HostnameOS / ArchINSTALLBUILDCHECKBUILD BIN
RolDE 1.15.0  (landing page)
Medical Bioinformatics Centre
Snapshot Date: 2025-10-31 13:40 -0400 (Fri, 31 Oct 2025)
git_url: https://git.bioconductor.org/packages/RolDE
git_branch: devel
git_last_commit: 30dfeba
git_last_commit_date: 2025-10-29 11:16:17 -0400 (Wed, 29 Oct 2025)
nebbiolo1Linux (Ubuntu 24.04.3 LTS) / x86_64  OK    ERROR  skipped


BUILD results for RolDE on nebbiolo1

To the developers/maintainers of the RolDE package:
- Allow up to 24 hours (and sometimes 48 hours) for your latest push to git@git.bioconductor.org:packages/RolDE.git to reflect on this report. See Troubleshooting Build Report for more information.
- Use the following Renviron settings to reproduce errors and warnings.
- If 'R CMD check' started to fail recently on the Linux builder(s) over a missing dependency, add the missing dependency to 'Suggests:' in your DESCRIPTION file. See Renviron.bioc for more information.

raw results


Summary

Package: RolDE
Version: 1.15.0
Command: /home/biocbuild/bbs-3.23-bioc/R/bin/R CMD build --keep-empty-dirs --no-resave-data RolDE
StartedAt: 2025-10-31 19:51:52 -0400 (Fri, 31 Oct 2025)
EndedAt: 2025-10-31 19:52:21 -0400 (Fri, 31 Oct 2025)
EllapsedTime: 29.0 seconds
RetCode: 1
Status:   ERROR  
PackageFile: None
PackageFileSize: NA

Command output

##############################################################################
##############################################################################
###
### Running command:
###
###   /home/biocbuild/bbs-3.23-bioc/R/bin/R CMD build --keep-empty-dirs --no-resave-data RolDE
###
##############################################################################
##############################################################################


* checking for file ‘RolDE/DESCRIPTION’ ... OK
* preparing ‘RolDE’:
* checking DESCRIPTION meta-information ... OK
* installing the package (it is needed to build vignettes)
* creating vignettes ... ERROR
--- re-building ‘Introduction.Rmd’ using rmarkdown
Warning: The vignette title specified in \VignetteIndexEntry{} is different from the title in the YAML metadata. The former is "Introduction", and the latter is "Introduction to the Robust longitudinal Differential Expression (RolDE) method". If that is intentional, you may set options(rmarkdown.html_vignette.check_title = FALSE) to suppress this check.
File ../../../doc/html/Rlogo.svg not found in resource path
Error: processing vignette 'Introduction.Rmd' failed with diagnostics:
pandoc document conversion failed with error 99
--- failed re-building ‘Introduction.Rmd’

SUMMARY: processing the following file failed:
  ‘Introduction.Rmd’

Error: Vignette re-building failed.
Execution halted