Back to Build/check report for BioC 3.23:   simplified   long
ABCDEFGHIJKLMNOPQ[R]STUVWXYZ

This page was generated on 2025-11-04 11:32 -0500 (Tue, 04 Nov 2025).

HostnameOSArch (*)R versionInstalled pkgs
nebbiolo1Linux (Ubuntu 24.04.3 LTS)x86_64R Under development (unstable) (2025-10-20 r88955) -- "Unsuffered Consequences" 4788
Click on any hostname to see more info about the system (e.g. compilers)      (*) as reported by 'uname -p', except on Windows and Mac OS X

Package 1752/2323HostnameOS / ArchINSTALLBUILDCHECKBUILD BIN
RgnTX 1.13.0  (landing page)
Yue Wang
Snapshot Date: 2025-11-03 13:40 -0500 (Mon, 03 Nov 2025)
git_url: https://git.bioconductor.org/packages/RgnTX
git_branch: devel
git_last_commit: 12da9df
git_last_commit_date: 2025-10-29 11:17:15 -0500 (Wed, 29 Oct 2025)
nebbiolo1Linux (Ubuntu 24.04.3 LTS) / x86_64  OK    ERROR  skipped


BUILD results for RgnTX on nebbiolo1

To the developers/maintainers of the RgnTX package:
- Allow up to 24 hours (and sometimes 48 hours) for your latest push to git@git.bioconductor.org:packages/RgnTX.git to reflect on this report. See Troubleshooting Build Report for more information.
- Use the following Renviron settings to reproduce errors and warnings.
- If 'R CMD check' started to fail recently on the Linux builder(s) over a missing dependency, add the missing dependency to 'Suggests:' in your DESCRIPTION file. See Renviron.bioc for more information.

raw results


Summary

Package: RgnTX
Version: 1.13.0
Command: /home/biocbuild/bbs-3.23-bioc/R/bin/R CMD build --keep-empty-dirs --no-resave-data RgnTX
StartedAt: 2025-11-03 19:27:09 -0500 (Mon, 03 Nov 2025)
EndedAt: 2025-11-03 19:30:02 -0500 (Mon, 03 Nov 2025)
EllapsedTime: 173.2 seconds
RetCode: 1
Status:   ERROR  
PackageFile: None
PackageFileSize: NA

Command output

##############################################################################
##############################################################################
###
### Running command:
###
###   /home/biocbuild/bbs-3.23-bioc/R/bin/R CMD build --keep-empty-dirs --no-resave-data RgnTX
###
##############################################################################
##############################################################################


* checking for file ‘RgnTX/DESCRIPTION’ ... OK
* preparing ‘RgnTX’:
* checking DESCRIPTION meta-information ... OK
* installing the package (it is needed to build vignettes)
* creating vignettes ... ERROR
--- re-building ‘RgnTX.Rmd’ using rmarkdown

Quitting from RgnTX.Rmd:738-757 [unnamed-chunk-30]
~~~~~~~~~~~~~~~~~~~~~~~~~~~~~~~~~~~~~~~~~~~~~~~~~~~~~~~~~~~~~~~~~~~~~~~~~~~~~~~~
<error/rlang_error>
Error:
! subscript contains invalid names
---
Backtrace:
     ▆
  1. ├─cds.tx0[trans.ids]
  2. └─cds.tx0[trans.ids]
  3.   ├─methods::callNextMethod(x = x, i = i)
  4.   │ └─base::eval(call, callEnv)
  5.   │   └─base::eval(call, callEnv)
  6.   └─S4Vectors (local) .nextMethod(x = x, i = i)
  7.     └─S4Vectors:::subset_along_ROWS(x, i, drop = drop)
  8.       ├─S4Vectors::extractROWS(x, i)
  9.       └─GenomicRanges (local) extractROWS(x, i)
 10.         └─IRanges (local) METHOD(x, i)
 11.           └─S4Vectors::normalizeSingleBracketSubscript(i, x, as.NSBS = TRUE)
 12.             ├─S4Vectors::NSBS(...)
 13.             └─S4Vectors::NSBS(...)
 14.               └─S4Vectors:::.subscript_error("subscript contains invalid ", what)
~~~~~~~~~~~~~~~~~~~~~~~~~~~~~~~~~~~~~~~~~~~~~~~~~~~~~~~~~~~~~~~~~~~~~~~~~~~~~~~~

Error: processing vignette 'RgnTX.Rmd' failed with diagnostics:
subscript contains invalid names
--- failed re-building ‘RgnTX.Rmd’

SUMMARY: processing the following file failed:
  ‘RgnTX.Rmd’

Error: Vignette re-building failed.
Execution halted