Back to Build/check report for BioC 3.23:   simplified   long
ABCDEFGHIJKLMNOPQ[R]STUVWXYZ

This page was generated on 2025-10-31 08:34 -0400 (Fri, 31 Oct 2025).

HostnameOSArch (*)R versionInstalled pkgs
nebbiolo1Linux (Ubuntu 24.04.3 LTS)x86_64R Under development (unstable) (2025-10-20 r88955) -- "Unsuffered Consequences" 4428
Click on any hostname to see more info about the system (e.g. compilers)      (*) as reported by 'uname -p', except on Windows and Mac OS X

Package 1676/2321HostnameOS / ArchINSTALLBUILDCHECKBUILD BIN
RAIDS 1.9.0  (landing page)
Pascal Belleau
Snapshot Date: 2025-10-30 13:40 -0400 (Thu, 30 Oct 2025)
git_url: https://git.bioconductor.org/packages/RAIDS
git_branch: devel
git_last_commit: 27cee94
git_last_commit_date: 2025-10-29 11:25:36 -0400 (Wed, 29 Oct 2025)
nebbiolo1Linux (Ubuntu 24.04.3 LTS) / x86_64  OK    ERROR  skipped


BUILD results for RAIDS on nebbiolo1

To the developers/maintainers of the RAIDS package:
- Allow up to 24 hours (and sometimes 48 hours) for your latest push to git@git.bioconductor.org:packages/RAIDS.git to reflect on this report. See Troubleshooting Build Report for more information.
- Use the following Renviron settings to reproduce errors and warnings.
- If 'R CMD check' started to fail recently on the Linux builder(s) over a missing dependency, add the missing dependency to 'Suggests:' in your DESCRIPTION file. See Renviron.bioc for more information.

raw results


Summary

Package: RAIDS
Version: 1.9.0
Command: /home/biocbuild/bbs-3.23-bioc/R/bin/R CMD build --keep-empty-dirs --no-resave-data RAIDS
StartedAt: 2025-10-30 18:33:26 -0400 (Thu, 30 Oct 2025)
EndedAt: 2025-10-30 18:34:38 -0400 (Thu, 30 Oct 2025)
EllapsedTime: 72.1 seconds
RetCode: 1
Status:   ERROR  
PackageFile: None
PackageFileSize: NA

Command output

##############################################################################
##############################################################################
###
### Running command:
###
###   /home/biocbuild/bbs-3.23-bioc/R/bin/R CMD build --keep-empty-dirs --no-resave-data RAIDS
###
##############################################################################
##############################################################################


* checking for file ‘RAIDS/DESCRIPTION’ ... OK
* preparing ‘RAIDS’:
* checking DESCRIPTION meta-information ... OK
* installing the package (it is needed to build vignettes)
* creating vignettes ... ERROR
--- re-building ‘Create_Reference_GDS_File.Rmd’ using rmarkdown
--- finished re-building ‘Create_Reference_GDS_File.Rmd’

--- re-building ‘RAIDS.Rmd’ using rmarkdown

Quitting from RAIDS.Rmd:390-398 [printRes]
~~~~~~~~~~~~~~~~~~~~~~~~~~~~~~~~~~~~~~~~~~~~~~~~~~~~~~~~~~~~~~~~~~~~~~~~~~~~~~~~
<error/rlang_error>
Error:
! object 'resOut' not found
~~~~~~~~~~~~~~~~~~~~~~~~~~~~~~~~~~~~~~~~~~~~~~~~~~~~~~~~~~~~~~~~~~~~~~~~~~~~~~~~

Error: processing vignette 'RAIDS.Rmd' failed with diagnostics:
object 'resOut' not found
--- failed re-building ‘RAIDS.Rmd’

--- re-building ‘Wrappers.Rmd’ using rmarkdown
--- finished re-building ‘Wrappers.Rmd’

SUMMARY: processing the following file failed:
  ‘RAIDS.Rmd’

Error: Vignette re-building failed.
Execution halted