Back to Build/check report for BioC 3.23:   simplified   long
ABCDEFGHIJKLMNO[P]QRSTUVWXYZ

This page was generated on 2025-11-03 11:33 -0500 (Mon, 03 Nov 2025).

HostnameOSArch (*)R versionInstalled pkgs
nebbiolo1Linux (Ubuntu 24.04.3 LTS)x86_64R Under development (unstable) (2025-10-20 r88955) -- "Unsuffered Consequences" 4775
Click on any hostname to see more info about the system (e.g. compilers)      (*) as reported by 'uname -p', except on Windows and Mac OS X

Package 1615/2321HostnameOS / ArchINSTALLBUILDCHECKBUILD BIN
PrInCE 1.27.0  (landing page)
Michael Skinnider
Snapshot Date: 2025-11-02 13:40 -0500 (Sun, 02 Nov 2025)
git_url: https://git.bioconductor.org/packages/PrInCE
git_branch: devel
git_last_commit: bfd792d
git_last_commit_date: 2025-10-29 10:50:32 -0500 (Wed, 29 Oct 2025)
nebbiolo1Linux (Ubuntu 24.04.3 LTS) / x86_64  OK    OK    WARNINGS  UNNEEDED, same version is already published


CHECK results for PrInCE on nebbiolo1

To the developers/maintainers of the PrInCE package:
- Allow up to 24 hours (and sometimes 48 hours) for your latest push to git@git.bioconductor.org:packages/PrInCE.git to reflect on this report. See Troubleshooting Build Report for more information.
- Use the following Renviron settings to reproduce errors and warnings.
- If 'R CMD check' started to fail recently on the Linux builder(s) over a missing dependency, add the missing dependency to 'Suggests:' in your DESCRIPTION file. See Renviron.bioc for more information.

raw results


Summary

Package: PrInCE
Version: 1.27.0
Command: /home/biocbuild/bbs-3.23-bioc/R/bin/R CMD check --install=check:PrInCE.install-out.txt --library=/home/biocbuild/bbs-3.23-bioc/R/site-library --timings PrInCE_1.27.0.tar.gz
StartedAt: 2025-11-03 02:18:29 -0500 (Mon, 03 Nov 2025)
EndedAt: 2025-11-03 02:25:20 -0500 (Mon, 03 Nov 2025)
EllapsedTime: 410.5 seconds
RetCode: 0
Status:   WARNINGS  
CheckDir: PrInCE.Rcheck
Warnings: 1

Command output

##############################################################################
##############################################################################
###
### Running command:
###
###   /home/biocbuild/bbs-3.23-bioc/R/bin/R CMD check --install=check:PrInCE.install-out.txt --library=/home/biocbuild/bbs-3.23-bioc/R/site-library --timings PrInCE_1.27.0.tar.gz
###
##############################################################################
##############################################################################


* using log directory ‘/home/biocbuild/bbs-3.23-bioc/meat/PrInCE.Rcheck’
* using R Under development (unstable) (2025-10-20 r88955)
* using platform: x86_64-pc-linux-gnu
* R was compiled by
    gcc (Ubuntu 13.3.0-6ubuntu2~24.04) 13.3.0
    GNU Fortran (Ubuntu 13.3.0-6ubuntu2~24.04) 13.3.0
* running under: Ubuntu 24.04.3 LTS
* using session charset: UTF-8
* checking for file ‘PrInCE/DESCRIPTION’ ... OK
* this is package ‘PrInCE’ version ‘1.27.0’
* package encoding: UTF-8
* checking package namespace information ... OK
* checking package dependencies ... OK
* checking if this is a source package ... OK
* checking if there is a namespace ... OK
* checking for hidden files and directories ... NOTE
Found the following hidden files and directories:
  .lintr
These were most likely included in error. See section ‘Package
structure’ in the ‘Writing R Extensions’ manual.
* checking for portable file names ... OK
* checking for sufficient/correct file permissions ... OK
* checking whether package ‘PrInCE’ can be installed ... OK
* checking installed package size ... OK
* checking package directory ... OK
* checking ‘build’ directory ... OK
* checking DESCRIPTION meta-information ... OK
* checking top-level files ... OK
* checking for left-over files ... OK
* checking index information ... OK
* checking package subdirectories ... OK
* checking code files for non-ASCII characters ... OK
* checking R files for syntax errors ... OK
* checking whether the package can be loaded ... OK
* checking whether the package can be loaded with stated dependencies ... OK
* checking whether the package can be unloaded cleanly ... OK
* checking whether the namespace can be loaded with stated dependencies ... OK
* checking whether the namespace can be unloaded cleanly ... OK
* checking loading without being on the library search path ... OK
* checking dependencies in R code ... OK
* checking S3 generic/method consistency ... OK
* checking replacement functions ... OK
* checking foreign function calls ... OK
* checking R code for possible problems ... NOTE
calculate_features: no visible global function definition for
  ‘quantile’
Undefined global functions or variables:
  quantile
Consider adding
  importFrom("stats", "quantile")
to your NAMESPACE file.
* checking Rd files ... OK
* checking Rd metadata ... OK
* checking Rd cross-references ... NOTE
Found the following Rd file(s) with Rd \link{} targets missing package
anchors:
  PrInCE.Rd: MSnSet-class
  build_gaussians.Rd: MSnSet-class
  calculate_autocorrelation.Rd: MSnSet-class
  calculate_features.Rd: MSnSet-class
  clean_profiles.Rd: MSnSet-class
  detect_complexes.Rd: MSnSet-class
  filter_profiles.Rd: MSnSet-class
Please provide package anchors for all Rd \link{} targets not in the
package itself and the base packages.
* checking for missing documentation entries ... OK
* checking for code/documentation mismatches ... OK
* checking Rd \usage sections ... WARNING
Undocumented arguments in Rd file 'calculate_autocorrelation.Rd'
  ‘min_replicates’

Undocumented arguments in Rd file 'calculate_features.Rd'
  ‘n_pairs’

Functions with \usage entries need to have the appropriate \alias
entries, and all their arguments documented.
The \usage entries must correspond to syntactically valid R code.
See chapter ‘Writing R documentation files’ in the ‘Writing R
Extensions’ manual.
* checking Rd contents ... OK
* checking for unstated dependencies in examples ... OK
* checking contents of ‘data’ directory ... OK
* checking data for non-ASCII characters ... OK
* checking data for ASCII and uncompressed saves ... OK
* checking files in ‘vignettes’ ... OK
* checking examples ... OK
Examples with CPU (user + system) or elapsed time > 5s
                     user system elapsed
predict_ensemble    5.788  0.048   5.837
PrInCE              5.384  0.211   5.597
calculate_precision 5.221  0.160   5.380
* checking for unstated dependencies in vignettes ... OK
* checking package vignettes ... OK
* checking re-building of vignette outputs ... OK
* checking PDF version of manual ... OK
* DONE

Status: 1 WARNING, 3 NOTEs
See
  ‘/home/biocbuild/bbs-3.23-bioc/meat/PrInCE.Rcheck/00check.log’
for details.


Installation output

PrInCE.Rcheck/00install.out

##############################################################################
##############################################################################
###
### Running command:
###
###   /home/biocbuild/bbs-3.23-bioc/R/bin/R CMD INSTALL PrInCE
###
##############################################################################
##############################################################################


* installing to library ‘/home/biocbuild/bbs-3.23-bioc/R/site-library’
* installing *source* package ‘PrInCE’ ...
** this is package ‘PrInCE’ version ‘1.27.0’
** using staged installation
** R
** data
** inst
** byte-compile and prepare package for lazy loading
** help
Loading required namespace: PrInCE
Registered S3 method overwritten by 'quantmod':
  method            from
  as.zoo.data.frame zoo 
*** installing help indices
** building package indices
** installing vignettes
** testing if installed package can be loaded from temporary location
** testing if installed package can be loaded from final location
** testing if installed package keeps a record of temporary installation path
* DONE (PrInCE)

Tests output


Example timings

PrInCE.Rcheck/PrInCE-Ex.timings

nameusersystemelapsed
PrInCE5.3840.2115.597
adjacency_matrix_from_data_frame0.0020.0000.001
adjacency_matrix_from_list0.3270.0010.328
build_gaussians0.3800.0270.407
calculate_precision5.2210.1605.380
check_gaussians0.1190.0040.123
choose_gaussians0.1710.0010.172
clean_profile0.0390.0010.040
clean_profiles0.0410.0000.041
co_apex0.0940.0010.095
detect_complexes0.0980.0020.101
filter_profiles0.2320.0000.232
fit_curve0.1240.0010.125
fit_gaussians0.1280.0000.129
impute_neighbors0.0410.0000.041
is_unweighted0.3670.0510.417
is_weighted0.3440.0200.364
make_initial_conditions0.0410.0010.043
make_labels0.3410.0200.361
match_matrix_dimensions0.5040.0260.531
predict_ensemble5.7880.0485.837
predict_interactions4.9290.0134.943
threshold_precision4.7320.0044.737