| Back to Build/check report for BioC 3.23: simplified long | 
  | 
This page was generated on 2025-11-03 11:33 -0500 (Mon, 03 Nov 2025).
| Hostname | OS | Arch (*) | R version | Installed pkgs | 
|---|---|---|---|---|
| nebbiolo1 | Linux (Ubuntu 24.04.3 LTS) | x86_64 | R Under development (unstable) (2025-10-20 r88955) -- "Unsuffered Consequences" | 4775 | 
| Click on any hostname to see more info about the system (e.g. compilers) (*) as reported by 'uname -p', except on Windows and Mac OS X | ||||
| Package 1576/2321 | Hostname | OS / Arch | INSTALL | BUILD | CHECK | BUILD BIN | ||||||||
| Pigengene 1.37.0  (landing page) Habil Zare 
  | nebbiolo1 | Linux (Ubuntu 24.04.3 LTS) / x86_64 | OK | OK | ERROR | |||||||||
| 
To the developers/maintainers of the Pigengene package: - Allow up to 24 hours (and sometimes 48 hours) for your latest push to git@git.bioconductor.org:packages/Pigengene.git to reflect on this report. See Troubleshooting Build Report for more information. - Use the following Renviron settings to reproduce errors and warnings. - If 'R CMD check' started to fail recently on the Linux builder(s) over a missing dependency, add the missing dependency to 'Suggests:' in your DESCRIPTION file. See Renviron.bioc for more information.  | 
| Package: Pigengene | 
| Version: 1.37.0 | 
| Command: /home/biocbuild/bbs-3.23-bioc/R/bin/R CMD check --install=check:Pigengene.install-out.txt --library=/home/biocbuild/bbs-3.23-bioc/R/site-library --timings Pigengene_1.37.0.tar.gz | 
| StartedAt: 2025-11-03 02:10:36 -0500 (Mon, 03 Nov 2025) | 
| EndedAt: 2025-11-03 02:18:55 -0500 (Mon, 03 Nov 2025) | 
| EllapsedTime: 499.7 seconds | 
| RetCode: 1 | 
| Status: ERROR | 
| CheckDir: Pigengene.Rcheck | 
| Warnings: NA | 
##############################################################################
##############################################################################
###
### Running command:
###
###   /home/biocbuild/bbs-3.23-bioc/R/bin/R CMD check --install=check:Pigengene.install-out.txt --library=/home/biocbuild/bbs-3.23-bioc/R/site-library --timings Pigengene_1.37.0.tar.gz
###
##############################################################################
##############################################################################
* using log directory ‘/home/biocbuild/bbs-3.23-bioc/meat/Pigengene.Rcheck’
* using R Under development (unstable) (2025-10-20 r88955)
* using platform: x86_64-pc-linux-gnu
* R was compiled by
    gcc (Ubuntu 13.3.0-6ubuntu2~24.04) 13.3.0
    GNU Fortran (Ubuntu 13.3.0-6ubuntu2~24.04) 13.3.0
* running under: Ubuntu 24.04.3 LTS
* using session charset: UTF-8
* checking for file ‘Pigengene/DESCRIPTION’ ... OK
* checking extension type ... Package
* this is package ‘Pigengene’ version ‘1.37.0’
* checking package namespace information ... OK
* checking package dependencies ... OK
* checking if this is a source package ... OK
* checking if there is a namespace ... OK
* checking for hidden files and directories ... OK
* checking for portable file names ... OK
* checking for sufficient/correct file permissions ... OK
* checking whether package ‘Pigengene’ can be installed ... OK
* checking installed package size ... OK
* checking package directory ... OK
* checking ‘build’ directory ... OK
* checking DESCRIPTION meta-information ... OK
* checking top-level files ... OK
* checking for left-over files ... OK
* checking index information ... OK
* checking package subdirectories ... OK
* checking code files for non-ASCII characters ... OK
* checking R files for syntax errors ... OK
* checking whether the package can be loaded ... OK
* checking whether the package can be loaded with stated dependencies ... OK
* checking whether the package can be unloaded cleanly ... OK
* checking whether the namespace can be loaded with stated dependencies ... OK
* checking whether the namespace can be unloaded cleanly ... OK
* checking loading without being on the library search path ... OK
* checking dependencies in R code ... NOTE
'library' or 'require' calls in package code:
  ‘AnnotationDbi’ ‘biomaRt’ ‘energy’ ‘org.Hs.eg.db’ ‘org.Mm.eg.db’
  Please use :: or requireNamespace() instead.
  See section 'Suggested packages' in the 'Writing R Extensions' manual.
* checking S3 generic/method consistency ... OK
* checking replacement functions ... OK
* checking foreign function calls ... OK
* checking R code for possible problems ... NOTE
Found the following possibly unsafe calls:
File ‘Pigengene/R/bn.calculation.R’:
  assignInNamespace("supported.clusters", fixArgs, "bnlearn")
one.step.pigengene: no visible binding for global variable
  ‘org.Hs.eg.db’
Undefined global functions or variables:
  org.Hs.eg.db
* checking Rd files ... NOTE
checkRd: (-1) draw.bn.Rd:47: Lost braces
    47 |      rename the nodes name.  See code{rename.node}.}
       |                                      ^
checkRd: (-1) eigengenes33.Rd:21-22: Lost braces
    21 |  {A 202 by 34 matrix. 
       |  ^
checkRd: (-1) eigengenes33.Rd:25: Lost braces; missing escapes or markup?
    25 |  {A 164 by 34 matrix for MDS cases with columns similar to aml.}
       |  ^
checkRd: (-1) eigengenes33.Rd:28: Lost braces; missing escapes or markup?
    28 |  {A numeric vector of length 9166 labeling members of each module. Named by Entrez ID.}
       |  ^
checkRd: (-1) pigengene-class.Rd:25-26: Lost braces in \itemize; meant \describe ?
checkRd: (-1) pigengene-class.Rd:27-29: Lost braces in \itemize; meant \describe ?
checkRd: (-1) pigengene-class.Rd:30-39: Lost braces in \itemize; meant \describe ?
checkRd: (-1) pigengene-class.Rd:40-41: Lost braces in \itemize; meant \describe ?
checkRd: (-1) pigengene-class.Rd:42-44: Lost braces in \itemize; meant \describe ?
checkRd: (-1) pigengene-class.Rd:45-47: Lost braces in \itemize; meant \describe ?
checkRd: (-1) pigengene-class.Rd:48-49: Lost braces in \itemize; meant \describe ?
checkRd: (-1) pigengene-class.Rd:50-52: Lost braces in \itemize; meant \describe ?
checkRd: (-1) pigengene-class.Rd:53-55: Lost braces in \itemize; meant \describe ?
checkRd: (-1) pigengene-class.Rd:56-57: Lost braces in \itemize; meant \describe ?
checkRd: (-1) pigengene-class.Rd:58-59: Lost braces in \itemize; meant \describe ?
checkRd: (-1) pigengene-class.Rd:60-63: Lost braces in \itemize; meant \describe ?
checkRd: (-1) pigengene-class.Rd:64-68: Lost braces in \itemize; meant \describe ?
checkRd: (-1) pigengene-class.Rd:73-76: Lost braces in \itemize; meant \describe ?
checkRd: (-1) pigengene-class.Rd:77-79: Lost braces in \itemize; meant \describe ?
* checking Rd metadata ... OK
* checking Rd cross-references ... NOTE
Non-topic package-anchored link(s) in Rd file 'draw.bn.Rd':
  ‘[bnlearn:bn.class]{bn-class}’
Non-topic package-anchored link(s) in Rd file 'gene.mapping.Rd':
  ‘[org.Hs.eg.db:org.Hs.egBASE]{org.Hs.eg.db}’
  ‘[org.Mm.eg.db:org.Mm.egBASE]{org.Mm.eg.db}’
Non-topic package-anchored link(s) in Rd file 'learn.bn.Rd':
  ‘[bnlearn:preprocessing]{discretize}’ ‘[bnlearn:bn.class]{bn-class}’
See section 'Cross-references' in the 'Writing R Extensions' manual.
* checking for missing documentation entries ... OK
* checking for code/documentation mismatches ... OK
* checking Rd \usage sections ... OK
* checking Rd contents ... OK
* checking for unstated dependencies in examples ... OK
* checking contents of ‘data’ directory ... OK
* checking data for non-ASCII characters ... OK
* checking data for ASCII and uncompressed saves ... OK
* checking sizes of PDF files under ‘inst/doc’ ...* checking files in ‘vignettes’ ... OK
* checking examples ... ERROR
Running examples in ‘Pigengene-Ex.R’ failed
The error most likely occurred in:
> base::assign(".ptime", proc.time(), pos = "CheckExEnv")
> ### Name: gene.mapping
> ### Title: Maps gene IDs
> ### Aliases: gene.mapping
> ### Keywords: misc
> 
> ### ** Examples
> 
>      library(org.Hs.eg.db)
Loading required package: AnnotationDbi
Loading required package: stats4
Loading required package: Biobase
Welcome to Bioconductor
    Vignettes contain introductory material; view with
    'browseVignettes()'. To cite Bioconductor, see
    'citation("Biobase")', and for packages 'citation("pkgname")'.
Loading required package: IRanges
Loading required package: S4Vectors
Attaching package: ‘S4Vectors’
The following object is masked from ‘package:utils’:
    findMatches
The following objects are masked from ‘package:base’:
    I, expand.grid, unname
>      g1 <- gene.mapping(ids="NM_001159995")
Loading required package: org.Mm.eg.db
'select()' returned 1:1 mapping between keys and columns
>      print(g1)
             input          output1 output2
NM_001159995 "NM_001159995" "NRG1"  "NRG1" 
> 
>      ## Mapping to multiple convention
>      library(org.Mm.eg.db)
>      g2 <- gene.mapping(ids=c("NM_170730", "NM_001013580"),
+         inputType="REFSEQ", inputDb=org.Mm.eg.db,
+         outputType=c("SYMBOL","ENTREZID"),
+         outputDb=list(org.Hs.eg.db,org.Mm.eg.db), verbose=1)
Mapping to:  org.Hs.eg.db-SYMBOL 
'select()' returned 1:1 mapping between keys and columns
Loading required package: biomaRt
Error in `req_perform()`:
! Failed to perform HTTP request.
Caused by error in `curl::curl_fetch_memory()`:
! SSL connect error [www.ensembl.org]:
OpenSSL/3.0.13: error:0A00010B:SSL routines::wrong version number
Backtrace:
     ▆
  1. └─Pigengene::gene.mapping(...)
  2.   └─Pigengene::gene.mapping(...)
  3.     └─Pigengene:::hu.mouse(verbose = verbose)
  4.       └─biomaRt::useMart(...)
  5.         └─biomaRt:::.useMart(...)
  6.           └─biomaRt:::.listMarts(...)
  7.             └─biomaRt:::bmRequest(...)
  8.               └─httr2::req_perform(request)
  9.                 └─httr2:::handle_resp(req, resp, error_call = error_call)
 10.                   └─rlang::cnd_signal(resp)
Execution halted
Examples with CPU (user + system) or elapsed time > 5s
                    user system elapsed
Pigengene-package 69.867  1.011  70.848
determine.modules 14.634  0.023  14.658
apply.filter      14.259  0.163  14.423
combine.networks  13.982  0.014  13.990
compute.pigengene 11.466  0.227  11.693
compact.tree       9.699  0.024   9.722
* checking for unstated dependencies in vignettes ... OK
* checking package vignettes ... OK
* checking re-building of vignette outputs ... OK
* checking PDF version of manual ... OK
* DONE
Status: 1 ERROR, 4 NOTEs
See
  ‘/home/biocbuild/bbs-3.23-bioc/meat/Pigengene.Rcheck/00check.log’
for details.
Pigengene.Rcheck/00install.out
############################################################################## ############################################################################## ### ### Running command: ### ### /home/biocbuild/bbs-3.23-bioc/R/bin/R CMD INSTALL Pigengene ### ############################################################################## ############################################################################## * installing to library ‘/home/biocbuild/bbs-3.23-bioc/R/site-library’ * installing *source* package ‘Pigengene’ ... ** this is package ‘Pigengene’ version ‘1.37.0’ ** using staged installation ** R ** data ** inst ** byte-compile and prepare package for lazy loading ** help *** installing help indices ** building package indices ** installing vignettes ** testing if installed package can be loaded from temporary location ** testing if installed package can be loaded from final location ** testing if installed package keeps a record of temporary installation path * DONE (Pigengene)
Pigengene.Rcheck/Pigengene-Ex.timings
| name | user | system | elapsed | |
| Pigengene-package | 69.867 | 1.011 | 70.848 | |
| aml | 0.151 | 0.008 | 0.154 | |
| apply.filter | 14.259 | 0.163 | 14.423 | |
| balance | 0.365 | 0.091 | 0.460 | |
| calculate.beta | 0.776 | 0.012 | 0.789 | |
| check.nas | 0.043 | 0.000 | 0.042 | |
| check.pigengene.input | 0.041 | 0.002 | 0.043 | |
| combine.networks | 13.982 | 0.014 | 13.990 | |
| compact.tree | 9.699 | 0.024 | 9.722 | |
| compute.pigengene | 11.466 | 0.227 | 11.693 | |
| dcor.matrix | 0.171 | 0.001 | 0.172 | |
| determine.modules | 14.634 | 0.023 | 14.658 | |
| draw.bn | 0.000 | 0.001 | 0.000 | |
| eigengenes33 | 0.115 | 0.000 | 0.114 | |