| Back to Build/check report for BioC 3.23: simplified long |
|
This page was generated on 2025-10-31 08:34 -0400 (Fri, 31 Oct 2025).
| Hostname | OS | Arch (*) | R version | Installed pkgs |
|---|---|---|---|---|
| nebbiolo1 | Linux (Ubuntu 24.04.3 LTS) | x86_64 | R Under development (unstable) (2025-10-20 r88955) -- "Unsuffered Consequences" | 4428 |
| Click on any hostname to see more info about the system (e.g. compilers) (*) as reported by 'uname -p', except on Windows and Mac OS X | ||||
| Package 1570/2321 | Hostname | OS / Arch | INSTALL | BUILD | CHECK | BUILD BIN | ||||||||
| PhosR 1.21.0 (landing page) Di Xiao
| nebbiolo1 | Linux (Ubuntu 24.04.3 LTS) / x86_64 | OK | ERROR | skipped | |||||||||
|
To the developers/maintainers of the PhosR package: - Allow up to 24 hours (and sometimes 48 hours) for your latest push to git@git.bioconductor.org:packages/PhosR.git to reflect on this report. See Troubleshooting Build Report for more information. - Use the following Renviron settings to reproduce errors and warnings. - If 'R CMD check' started to fail recently on the Linux builder(s) over a missing dependency, add the missing dependency to 'Suggests:' in your DESCRIPTION file. See Renviron.bioc for more information. |
| Package: PhosR |
| Version: 1.21.0 |
| Command: /home/biocbuild/bbs-3.23-bioc/R/bin/R CMD build --keep-empty-dirs --no-resave-data PhosR |
| StartedAt: 2025-10-30 18:24:20 -0400 (Thu, 30 Oct 2025) |
| EndedAt: 2025-10-30 18:25:08 -0400 (Thu, 30 Oct 2025) |
| EllapsedTime: 48.1 seconds |
| RetCode: 1 |
| Status: ERROR |
| PackageFile: None |
| PackageFileSize: NA |
##############################################################################
##############################################################################
###
### Running command:
###
### /home/biocbuild/bbs-3.23-bioc/R/bin/R CMD build --keep-empty-dirs --no-resave-data PhosR
###
##############################################################################
##############################################################################
* checking for file ‘PhosR/DESCRIPTION’ ... OK
* preparing ‘PhosR’:
* checking DESCRIPTION meta-information ... OK
* installing the package (it is needed to build vignettes)
* creating vignettes ... ERROR
--- re-building ‘PhosR.Rmd’ using rmarkdown
Quitting from PhosR.Rmd:488-498 [unnamed-chunk-39]
~~~~~~~~~~~~~~~~~~~~~~~~~~~~~~~~~~~~~~~~~~~~~~~~~~~~~~~~~~~~~~~~~~~~~~~~~~~~~~~~
<error/rlang_error>
Error in `library()`:
! there is no package called 'org.Rn.eg.db'
---
Backtrace:
▆
1. ├─base::suppressPackageStartupMessages(...)
2. │ └─base::withCallingHandlers(expr, packageStartupMessage = function(c) tryInvokeRestart("muffleMessage"))
3. └─base::library(org.Rn.eg.db)
~~~~~~~~~~~~~~~~~~~~~~~~~~~~~~~~~~~~~~~~~~~~~~~~~~~~~~~~~~~~~~~~~~~~~~~~~~~~~~~~
Error: processing vignette 'PhosR.Rmd' failed with diagnostics:
there is no package called 'org.Rn.eg.db'
--- failed re-building ‘PhosR.Rmd’
SUMMARY: processing the following file failed:
‘PhosR.Rmd’
Error: Vignette re-building failed.
Execution halted