Back to Multiple platform build/check report for BioC 3.23:   simplified   long
ABCDEFGHIJKL[M]NOPQRSTUVWXYZ

This page was generated on 2025-11-21 11:39 -0500 (Fri, 21 Nov 2025).

HostnameOSArch (*)R versionInstalled pkgs
nebbiolo1Linux (Ubuntu 24.04.3 LTS)x86_64R Under development (unstable) (2025-10-20 r88955) -- "Unsuffered Consequences" 4829
lconwaymacOS 12.7.6 Montereyx86_64R Under development (unstable) (2025-10-21 r88958) -- "Unsuffered Consequences" 4602
kjohnson3macOS 13.7.7 Venturaarm64R Under development (unstable) (2025-11-04 r88984) -- "Unsuffered Consequences" 4566
Click on any hostname to see more info about the system (e.g. compilers)      (*) as reported by 'uname -p', except on Windows and Mac OS X

Package 1218/2327HostnameOS / ArchINSTALLBUILDCHECKBUILD BIN
MesKit 1.21.0  (landing page)
Mengni Liu
Snapshot Date: 2025-11-20 13:40 -0500 (Thu, 20 Nov 2025)
git_url: https://git.bioconductor.org/packages/MesKit
git_branch: devel
git_last_commit: 15660f6
git_last_commit_date: 2025-10-29 11:01:00 -0500 (Wed, 29 Oct 2025)
nebbiolo1Linux (Ubuntu 24.04.3 LTS) / x86_64  OK    OK    WARNINGS  UNNEEDED, same version is already published
lconwaymacOS 12.7.6 Monterey / x86_64  OK    OK    WARNINGS    OK  UNNEEDED, same version is already published
kjohnson3macOS 13.7.7 Ventura / arm64  OK    OK    WARNINGS    OK  UNNEEDED, same version is already published


CHECK results for MesKit on kjohnson3

To the developers/maintainers of the MesKit package:
- Allow up to 24 hours (and sometimes 48 hours) for your latest push to git@git.bioconductor.org:packages/MesKit.git to reflect on this report. See Troubleshooting Build Report for more information.
- Use the following Renviron settings to reproduce errors and warnings.
- If 'R CMD check' started to fail recently on the Linux builder(s) over a missing dependency, add the missing dependency to 'Suggests:' in your DESCRIPTION file. See Renviron.bioc for more information.

raw results


Summary

Package: MesKit
Version: 1.21.0
Command: /Library/Frameworks/R.framework/Resources/bin/R CMD check --install=check:MesKit.install-out.txt --library=/Library/Frameworks/R.framework/Resources/library --no-vignettes --timings MesKit_1.21.0.tar.gz
StartedAt: 2025-11-20 20:49:59 -0500 (Thu, 20 Nov 2025)
EndedAt: 2025-11-20 20:53:32 -0500 (Thu, 20 Nov 2025)
EllapsedTime: 213.7 seconds
RetCode: 0
Status:   WARNINGS  
CheckDir: MesKit.Rcheck
Warnings: 1

Command output

##############################################################################
##############################################################################
###
### Running command:
###
###   /Library/Frameworks/R.framework/Resources/bin/R CMD check --install=check:MesKit.install-out.txt --library=/Library/Frameworks/R.framework/Resources/library --no-vignettes --timings MesKit_1.21.0.tar.gz
###
##############################################################################
##############################################################################


* using log directory ‘/Users/biocbuild/bbs-3.23-bioc/meat/MesKit.Rcheck’
* using R Under development (unstable) (2025-11-04 r88984)
* using platform: aarch64-apple-darwin20
* R was compiled by
    Apple clang version 16.0.0 (clang-1600.0.26.6)
    GNU Fortran (GCC) 14.2.0
* running under: macOS Ventura 13.7.8
* using session charset: UTF-8
* using option ‘--no-vignettes’
* checking for file ‘MesKit/DESCRIPTION’ ... OK
* checking extension type ... Package
* this is package ‘MesKit’ version ‘1.21.0’
* package encoding: UTF-8
* checking package namespace information ... OK
* checking package dependencies ... OK
* checking if this is a source package ... OK
* checking if there is a namespace ... OK
* checking for hidden files and directories ... OK
* checking for portable file names ... OK
* checking for sufficient/correct file permissions ... OK
* checking whether package ‘MesKit’ can be installed ... WARNING
Found the following significant warnings:
  Warning: replacing previous import ‘ape::degree’ by ‘circlize::degree’ when loading ‘MesKit’
  Warning: replacing previous import ‘ape::where’ by ‘dplyr::where’ when loading ‘MesKit’
  Warning: replacing previous import ‘dplyr::count’ by ‘mclust::count’ when loading ‘MesKit’
See ‘/Users/biocbuild/bbs-3.23-bioc/meat/MesKit.Rcheck/00install.out’ for details.
* checking installed package size ... INFO
  installed size is  5.9Mb
  sub-directories of 1Mb or more:
    extdata   4.9Mb
* checking package directory ... OK
* checking ‘build’ directory ... OK
* checking DESCRIPTION meta-information ... OK
* checking top-level files ... NOTE
File
  LICENSE
is not mentioned in the DESCRIPTION file.
* checking for left-over files ... OK
* checking index information ... OK
* checking package subdirectories ... OK
* checking code files for non-ASCII characters ... OK
* checking R files for syntax errors ... OK
* checking whether the package can be loaded ... OK
* checking whether the package can be loaded with stated dependencies ... OK
* checking whether the package can be unloaded cleanly ... OK
* checking whether the namespace can be loaded with stated dependencies ... OK
* checking whether the namespace can be unloaded cleanly ... OK
* checking dependencies in R code ... OK
* checking S3 generic/method consistency ... OK
* checking replacement functions ... OK
* checking foreign function calls ... OK
* checking R code for possible problems ... NOTE
calJSI : processJSI: no visible binding for global variable ‘CCF’
cna2gene: no visible global function definition for ‘genes’
cna2gene: no visible binding for global variable ‘org.Hs.eg.db’
cna2gene: no visible binding for global variable ‘seqnames’
cna2gene: no visible binding for global variable ‘Chromosome’
cna2gene: no visible binding for global variable ‘Hugo_Symbol’
cna2gene: no visible binding for global variable ‘Start_Position’
cna2gene: no visible binding for global variable ‘End_Position’
cna2gene: no visible binding for global variable ‘i.End_Position’
cna2gene: no visible binding for global variable ‘i.Start_Position’
cna2gene: no visible binding for global variable ‘Patient_ID’
cna2gene: no visible binding for global variable ‘Tumor_Sample_Barcode’
cna2gene: no visible binding for global variable ‘seg_id’
cna2gene: no visible binding for global variable ‘overlap_width’
copyNumberFilter: no visible binding for global variable ‘Patient_ID’
drawVAFCombine: no visible binding for global variable ‘V’
drawVAFCombineVline: no visible binding for global variable ‘V’
fitSignatures : processFitSig: no visible binding for global variable
  ‘Branch’
fitSignatures : processFitSig: no visible binding for global variable
  ‘Original’
fitSignatures : processFitSig: no visible binding for global variable
  ‘Reconstructed’
mutCluster : processVafcluster_sample: no visible binding for global
  variable ‘cluster’
plotCNA: no visible binding for global variable ‘Cytoband’
plotCNA: no visible binding for global variable ‘Cytoband_pos’
plotCNA: no visible binding for global variable ‘gene_id’
plotCNA: no visible binding for global variable ‘gene_pos’
plotCNA: no visible binding for global variable ‘Hugo_Symbol’
plotTree: no visible binding for global variable ‘is.match’
plotTree: no visible binding for global variable ‘x’
plotTree: no visible binding for global variable ‘y’
plotTree: no visible binding for global variable ‘xend’
plotTree: no visible binding for global variable ‘yend’
Undefined global functions or variables:
  Branch CCF Chromosome Cytoband Cytoband_pos End_Position Hugo_Symbol
  Original Patient_ID Reconstructed Start_Position Tumor_Sample_Barcode
  V cluster gene_id gene_pos genes i.End_Position i.Start_Position
  is.match org.Hs.eg.db overlap_width seg_id seqnames x xend y yend
* checking Rd files ... OK
* checking Rd metadata ... OK
* checking Rd cross-references ... OK
* checking for missing documentation entries ... OK
* checking for code/documentation mismatches ... OK
* checking Rd \usage sections ... OK
* checking Rd contents ... OK
* checking for unstated dependencies in examples ... OK
* checking files in ‘vignettes’ ... OK
* checking examples ... OK
Examples with CPU (user + system) or elapsed time > 5s
                       user system elapsed
cna2gene             10.149  0.329  10.960
calFst                5.157  0.061   5.652
getTree               4.564  0.153   5.104
getTreeMethod         4.548  0.133   5.201
plotMutSigProfile     4.553  0.095   5.175
getPhyloTreeTsbLabel  4.493  0.152   5.066
getPhyloTree          4.463  0.177   5.147
getPhyloTreeRef       4.500  0.121   5.144
mutHeatmap            4.477  0.039   5.066
* checking for unstated dependencies in vignettes ... OK
* checking package vignettes ... OK
* checking running R code from vignettes ... SKIPPED
* checking re-building of vignette outputs ... SKIPPED
* checking PDF version of manual ... OK
* DONE

Status: 1 WARNING, 2 NOTEs
See
  ‘/Users/biocbuild/bbs-3.23-bioc/meat/MesKit.Rcheck/00check.log’
for details.


Installation output

MesKit.Rcheck/00install.out

##############################################################################
##############################################################################
###
### Running command:
###
###   /Library/Frameworks/R.framework/Resources/bin/R CMD INSTALL MesKit
###
##############################################################################
##############################################################################


* installing to library ‘/Library/Frameworks/R.framework/Versions/4.6-arm64/Resources/library’
* installing *source* package ‘MesKit’ ...
** this is package ‘MesKit’ version ‘1.21.0’
** using staged installation
** R
** inst
** byte-compile and prepare package for lazy loading
Warning: replacing previous import ‘ape::degree’ by ‘circlize::degree’ when loading ‘MesKit’
Warning: replacing previous import ‘ape::where’ by ‘dplyr::where’ when loading ‘MesKit’
Warning: replacing previous import ‘dplyr::count’ by ‘mclust::count’ when loading ‘MesKit’
** help
*** installing help indices
** building package indices
** installing vignettes
** testing if installed package can be loaded from temporary location
Warning: replacing previous import ‘ape::degree’ by ‘circlize::degree’ when loading ‘MesKit’
Warning: replacing previous import ‘ape::where’ by ‘dplyr::where’ when loading ‘MesKit’
Warning: replacing previous import ‘dplyr::count’ by ‘mclust::count’ when loading ‘MesKit’
** testing if installed package can be loaded from final location
Warning: replacing previous import ‘ape::degree’ by ‘circlize::degree’ when loading ‘MesKit’
Warning: replacing previous import ‘ape::where’ by ‘dplyr::where’ when loading ‘MesKit’
Warning: replacing previous import ‘dplyr::count’ by ‘mclust::count’ when loading ‘MesKit’
** testing if installed package keeps a record of temporary installation path
* DONE (MesKit)

Tests output


Example timings

MesKit.Rcheck/MesKit-Ex.timings

nameusersystemelapsed
calFst5.1570.0615.652
calJSI3.3890.0293.708
calNeiDist3.3310.0283.654
ccfAUC3.4790.0353.768
classifyMut2.5430.1852.871
cna2gene10.149 0.32910.960
compareCCF3.7360.4154.449
compareTree3.5020.0693.782
fitSignatures2.9750.0903.214
getBinaryMatrix4.3840.1664.811
getBootstrapValue4.3780.1174.901
getBranchType4.3970.1324.955
getCCFMatrix4.4280.1234.884
getMafData2.7430.0643.017
getMafPatient2.0870.0212.306
getMafRef2.1230.0162.354
getMutBranches4.3550.1724.896
getNonSyn_vc2.1330.0172.332
getPhyloTree4.4630.1775.147
getPhyloTreePatient4.3760.1454.849
getPhyloTreeRef4.5000.1215.144
getPhyloTreeTsbLabel4.4930.1525.066
getSampleInfo2.2770.0142.515
getTree4.5640.1535.104
getTreeMethod4.5480.1335.201
mathScore2.3840.0222.752
mutCluster3.8850.2214.539
mutHeatmap4.4770.0395.066
mutTrunkBranch3.0060.0703.367
plotCNA1.1850.0291.331
plotMutProfile2.7660.0222.968
plotMutSigProfile4.5530.0955.175
plotPhyloTree2.8140.0293.087
readMaf2.3140.0192.545
readSegment0.1780.0090.252
runMesKit000
subMaf2.3230.0172.676
testNeutral3.2650.0213.616
triMatrix3.0350.0883.388