Back to Build/check report for BioC 3.23:   simplified   long
ABCDEFGHIJKL[M]NOPQRSTUVWXYZ

This page was generated on 2025-11-01 11:32 -0400 (Sat, 01 Nov 2025).

HostnameOSArch (*)R versionInstalled pkgs
nebbiolo1Linux (Ubuntu 24.04.3 LTS)x86_64R Under development (unstable) (2025-10-20 r88955) -- "Unsuffered Consequences" 4774
Click on any hostname to see more info about the system (e.g. compilers)      (*) as reported by 'uname -p', except on Windows and Mac OS X

Package 1148/2321HostnameOS / ArchINSTALLBUILDCHECKBUILD BIN
Maaslin2 1.25.0  (landing page)
Lauren McIver
Snapshot Date: 2025-10-31 13:40 -0400 (Fri, 31 Oct 2025)
git_url: https://git.bioconductor.org/packages/Maaslin2
git_branch: devel
git_last_commit: 576923d
git_last_commit_date: 2025-10-29 10:53:16 -0400 (Wed, 29 Oct 2025)
nebbiolo1Linux (Ubuntu 24.04.3 LTS) / x86_64  OK    ERROR  skipped


BUILD results for Maaslin2 on nebbiolo1

To the developers/maintainers of the Maaslin2 package:
- Allow up to 24 hours (and sometimes 48 hours) for your latest push to git@git.bioconductor.org:packages/Maaslin2.git to reflect on this report. See Troubleshooting Build Report for more information.
- Use the following Renviron settings to reproduce errors and warnings.
- If 'R CMD check' started to fail recently on the Linux builder(s) over a missing dependency, add the missing dependency to 'Suggests:' in your DESCRIPTION file. See Renviron.bioc for more information.

raw results


Summary

Package: Maaslin2
Version: 1.25.0
Command: /home/biocbuild/bbs-3.23-bioc/R/bin/R CMD build --keep-empty-dirs --no-resave-data Maaslin2
StartedAt: 2025-10-31 18:32:34 -0400 (Fri, 31 Oct 2025)
EndedAt: 2025-10-31 18:34:21 -0400 (Fri, 31 Oct 2025)
EllapsedTime: 107.1 seconds
RetCode: 1
Status:   ERROR  
PackageFile: None
PackageFileSize: NA

Command output

##############################################################################
##############################################################################
###
### Running command:
###
###   /home/biocbuild/bbs-3.23-bioc/R/bin/R CMD build --keep-empty-dirs --no-resave-data Maaslin2
###
##############################################################################
##############################################################################


* checking for file ‘Maaslin2/DESCRIPTION’ ... OK
* preparing ‘Maaslin2’:
* checking DESCRIPTION meta-information ... OK
* installing the package (it is needed to build vignettes)
* creating vignettes ... ERROR
--- re-building ‘maaslin2.Rmd’ using rmarkdown

Quitting from maaslin2.Rmd:183-195 [unnamed-chunk-2]
~~~~~~~~~~~~~~~~~~~~~~~~~~~~~~~~~~~~~~~~~~~~~~~~~~~~~~~~~~~~~~~~~~~~~~~~~~~~~~~~
<error/rlang_error>
Error:
! <ggplot2::labels> object is invalid:
- every label must be named.
---
Backtrace:
    ▆
 1. └─Maaslin2::Maaslin2(...)
 2.   └─Maaslin2:::maaslin2_association_plots(...)
 3.     └─ggplot2::labs("")
 4.       └─ggplot2::class_labels(args)
 5.         └─S7::new_object(labels)
 6.           └─S7::validate(object, recursive = !parent_validated)
~~~~~~~~~~~~~~~~~~~~~~~~~~~~~~~~~~~~~~~~~~~~~~~~~~~~~~~~~~~~~~~~~~~~~~~~~~~~~~~~

Error: processing vignette 'maaslin2.Rmd' failed with diagnostics:
<ggplot2::labels> object is invalid:
- every label must be named.
--- failed re-building ‘maaslin2.Rmd’

SUMMARY: processing the following file failed:
  ‘maaslin2.Rmd’

Error: Vignette re-building failed.
Execution halted