| Back to Build/check report for BioC 3.23: simplified long |
|
This page was generated on 2025-10-31 08:34 -0400 (Fri, 31 Oct 2025).
| Hostname | OS | Arch (*) | R version | Installed pkgs |
|---|---|---|---|---|
| nebbiolo1 | Linux (Ubuntu 24.04.3 LTS) | x86_64 | R Under development (unstable) (2025-10-20 r88955) -- "Unsuffered Consequences" | 4428 |
| Click on any hostname to see more info about the system (e.g. compilers) (*) as reported by 'uname -p', except on Windows and Mac OS X | ||||
| Package 1312/2321 | Hostname | OS / Arch | INSTALL | BUILD | CHECK | BUILD BIN | ||||||||
| MLInterfaces 1.91.0 (landing page) Vincent Carey
| nebbiolo1 | Linux (Ubuntu 24.04.3 LTS) / x86_64 | OK | ERROR | skipped | |||||||||
|
To the developers/maintainers of the MLInterfaces package: - Allow up to 24 hours (and sometimes 48 hours) for your latest push to git@git.bioconductor.org:packages/MLInterfaces.git to reflect on this report. See Troubleshooting Build Report for more information. - Use the following Renviron settings to reproduce errors and warnings. - If 'R CMD check' started to fail recently on the Linux builder(s) over a missing dependency, add the missing dependency to 'Suggests:' in your DESCRIPTION file. See Renviron.bioc for more information. |
| Package: MLInterfaces |
| Version: 1.91.0 |
| Command: /home/biocbuild/bbs-3.23-bioc/R/bin/R CMD build --keep-empty-dirs --no-resave-data MLInterfaces |
| StartedAt: 2025-10-30 17:59:11 -0400 (Thu, 30 Oct 2025) |
| EndedAt: 2025-10-30 18:00:11 -0400 (Thu, 30 Oct 2025) |
| EllapsedTime: 60.0 seconds |
| RetCode: 1 |
| Status: ERROR |
| PackageFile: None |
| PackageFileSize: NA |
##############################################################################
##############################################################################
###
### Running command:
###
### /home/biocbuild/bbs-3.23-bioc/R/bin/R CMD build --keep-empty-dirs --no-resave-data MLInterfaces
###
##############################################################################
##############################################################################
* checking for file ‘MLInterfaces/DESCRIPTION’ ... OK
* preparing ‘MLInterfaces’:
* checking DESCRIPTION meta-information ... OK
* installing the package (it is needed to build vignettes)
* creating vignettes ... ERROR
--- re-building ‘MLint_devel.Rmd’ using rmarkdown
--- finished re-building ‘MLint_devel.Rmd’
--- re-building ‘MLprac2_2.Rmd’ using rmarkdown
Quitting from MLprac2_2.Rmd:588-600 [getko]
~~~~~~~~~~~~~~~~~~~~~~~~~~~~~~~~~~~~~~~~~~~~~~~~~~~~~~~~~~~~~~~~~~~~~~~~~~~~~~~~
<error/rlang_error>
Error in `library()`:
! there is no package called 'keggorthology'
---
Backtrace:
▆
1. └─base::library(keggorthology)
~~~~~~~~~~~~~~~~~~~~~~~~~~~~~~~~~~~~~~~~~~~~~~~~~~~~~~~~~~~~~~~~~~~~~~~~~~~~~~~~
Error: processing vignette 'MLprac2_2.Rmd' failed with diagnostics:
there is no package called 'keggorthology'
--- failed re-building ‘MLprac2_2.Rmd’
--- re-building ‘xvalComputerClusters.Rnw’ using Sweave
--- finished re-building ‘xvalComputerClusters.Rnw’
SUMMARY: processing the following file failed:
‘MLprac2_2.Rmd’
Error: Vignette re-building failed.
Execution halted