Back to Multiple platform build/check report for BioC 3.22: simplified long |
|
This page was generated on 2025-10-15 12:06 -0400 (Wed, 15 Oct 2025).
Hostname | OS | Arch (*) | R version | Installed pkgs |
---|---|---|---|---|
nebbiolo2 | Linux (Ubuntu 24.04.3 LTS) | x86_64 | 4.5.1 Patched (2025-08-23 r88802) -- "Great Square Root" | 4866 |
lconway | macOS 12.7.6 Monterey | x86_64 | 4.5.1 Patched (2025-09-10 r88807) -- "Great Square Root" | 4653 |
kjohnson3 | macOS 13.7.7 Ventura | arm64 | 4.5.1 Patched (2025-09-10 r88807) -- "Great Square Root" | 4598 |
taishan | Linux (openEuler 24.03 LTS) | aarch64 | 4.5.0 (2025-04-11) -- "How About a Twenty-Six" | 4610 |
Click on any hostname to see more info about the system (e.g. compilers) (*) as reported by 'uname -p', except on Windows and Mac OS X |
Package 1038/2346 | Hostname | OS / Arch | INSTALL | BUILD | CHECK | BUILD BIN | ||||||||
ILoReg 1.19.0 (landing page) Johannes Smolander
| nebbiolo2 | Linux (Ubuntu 24.04.3 LTS) / x86_64 | OK | OK | WARNINGS | ![]() | ||||||||
lconway | macOS 12.7.6 Monterey / x86_64 | OK | OK | WARNINGS | OK | ![]() | ||||||||
kjohnson3 | macOS 13.7.7 Ventura / arm64 | OK | OK | WARNINGS | OK | ![]() | ||||||||
taishan | Linux (openEuler 24.03 LTS) / aarch64 | OK | ERROR | skipped | ||||||||||
To the developers/maintainers of the ILoReg package: - Allow up to 24 hours (and sometimes 48 hours) for your latest push to git@git.bioconductor.org:packages/ILoReg.git to reflect on this report. See Troubleshooting Build Report for more information. - Use the following Renviron settings to reproduce errors and warnings. - If 'R CMD check' started to fail recently on the Linux builder(s) over a missing dependency, add the missing dependency to 'Suggests:' in your DESCRIPTION file. See Renviron.bioc for more information. |
Package: ILoReg |
Version: 1.19.0 |
Command: /Library/Frameworks/R.framework/Resources/bin/R CMD check --install=check:ILoReg.install-out.txt --library=/Library/Frameworks/R.framework/Resources/library --no-vignettes --timings ILoReg_1.19.0.tar.gz |
StartedAt: 2025-10-14 20:39:00 -0400 (Tue, 14 Oct 2025) |
EndedAt: 2025-10-14 20:41:03 -0400 (Tue, 14 Oct 2025) |
EllapsedTime: 123.5 seconds |
RetCode: 0 |
Status: WARNINGS |
CheckDir: ILoReg.Rcheck |
Warnings: 2 |
############################################################################## ############################################################################## ### ### Running command: ### ### /Library/Frameworks/R.framework/Resources/bin/R CMD check --install=check:ILoReg.install-out.txt --library=/Library/Frameworks/R.framework/Resources/library --no-vignettes --timings ILoReg_1.19.0.tar.gz ### ############################################################################## ############################################################################## * using log directory ‘/Users/biocbuild/bbs-3.22-bioc/meat/ILoReg.Rcheck’ * using R version 4.5.1 Patched (2025-09-10 r88807) * using platform: aarch64-apple-darwin20 * R was compiled by Apple clang version 16.0.0 (clang-1600.0.26.6) GNU Fortran (GCC) 14.2.0 * running under: macOS Ventura 13.7.7 * using session charset: UTF-8 * using option ‘--no-vignettes’ * checking for file ‘ILoReg/DESCRIPTION’ ... OK * checking extension type ... Package * this is package ‘ILoReg’ version ‘1.19.0’ * package encoding: UTF-8 * checking package namespace information ... OK * checking package dependencies ... INFO Imports includes 25 non-default packages. Importing from so many packages makes the package vulnerable to any of them becoming unavailable. Move as many as possible to Suggests and use conditionally. * checking if this is a source package ... OK * checking if there is a namespace ... OK * checking for hidden files and directories ... OK * checking for portable file names ... OK * checking for sufficient/correct file permissions ... OK * checking whether package ‘ILoReg’ can be installed ... WARNING Found the following significant warnings: Warning: replacing previous import ‘Matrix::det’ by ‘SparseM::det’ when loading ‘ILoReg’ See ‘/Users/biocbuild/bbs-3.22-bioc/meat/ILoReg.Rcheck/00install.out’ for details. * checking installed package size ... OK * checking package directory ... OK * checking ‘build’ directory ... OK * checking DESCRIPTION meta-information ... OK * checking top-level files ... OK * checking for left-over files ... OK * checking index information ... OK * checking package subdirectories ... OK * checking code files for non-ASCII characters ... OK * checking R files for syntax errors ... OK * checking whether the package can be loaded ... OK * checking whether the package can be loaded with stated dependencies ... OK * checking whether the package can be unloaded cleanly ... OK * checking whether the namespace can be loaded with stated dependencies ... OK * checking whether the namespace can be unloaded cleanly ... OK * checking dependencies in R code ... OK * checking S3 generic/method consistency ... OK * checking replacement functions ... OK * checking foreign function calls ... OK * checking R code for possible problems ... OK * checking Rd files ... OK * checking Rd metadata ... OK * checking Rd cross-references ... OK * checking for missing documentation entries ... OK * checking for code/documentation mismatches ... WARNING Codoc mismatches from Rd file 'FindAllGeneMarkers.Rd': FindAllGeneMarkers.SingleCellExperiment Code: function(object, clustering.type, test, log2fc.threshold, min.pct, min.diff.pct, min.cells.group, max.cells.per.cluster, return.thresh, only.pos) Docs: function(object, clustering.type, test, log2fc.threshold, min.pct, min.diff.pct, min.cells.group, max.cells.per.cluster, pseudocount.use, return.thresh, only.pos) Argument names in docs not in code: pseudocount.use Mismatches in argument names: Position: 9 Code: return.thresh Docs: pseudocount.use Position: 10 Code: only.pos Docs: return.thresh \S4method{FindAllGeneMarkers}{SingleCellExperiment} Code: function(object, clustering.type = "manual", test = "wilcox", log2fc.threshold = 0.25, min.pct = 0.1, min.diff.pct = NULL, min.cells.group = 3, max.cells.per.cluster = NULL, return.thresh = 0.01, only.pos = FALSE) Docs: function(object, clustering.type = "manual", test = "wilcox", log2fc.threshold = 0.25, min.pct = 0.1, min.diff.pct = NULL, min.cells.group = 3, max.cells.per.cluster = NULL, pseudocount.use = 1, return.thresh = 0.01, only.pos = FALSE) Argument names in docs not in code: pseudocount.use Mismatches in argument names: Position: 9 Code: return.thresh Docs: pseudocount.use Position: 10 Code: only.pos Docs: return.thresh Codoc mismatches from Rd file 'FindGeneMarkers.Rd': FindGeneMarkers.SingleCellExperiment Code: function(object, clusters.1, clusters.2, clustering.type, test, logfc.threshold, min.pct, min.diff.pct, min.cells.group, max.cells.per.cluster, return.thresh, only.pos) Docs: function(object, clusters.1, clusters.2, clustering.type, test, logfc.threshold, min.pct, min.diff.pct, min.cells.group, max.cells.per.cluster, pseudocount.use, return.thresh, only.pos) Argument names in docs not in code: pseudocount.use Mismatches in argument names: Position: 11 Code: return.thresh Docs: pseudocount.use Position: 12 Code: only.pos Docs: return.thresh \S4method{FindGeneMarkers}{SingleCellExperiment} Code: function(object, clusters.1 = NULL, clusters.2 = NULL, clustering.type = "", test = "wilcox", logfc.threshold = 0.25, min.pct = 0.1, min.diff.pct = NULL, min.cells.group = 3, max.cells.per.cluster = NULL, return.thresh = 0.01, only.pos = FALSE) Docs: function(object, clusters.1 = NULL, clusters.2 = NULL, clustering.type = "", test = "wilcox", logfc.threshold = 0.25, min.pct = 0.1, min.diff.pct = NULL, min.cells.group = 3, max.cells.per.cluster = NULL, pseudocount.use = 1, return.thresh = 0.01, only.pos = FALSE) Argument names in docs not in code: pseudocount.use Mismatches in argument names: Position: 11 Code: return.thresh Docs: pseudocount.use Position: 12 Code: only.pos Docs: return.thresh Codoc mismatches from Rd file 'RunICP.Rd': RunICP Code: function(normalized.data = NULL, k = 15, d = 0.3, r = 5, C = 5, reg.type = "L1", max.iter = 200, icp.batch.size = Inf) Docs: function(normalized.data = NULL, k = 15, d = 0.3, r = 5, C = 5, reg.type = "L1", max.iter = 200) Argument names in code not in docs: icp.batch.size Codoc mismatches from Rd file 'RunParallelICP.Rd': RunParallelICP.SingleCellExperiment Code: function(object, k, d, L, r, C, reg.type, max.iter, threads, icp.batch.size) Docs: function(object, k, d, L, r, C, reg.type, max.iter, threads) Argument names in code not in docs: icp.batch.size \S4method{RunParallelICP}{SingleCellExperiment} Code: function(object, k = 15, d = 0.3, L = 200, r = 5, C = 0.3, reg.type = "L1", max.iter = 200, threads = 0, icp.batch.size = Inf) Docs: function(object, k = 15, d = 0.3, L = 200, r = 5, C = 0.3, reg.type = "L1", max.iter = 200, threads = 0) Argument names in code not in docs: icp.batch.size * checking Rd \usage sections ... OK * checking Rd contents ... OK * checking for unstated dependencies in examples ... OK * checking contents of ‘data’ directory ... OK * checking data for non-ASCII characters ... OK * checking LazyData ... OK * checking data for ASCII and uncompressed saves ... OK * checking files in ‘vignettes’ ... OK * checking examples ... OK Examples with CPU (user + system) or elapsed time > 5s user system elapsed FindAllGeneMarkers 5.437 0.421 5.861 * checking for unstated dependencies in vignettes ... OK * checking package vignettes ... OK * checking running R code from vignettes ... SKIPPED * checking re-building of vignette outputs ... SKIPPED * checking PDF version of manual ... OK * DONE Status: 2 WARNINGs See ‘/Users/biocbuild/bbs-3.22-bioc/meat/ILoReg.Rcheck/00check.log’ for details.
ILoReg.Rcheck/00install.out
############################################################################## ############################################################################## ### ### Running command: ### ### /Library/Frameworks/R.framework/Resources/bin/R CMD INSTALL ILoReg ### ############################################################################## ############################################################################## * installing to library ‘/Library/Frameworks/R.framework/Versions/4.5-arm64/Resources/library’ * installing *source* package ‘ILoReg’ ... ** this is package ‘ILoReg’ version ‘1.19.0’ ** using staged installation ** R ** data *** moving datasets to lazyload DB ** inst ** byte-compile and prepare package for lazy loading Warning: replacing previous import ‘Matrix::det’ by ‘SparseM::det’ when loading ‘ILoReg’ ** help *** installing help indices ** building package indices ** installing vignettes ** testing if installed package can be loaded from temporary location Warning: replacing previous import ‘Matrix::det’ by ‘SparseM::det’ when loading ‘ILoReg’ ** testing if installed package can be loaded from final location Warning: replacing previous import ‘Matrix::det’ by ‘SparseM::det’ when loading ‘ILoReg’ ** testing if installed package keeps a record of temporary installation path * DONE (ILoReg)
ILoReg.Rcheck/ILoReg-Ex.timings
name | user | system | elapsed | |
AnnotationScatterPlot | 3.238 | 0.281 | 3.524 | |
CalcSilhInfo | 2.147 | 0.153 | 2.301 | |
ClusteringScatterPlot | 3.621 | 0.262 | 3.886 | |
FindAllGeneMarkers | 5.437 | 0.421 | 5.861 | |
FindGeneMarkers | 1.759 | 0.204 | 1.964 | |
GeneHeatmap | 3.246 | 0.284 | 3.529 | |
GeneScatterPlot | 2.995 | 0.296 | 3.301 | |
HierarchicalClustering | 1.165 | 0.261 | 1.430 | |
MergeClusters | 1.465 | 0.147 | 1.612 | |
PCAElbowPlot | 1.179 | 0.216 | 1.397 | |
PrepareILoReg | 0.083 | 0.006 | 0.089 | |
RenameAllClusters | 1.413 | 0.177 | 1.590 | |
RenameCluster | 1.147 | 0.132 | 1.279 | |
RunPCA | 1.359 | 0.121 | 1.479 | |
RunParallelICP | 1.113 | 0.225 | 1.346 | |
RunTSNE | 1.624 | 0.270 | 1.898 | |
RunUMAP | 2.347 | 0.173 | 2.520 | |
SelectKClusters | 1.182 | 0.200 | 1.393 | |
SelectTopGenes | 4.216 | 0.418 | 4.651 | |
SilhouetteCurve | 1.584 | 0.194 | 1.782 | |
VlnPlot | 1.487 | 0.201 | 1.689 | |
pbmc3k_500 | 0.000 | 0.001 | 0.001 | |