Back to Build/check report for BioC 3.23:   simplified   long
ABCDEF[G]HIJKLMNOPQRSTUVWXYZ

This page was generated on 2025-10-31 08:34 -0400 (Fri, 31 Oct 2025).

HostnameOSArch (*)R versionInstalled pkgs
nebbiolo1Linux (Ubuntu 24.04.3 LTS)x86_64R Under development (unstable) (2025-10-20 r88955) -- "Unsuffered Consequences" 4428
Click on any hostname to see more info about the system (e.g. compilers)      (*) as reported by 'uname -p', except on Windows and Mac OS X

Package 916/2321HostnameOS / ArchINSTALLBUILDCHECKBUILD BIN
GreyListChIP 1.43.0  (landing page)
Matt Eldridge
Snapshot Date: 2025-10-30 13:40 -0400 (Thu, 30 Oct 2025)
git_url: https://git.bioconductor.org/packages/GreyListChIP
git_branch: devel
git_last_commit: 8633e38
git_last_commit_date: 2025-10-29 10:23:48 -0400 (Wed, 29 Oct 2025)
nebbiolo1Linux (Ubuntu 24.04.3 LTS) / x86_64  OK    OK    ERROR  


CHECK results for GreyListChIP on nebbiolo1

To the developers/maintainers of the GreyListChIP package:
- Allow up to 24 hours (and sometimes 48 hours) for your latest push to git@git.bioconductor.org:packages/GreyListChIP.git to reflect on this report. See Troubleshooting Build Report for more information.
- Use the following Renviron settings to reproduce errors and warnings.
- If 'R CMD check' started to fail recently on the Linux builder(s) over a missing dependency, add the missing dependency to 'Suggests:' in your DESCRIPTION file. See Renviron.bioc for more information.

raw results


Summary

Package: GreyListChIP
Version: 1.43.0
Command: /home/biocbuild/bbs-3.23-bioc/R/bin/R CMD check --install=check:GreyListChIP.install-out.txt --library=/home/biocbuild/bbs-3.23-bioc/R/site-library --timings GreyListChIP_1.43.0.tar.gz
StartedAt: 2025-10-30 21:47:27 -0400 (Thu, 30 Oct 2025)
EndedAt: 2025-10-30 21:47:31 -0400 (Thu, 30 Oct 2025)
EllapsedTime: 4.0 seconds
RetCode: 1
Status:   ERROR  
CheckDir: GreyListChIP.Rcheck
Warnings: NA

Command output

##############################################################################
##############################################################################
###
### Running command:
###
###   /home/biocbuild/bbs-3.23-bioc/R/bin/R CMD check --install=check:GreyListChIP.install-out.txt --library=/home/biocbuild/bbs-3.23-bioc/R/site-library --timings GreyListChIP_1.43.0.tar.gz
###
##############################################################################
##############################################################################


* using log directory ‘/home/biocbuild/bbs-3.23-bioc/meat/GreyListChIP.Rcheck’
* using R Under development (unstable) (2025-10-20 r88955)
* using platform: x86_64-pc-linux-gnu
* R was compiled by
    gcc (Ubuntu 13.3.0-6ubuntu2~24.04) 13.3.0
    GNU Fortran (Ubuntu 13.3.0-6ubuntu2~24.04) 13.3.0
* running under: Ubuntu 24.04.3 LTS
* using session charset: UTF-8
* checking for file ‘GreyListChIP/DESCRIPTION’ ... OK
* checking extension type ... Package
* this is package ‘GreyListChIP’ version ‘1.43.0’
* checking package namespace information ... OK
* checking package dependencies ... ERROR
Package suggested but not available: ‘BSgenome.Hsapiens.UCSC.hg19’

The suggested packages are required for a complete check.
Checking can be attempted without them by setting the environment
variable _R_CHECK_FORCE_SUGGESTS_ to a false value.

See section ‘The DESCRIPTION file’ in the ‘Writing R Extensions’
manual.
* DONE

Status: 1 ERROR
See
  ‘/home/biocbuild/bbs-3.23-bioc/meat/GreyListChIP.Rcheck/00check.log’
for details.


Installation output


Tests output


Example timings