Back to Build/check report for BioC 3.23:   simplified   long
ABCDEF[G]HIJKLMNOPQRSTUVWXYZ

This page was generated on 2025-10-31 08:34 -0400 (Fri, 31 Oct 2025).

HostnameOSArch (*)R versionInstalled pkgs
nebbiolo1Linux (Ubuntu 24.04.3 LTS)x86_64R Under development (unstable) (2025-10-20 r88955) -- "Unsuffered Consequences" 4428
Click on any hostname to see more info about the system (e.g. compilers)      (*) as reported by 'uname -p', except on Windows and Mac OS X

Package 855/2321HostnameOS / ArchINSTALLBUILDCHECKBUILD BIN
GeoTcgaData 2.11.0  (landing page)
Erqiang Hu
Snapshot Date: 2025-10-30 13:40 -0400 (Thu, 30 Oct 2025)
git_url: https://git.bioconductor.org/packages/GeoTcgaData
git_branch: devel
git_last_commit: 4541645
git_last_commit_date: 2025-10-29 11:21:53 -0400 (Wed, 29 Oct 2025)
nebbiolo1Linux (Ubuntu 24.04.3 LTS) / x86_64  OK    ERROR  skipped


BUILD results for GeoTcgaData on nebbiolo1

To the developers/maintainers of the GeoTcgaData package:
- Allow up to 24 hours (and sometimes 48 hours) for your latest push to git@git.bioconductor.org:packages/GeoTcgaData.git to reflect on this report. See Troubleshooting Build Report for more information.
- Use the following Renviron settings to reproduce errors and warnings.
- If 'R CMD check' started to fail recently on the Linux builder(s) over a missing dependency, add the missing dependency to 'Suggests:' in your DESCRIPTION file. See Renviron.bioc for more information.

raw results


Summary

Package: GeoTcgaData
Version: 2.11.0
Command: /home/biocbuild/bbs-3.23-bioc/R/bin/R CMD build --keep-empty-dirs --no-resave-data GeoTcgaData
StartedAt: 2025-10-30 17:18:00 -0400 (Thu, 30 Oct 2025)
EndedAt: 2025-10-30 17:18:48 -0400 (Thu, 30 Oct 2025)
EllapsedTime: 48.0 seconds
RetCode: 1
Status:   ERROR  
PackageFile: None
PackageFileSize: NA

Command output

##############################################################################
##############################################################################
###
### Running command:
###
###   /home/biocbuild/bbs-3.23-bioc/R/bin/R CMD build --keep-empty-dirs --no-resave-data GeoTcgaData
###
##############################################################################
##############################################################################


* checking for file ‘GeoTcgaData/DESCRIPTION’ ... OK
* preparing ‘GeoTcgaData’:
* checking DESCRIPTION meta-information ... OK
* installing the package (it is needed to build vignettes)
* creating vignettes ... ERROR
--- re-building ‘GeoTcgaData.Rmd’ using rmarkdown

Quitting from GeoTcgaData.Rmd:141-172 [unnamed-chunk-3]
~~~~~~~~~~~~~~~~~~~~~~~~~~~~~~~~~~~~~~~~~~~~~~~~~~~~~~~~~~~~~~~~~~~~~~~~~~~~~~~~
<error/rlang_error>
Error in `library()`:
! there is no package called 'ChAMP'
---
Backtrace:
    ▆
 1. └─base::library(ChAMP)
~~~~~~~~~~~~~~~~~~~~~~~~~~~~~~~~~~~~~~~~~~~~~~~~~~~~~~~~~~~~~~~~~~~~~~~~~~~~~~~~

Error: processing vignette 'GeoTcgaData.Rmd' failed with diagnostics:
there is no package called 'ChAMP'
--- failed re-building ‘GeoTcgaData.Rmd’

SUMMARY: processing the following file failed:
  ‘GeoTcgaData.Rmd’

Error: Vignette re-building failed.
Execution halted