| Back to Multiple platform build/check report for BioC 3.22: simplified long |
|
This page was generated on 2025-10-23 12:06 -0400 (Thu, 23 Oct 2025).
| Hostname | OS | Arch (*) | R version | Installed pkgs |
|---|---|---|---|---|
| nebbiolo2 | Linux (Ubuntu 24.04.3 LTS) | x86_64 | 4.5.1 Patched (2025-08-23 r88802) -- "Great Square Root" | 4894 |
| lconway | macOS 12.7.6 Monterey | x86_64 | 4.5.1 Patched (2025-09-10 r88807) -- "Great Square Root" | 4684 |
| kjohnson3 | macOS 13.7.7 Ventura | arm64 | 4.5.1 Patched (2025-09-10 r88807) -- "Great Square Root" | 4629 |
| taishan | Linux (openEuler 24.03 LTS) | aarch64 | 4.5.0 (2025-04-11) -- "How About a Twenty-Six" | 4642 |
| Click on any hostname to see more info about the system (e.g. compilers) (*) as reported by 'uname -p', except on Windows and Mac OS X | ||||
| Package 550/2355 | Hostname | OS / Arch | INSTALL | BUILD | CHECK | BUILD BIN | ||||||||
| DelayedArray 0.35.3 (landing page) Hervé Pagès
| nebbiolo2 | Linux (Ubuntu 24.04.3 LTS) / x86_64 | OK | OK | WARNINGS | |||||||||
| lconway | macOS 12.7.6 Monterey / x86_64 | OK | OK | WARNINGS | OK | |||||||||
| kjohnson3 | macOS 13.7.7 Ventura / arm64 | OK | OK | WARNINGS | OK | |||||||||
| taishan | Linux (openEuler 24.03 LTS) / aarch64 | OK | OK | NA | ||||||||||
|
To the developers/maintainers of the DelayedArray package: - Allow up to 24 hours (and sometimes 48 hours) for your latest push to git@git.bioconductor.org:packages/DelayedArray.git to reflect on this report. See Troubleshooting Build Report for more information. - Use the following Renviron settings to reproduce errors and warnings. - If 'R CMD check' started to fail recently on the Linux builder(s) over a missing dependency, add the missing dependency to 'Suggests:' in your DESCRIPTION file. See Renviron.bioc for more information. |
| Package: DelayedArray |
| Version: 0.35.3 |
| Command: _R_CHECK_CODETOOLS_PROFILE_="suppressFundefMismatch=TRUE" /Library/Frameworks/R.framework/Resources/bin/R CMD check --install=check:DelayedArray.install-out.txt --library=/Library/Frameworks/R.framework/Resources/library --no-vignettes --timings DelayedArray_0.35.3.tar.gz |
| StartedAt: 2025-10-22 19:24:04 -0400 (Wed, 22 Oct 2025) |
| EndedAt: 2025-10-22 19:25:39 -0400 (Wed, 22 Oct 2025) |
| EllapsedTime: 95.2 seconds |
| RetCode: 0 |
| Status: WARNINGS |
| CheckDir: DelayedArray.Rcheck |
| Warnings: 1 |
##############################################################################
##############################################################################
###
### Running command:
###
### _R_CHECK_CODETOOLS_PROFILE_="suppressFundefMismatch=TRUE" /Library/Frameworks/R.framework/Resources/bin/R CMD check --install=check:DelayedArray.install-out.txt --library=/Library/Frameworks/R.framework/Resources/library --no-vignettes --timings DelayedArray_0.35.3.tar.gz
###
##############################################################################
##############################################################################
* using log directory ‘/Users/biocbuild/bbs-3.22-bioc/meat/DelayedArray.Rcheck’
* using R version 4.5.1 Patched (2025-09-10 r88807)
* using platform: aarch64-apple-darwin20
* R was compiled by
Apple clang version 16.0.0 (clang-1600.0.26.6)
GNU Fortran (GCC) 14.2.0
* running under: macOS Ventura 13.7.7
* using session charset: UTF-8
* using option ‘--no-vignettes’
* checking for file ‘DelayedArray/DESCRIPTION’ ... OK
* this is package ‘DelayedArray’ version ‘0.35.3’
* package encoding: UTF-8
* checking package namespace information ... OK
* checking package dependencies ... INFO
Depends: includes the non-default packages:
'stats4', 'Matrix', 'BiocGenerics', 'MatrixGenerics', 'S4Vectors',
'IRanges', 'S4Arrays', 'SparseArray'
Adding so many packages to the search path is excessive and importing
selectively is preferable.
* checking if this is a source package ... OK
* checking if there is a namespace ... OK
* checking for hidden files and directories ... NOTE
Found the following hidden files and directories:
.BBSoptions
These were most likely included in error. See section ‘Package
structure’ in the ‘Writing R Extensions’ manual.
* checking for portable file names ... OK
* checking for sufficient/correct file permissions ... OK
* checking whether package ‘DelayedArray’ can be installed ... OK
* used C compiler: ‘Apple clang version 15.0.0 (clang-1500.1.0.2.5)’
* used SDK: ‘MacOSX11.3.1.sdk’
* checking installed package size ... OK
* checking package directory ... OK
* checking ‘build’ directory ... OK
* checking DESCRIPTION meta-information ... OK
* checking top-level files ... OK
* checking for left-over files ... OK
* checking index information ... OK
* checking package subdirectories ... OK
* checking code files for non-ASCII characters ... OK
* checking R files for syntax errors ... OK
* checking whether the package can be loaded ... OK
* checking whether the package can be loaded with stated dependencies ... OK
* checking whether the package can be unloaded cleanly ... OK
* checking whether the namespace can be loaded with stated dependencies ... OK
* checking whether the namespace can be unloaded cleanly ... OK
* checking whether startup messages can be suppressed ... OK
* checking dependencies in R code ... OK
* checking S3 generic/method consistency ... OK
* checking replacement functions ... OK
* checking foreign function calls ... OK
* checking R code for possible problems ... OK
* checking Rd files ... OK
* checking Rd metadata ... OK
* checking Rd cross-references ... NOTE
Found the following Rd file(s) with Rd \link{} targets missing package
anchors:
DelayedArray-utils.Rd: arbind, acbind
Please provide package anchors for all Rd \link{} targets not in the
package itself and the base packages.
* checking for missing documentation entries ... WARNING
Undocumented code objects:
‘defaultMultAutoGrids’
Undocumented S4 methods:
generic '[' and siglist 'DelayedArray,ANY,ANY,ANY'
generic '[<-' and siglist 'DelayedArray,ANY,ANY,ANY'
All user-level objects in a package (including S4 classes and methods)
should have documentation entries.
See chapter ‘Writing R documentation files’ in the ‘Writing R
Extensions’ manual.
* checking for code/documentation mismatches ... OK
* checking Rd \usage sections ... OK
* checking Rd contents ... OK
* checking for unstated dependencies in examples ... OK
* checking line endings in C/C++/Fortran sources/headers ... OK
* checking compiled code ... NOTE
Note: information on .o files is not available
* checking sizes of PDF files under ‘inst/doc’ ... OK
* checking files in ‘vignettes’ ... OK
* checking examples ... OK
Examples with CPU (user + system) or elapsed time > 5s
user system elapsed
RleArray-class 17.480 2.355 20.214
DelayedMatrix-rowsum 7.519 0.560 8.167
* checking for unstated dependencies in ‘tests’ ... OK
* checking tests ...
Running ‘run_unitTests.R’
OK
* checking for unstated dependencies in vignettes ... OK
* checking package vignettes ... OK
* checking running R code from vignettes ... SKIPPED
* checking re-building of vignette outputs ... SKIPPED
* checking PDF version of manual ... OK
* DONE
Status: 1 WARNING, 3 NOTEs
See
‘/Users/biocbuild/bbs-3.22-bioc/meat/DelayedArray.Rcheck/00check.log’
for details.
DelayedArray.Rcheck/00install.out
############################################################################## ############################################################################## ### ### Running command: ### ### /Library/Frameworks/R.framework/Resources/bin/R CMD INSTALL DelayedArray ### ############################################################################## ############################################################################## * installing to library ‘/Library/Frameworks/R.framework/Versions/4.5-arm64/Resources/library’ * installing *source* package ‘DelayedArray’ ... ** this is package ‘DelayedArray’ version ‘0.35.3’ ** using staged installation ** libs using C compiler: ‘Apple clang version 15.0.0 (clang-1500.1.0.2.5)’ using SDK: ‘MacOSX11.3.1.sdk’ clang -arch arm64 -std=gnu2x -I"/Library/Frameworks/R.framework/Resources/include" -DNDEBUG -I'/Library/Frameworks/R.framework/Versions/4.5-arm64/Resources/library/S4Vectors/include' -I/opt/R/arm64/include -fPIC -falign-functions=64 -Wall -g -O2 -c R_init_DelayedArray.c -o R_init_DelayedArray.o clang -arch arm64 -std=gnu2x -I"/Library/Frameworks/R.framework/Resources/include" -DNDEBUG -I'/Library/Frameworks/R.framework/Versions/4.5-arm64/Resources/library/S4Vectors/include' -I/opt/R/arm64/include -fPIC -falign-functions=64 -Wall -g -O2 -c S4Vectors_stubs.c -o S4Vectors_stubs.o clang -arch arm64 -std=gnu2x -I"/Library/Frameworks/R.framework/Resources/include" -DNDEBUG -I'/Library/Frameworks/R.framework/Versions/4.5-arm64/Resources/library/S4Vectors/include' -I/opt/R/arm64/include -fPIC -falign-functions=64 -Wall -g -O2 -c compress_atomic_vector.c -o compress_atomic_vector.o clang -arch arm64 -std=gnu2x -dynamiclib -Wl,-headerpad_max_install_names -undefined dynamic_lookup -L/Library/Frameworks/R.framework/Resources/lib -L/opt/R/arm64/lib -o DelayedArray.so R_init_DelayedArray.o S4Vectors_stubs.o compress_atomic_vector.o -F/Library/Frameworks/R.framework/.. -framework R installing to /Library/Frameworks/R.framework/Versions/4.5-arm64/Resources/library/00LOCK-DelayedArray/00new/DelayedArray/libs ** R ** inst ** byte-compile and prepare package for lazy loading Creating a new generic function for ‘apply’ in package ‘DelayedArray’ Creating a new generic function for ‘sweep’ in package ‘DelayedArray’ Creating a new generic function for ‘scale’ in package ‘DelayedArray’ Creating a generic function for ‘dnorm’ from package ‘stats’ in package ‘DelayedArray’ Creating a generic function for ‘pnorm’ from package ‘stats’ in package ‘DelayedArray’ Creating a generic function for ‘qnorm’ from package ‘stats’ in package ‘DelayedArray’ Creating a generic function for ‘dbinom’ from package ‘stats’ in package ‘DelayedArray’ Creating a generic function for ‘pbinom’ from package ‘stats’ in package ‘DelayedArray’ Creating a generic function for ‘qbinom’ from package ‘stats’ in package ‘DelayedArray’ Creating a generic function for ‘dpois’ from package ‘stats’ in package ‘DelayedArray’ Creating a generic function for ‘ppois’ from package ‘stats’ in package ‘DelayedArray’ Creating a generic function for ‘qpois’ from package ‘stats’ in package ‘DelayedArray’ Creating a generic function for ‘dlogis’ from package ‘stats’ in package ‘DelayedArray’ Creating a generic function for ‘plogis’ from package ‘stats’ in package ‘DelayedArray’ Creating a generic function for ‘qlogis’ from package ‘stats’ in package ‘DelayedArray’ ** help *** installing help indices ** building package indices ** installing vignettes ** testing if installed package can be loaded from temporary location ** checking absolute paths in shared objects and dynamic libraries ** testing if installed package can be loaded from final location ** testing if installed package keeps a record of temporary installation path * DONE (DelayedArray)
DelayedArray.Rcheck/tests/run_unitTests.Rout
R version 4.5.1 Patched (2025-09-10 r88807) -- "Great Square Root"
Copyright (C) 2025 The R Foundation for Statistical Computing
Platform: aarch64-apple-darwin20
R is free software and comes with ABSOLUTELY NO WARRANTY.
You are welcome to redistribute it under certain conditions.
Type 'license()' or 'licence()' for distribution details.
R is a collaborative project with many contributors.
Type 'contributors()' for more information and
'citation()' on how to cite R or R packages in publications.
Type 'demo()' for some demos, 'help()' for on-line help, or
'help.start()' for an HTML browser interface to help.
Type 'q()' to quit R.
> require("DelayedArray") || stop("unable to load DelayedArray package")
Loading required package: DelayedArray
Loading required package: stats4
Loading required package: Matrix
Loading required package: BiocGenerics
Loading required package: generics
Attaching package: 'generics'
The following objects are masked from 'package:base':
as.difftime, as.factor, as.ordered, intersect, is.element, setdiff,
setequal, union
Attaching package: 'BiocGenerics'
The following objects are masked from 'package:stats':
IQR, mad, sd, var, xtabs
The following objects are masked from 'package:base':
Filter, Find, Map, Position, Reduce, anyDuplicated, aperm, append,
as.data.frame, basename, cbind, colnames, dirname, do.call,
duplicated, eval, evalq, get, grep, grepl, is.unsorted, lapply,
mapply, match, mget, order, paste, pmax, pmax.int, pmin, pmin.int,
rank, rbind, rownames, sapply, saveRDS, table, tapply, unique,
unsplit, which.max, which.min
Loading required package: MatrixGenerics
Loading required package: matrixStats
Attaching package: 'MatrixGenerics'
The following objects are masked from 'package:matrixStats':
colAlls, colAnyNAs, colAnys, colAvgsPerRowSet, colCollapse,
colCounts, colCummaxs, colCummins, colCumprods, colCumsums,
colDiffs, colIQRDiffs, colIQRs, colLogSumExps, colMadDiffs,
colMads, colMaxs, colMeans2, colMedians, colMins, colOrderStats,
colProds, colQuantiles, colRanges, colRanks, colSdDiffs, colSds,
colSums2, colTabulates, colVarDiffs, colVars, colWeightedMads,
colWeightedMeans, colWeightedMedians, colWeightedSds,
colWeightedVars, rowAlls, rowAnyNAs, rowAnys, rowAvgsPerColSet,
rowCollapse, rowCounts, rowCummaxs, rowCummins, rowCumprods,
rowCumsums, rowDiffs, rowIQRDiffs, rowIQRs, rowLogSumExps,
rowMadDiffs, rowMads, rowMaxs, rowMeans2, rowMedians, rowMins,
rowOrderStats, rowProds, rowQuantiles, rowRanges, rowRanks,
rowSdDiffs, rowSds, rowSums2, rowTabulates, rowVarDiffs, rowVars,
rowWeightedMads, rowWeightedMeans, rowWeightedMedians,
rowWeightedSds, rowWeightedVars
Loading required package: S4Vectors
Attaching package: 'S4Vectors'
The following objects are masked from 'package:Matrix':
expand, unname
The following object is masked from 'package:utils':
findMatches
The following objects are masked from 'package:base':
I, expand.grid, unname
Loading required package: IRanges
Loading required package: S4Arrays
Loading required package: abind
Attaching package: 'S4Arrays'
The following object is masked from 'package:abind':
abind
The following object is masked from 'package:base':
rowsum
Loading required package: SparseArray
Attaching package: 'DelayedArray'
The following objects are masked from 'package:base':
apply, scale, sweep
[1] TRUE
> DelayedArray:::.test()
>
> proc.time()
user system elapsed
1.685 0.092 1.809
DelayedArray.Rcheck/DelayedArray-Ex.timings
| name | user | system | elapsed | |
| AutoBlock-global-settings | 0.063 | 0.002 | 0.066 | |
| AutoGrid | 0.638 | 0.033 | 0.673 | |
| ConstantArray-class | 0.014 | 0.001 | 0.016 | |
| DelayedAbind-class | 0.039 | 0.002 | 0.042 | |
| DelayedAperm-class | 0.009 | 0.000 | 0.010 | |
| DelayedArray-class | 3.590 | 0.229 | 3.829 | |
| DelayedArray-stats | 0.765 | 0.076 | 0.842 | |
| DelayedArray-utils | 3.997 | 0.267 | 4.286 | |
| DelayedMatrix-mult | 0.219 | 0.037 | 0.255 | |
| DelayedMatrix-rowsum | 7.519 | 0.560 | 8.167 | |
| DelayedNaryIsoOp-class | 0.012 | 0.001 | 0.013 | |
| DelayedSetDimnames-class | 0.006 | 0.000 | 0.006 | |
| DelayedSubassign-class | 0.022 | 0.001 | 0.023 | |
| DelayedSubset-class | 0.019 | 0.001 | 0.020 | |
| DelayedUnaryIsoOpStack-class | 0.018 | 0.001 | 0.018 | |
| DelayedUnaryIsoOpWithArgs-class | 0.040 | 0.001 | 0.042 | |
| RealizationSink-class | 1.352 | 0.121 | 1.476 | |
| RleArray-class | 17.480 | 2.355 | 20.214 | |
| blockApply | 0.496 | 0.241 | 0.676 | |
| chunkGrid | 0.000 | 0.000 | 0.002 | |
| makeCappedVolumeBox | 0.064 | 0.034 | 0.109 | |
| matrixStats-methods | 0.760 | 0.276 | 1.071 | |
| realize | 0.687 | 0.714 | 1.426 | |
| showtree | 0.056 | 0.004 | 0.059 | |
| simplify | 0.143 | 0.007 | 0.150 | |