Back to Multiple platform build/check report for BioC 3.22:   simplified   long
AB[C]DEFGHIJKLMNOPQRSTUVWXYZ

This page was generated on 2025-10-13 12:03 -0400 (Mon, 13 Oct 2025).

HostnameOSArch (*)R versionInstalled pkgs
nebbiolo2Linux (Ubuntu 24.04.3 LTS)x86_644.5.1 Patched (2025-08-23 r88802) -- "Great Square Root" 4864
lconwaymacOS 12.7.1 Montereyx86_644.5.1 Patched (2025-09-10 r88807) -- "Great Square Root" 4652
kjohnson3macOS 13.7.7 Venturaarm644.5.1 Patched (2025-09-10 r88807) -- "Great Square Root" 4597
taishanLinux (openEuler 24.03 LTS)aarch644.5.0 (2025-04-11) -- "How About a Twenty-Six" 4586
Click on any hostname to see more info about the system (e.g. compilers)      (*) as reported by 'uname -p', except on Windows and Mac OS X

Package 358/2346HostnameOS / ArchINSTALLBUILDCHECKBUILD BIN
ChromSCape 1.19.1  (landing page)
Pacome Prompsy
Snapshot Date: 2025-10-12 13:45 -0400 (Sun, 12 Oct 2025)
git_url: https://git.bioconductor.org/packages/ChromSCape
git_branch: devel
git_last_commit: a4985c2
git_last_commit_date: 2025-08-01 10:39:23 -0400 (Fri, 01 Aug 2025)
nebbiolo2Linux (Ubuntu 24.04.3 LTS) / x86_64  OK    OK    WARNINGS  UNNEEDED, same version is already published
lconwaymacOS 12.7.1 Monterey / x86_64  OK    OK    WARNINGS    OK  UNNEEDED, same version is already published
kjohnson3macOS 13.7.7 Ventura / arm64  OK    OK    WARNINGS    OK  UNNEEDED, same version is already published
taishanLinux (openEuler 24.03 LTS) / aarch64  OK    OK    WARNINGS  


CHECK results for ChromSCape on nebbiolo2

To the developers/maintainers of the ChromSCape package:
- Allow up to 24 hours (and sometimes 48 hours) for your latest push to git@git.bioconductor.org:packages/ChromSCape.git to reflect on this report. See Troubleshooting Build Report for more information.
- Use the following Renviron settings to reproduce errors and warnings.
- If 'R CMD check' started to fail recently on the Linux builder(s) over a missing dependency, add the missing dependency to 'Suggests:' in your DESCRIPTION file. See Renviron.bioc for more information.

raw results


Summary

Package: ChromSCape
Version: 1.19.1
Command: /home/biocbuild/bbs-3.22-bioc/R/bin/R CMD check --install=check:ChromSCape.install-out.txt --library=/home/biocbuild/bbs-3.22-bioc/R/site-library --timings ChromSCape_1.19.1.tar.gz
StartedAt: 2025-10-12 22:12:00 -0400 (Sun, 12 Oct 2025)
EndedAt: 2025-10-12 22:25:51 -0400 (Sun, 12 Oct 2025)
EllapsedTime: 831.0 seconds
RetCode: 0
Status:   WARNINGS  
CheckDir: ChromSCape.Rcheck
Warnings: 1

Command output

##############################################################################
##############################################################################
###
### Running command:
###
###   /home/biocbuild/bbs-3.22-bioc/R/bin/R CMD check --install=check:ChromSCape.install-out.txt --library=/home/biocbuild/bbs-3.22-bioc/R/site-library --timings ChromSCape_1.19.1.tar.gz
###
##############################################################################
##############################################################################


* using log directory ‘/home/biocbuild/bbs-3.22-bioc/meat/ChromSCape.Rcheck’
* using R version 4.5.1 Patched (2025-08-23 r88802)
* using platform: x86_64-pc-linux-gnu
* R was compiled by
    gcc (Ubuntu 13.3.0-6ubuntu2~24.04) 13.3.0
    GNU Fortran (Ubuntu 13.3.0-6ubuntu2~24.04) 13.3.0
* running under: Ubuntu 24.04.3 LTS
* using session charset: UTF-8
* checking for file ‘ChromSCape/DESCRIPTION’ ... OK
* this is package ‘ChromSCape’ version ‘1.19.1’
* package encoding: UTF-8
* checking package namespace information ... OK
* checking package dependencies ... INFO
Imports includes 51 non-default packages.
Importing from so many packages makes the package vulnerable to any of
them becoming unavailable.  Move as many as possible to Suggests and
use conditionally.
* checking if this is a source package ... OK
* checking if there is a namespace ... OK
* checking for hidden files and directories ... NOTE
Found the following hidden files and directories:
  .BBSoptions
These were most likely included in error. See section ‘Package
structure’ in the ‘Writing R Extensions’ manual.
* checking for portable file names ... OK
* checking for sufficient/correct file permissions ... OK
* checking whether package ‘ChromSCape’ can be installed ... OK
* used C++ compiler: ‘g++ (Ubuntu 13.3.0-6ubuntu2~24.04) 13.3.0’
* checking installed package size ... INFO
  installed size is  5.8Mb
  sub-directories of 1Mb or more:
    data   1.7Mb
    www    2.1Mb
* checking package directory ... OK
* checking ‘build’ directory ... OK
* checking DESCRIPTION meta-information ... OK
* checking top-level files ... OK
* checking for left-over files ... OK
* checking index information ... OK
* checking package subdirectories ... OK
* checking code files for non-ASCII characters ... OK
* checking R files for syntax errors ... OK
* checking whether the package can be loaded ... OK
* checking whether the package can be loaded with stated dependencies ... OK
* checking whether the package can be unloaded cleanly ... OK
* checking whether the namespace can be loaded with stated dependencies ... OK
* checking whether the namespace can be unloaded cleanly ... OK
* checking loading without being on the library search path ... OK
* checking whether startup messages can be suppressed ... OK
* checking dependencies in R code ... WARNING
'loadNamespace' or 'requireNamespace' call not declared from: ‘flexdashboard’
* checking S3 generic/method consistency ... OK
* checking replacement functions ... OK
* checking foreign function calls ... OK
* checking R code for possible problems ... NOTE
bams_to_matrix_indexes: no visible binding for global variable
  ‘files_dir_list’
enrich_TF_ChEA3_genes: no visible binding for global variable
  ‘CheA3_TF_nTargets’
filter_correlated_cell_scExp: no visible binding for global variable
  ‘run_tsne’
generate_analysis: no visible global function definition for ‘head’
generate_analysis: no visible binding for global variable ‘k’
generate_analysis: no visible binding for global variable
  ‘clusterConsensus’
get_most_variable_cyto: no visible binding for global variable
  ‘cytoBand’
get_most_variable_cyto: no visible binding for global variable
  ‘Fri_cyto’
num_cell_after_QC_filt_scExp: no visible binding for global variable
  ‘sample_id’
num_cell_after_QC_filt_scExp: no visible binding for global variable
  ‘total_counts’
num_cell_scExp: no visible binding for global variable ‘sample_id’
num_cell_scExp: no visible binding for global variable ‘total_counts’
plot_correlation_PCA_scExp: no visible binding for global variable
  ‘Component’
plot_coverage_BigWig: no visible binding for global variable ‘molecule’
plot_coverage_BigWig: no visible binding for global variable
  ‘orientation’
plot_coverage_BigWig: no visible binding for global variable ‘Gene’
plot_gain_or_loss_barplots: no visible binding for global variable
  ‘Gain_or_Loss’
plot_gain_or_loss_barplots: no visible binding for global variable
  ‘ncells’
plot_gain_or_loss_barplots: no visible binding for global variable
  ‘cytoBand’
plot_most_contributing_features: no visible binding for global variable
  ‘genes’
plot_percent_active_feature_scExp: no visible binding for global
  variable ‘group’
plot_percent_active_feature_scExp: no visible binding for global
  variable ‘percent_active’
plot_pie_most_contributing_chr: no visible binding for global variable
  ‘absolute_value’
plot_reduced_dim_scExp: no visible binding for global variable ‘V1’
plot_reduced_dim_scExp: no visible binding for global variable ‘V2’
plot_reduced_dim_scExp: no visible binding for global variable
  ‘cluster’
plot_top_TF_scExp: no visible binding for global variable ‘TF’
rebin_helper: no visible binding for global variable ‘new_row’
rebin_helper: no visible binding for global variable ‘origin_value’
rebin_matrix: no visible binding for global variable ‘group’
subset_bam_call_peaks: no visible binding for global variable
  ‘merged_bam’
Undefined global functions or variables:
  CheA3_TF_nTargets Component Fri_cyto Gain_or_Loss Gene TF V1 V2
  absolute_value cluster clusterConsensus cytoBand files_dir_list genes
  group head k merged_bam molecule ncells new_row orientation
  origin_value percent_active run_tsne sample_id total_counts
Consider adding
  importFrom("utils", "head")
to your NAMESPACE file.
* checking Rd files ... OK
* checking Rd metadata ... OK
* checking Rd cross-references ... OK
* checking for missing documentation entries ... OK
* checking for code/documentation mismatches ... OK
* checking Rd \usage sections ... OK
* checking Rd contents ... OK
* checking for unstated dependencies in examples ... OK
* checking contents of ‘data’ directory ... OK
* checking data for non-ASCII characters ... OK
* checking data for ASCII and uncompressed saves ... OK
* checking line endings in C/C++/Fortran sources/headers ... OK
* checking compiled code ... NOTE
Note: information on .o files is not available
* checking files in ‘vignettes’ ... OK
* checking examples ... OK
Examples with CPU (user + system) or elapsed time > 5s
                                            user system elapsed
num_cell_after_cor_filt_scExp            318.967  1.158  19.358
filter_correlated_cell_scExp             269.757  0.893  15.995
preprocessing_filtering_and_reduction    149.497  0.418  12.507
detect_samples                           143.351  0.285   4.023
get_pathway_mat_scExp                     72.221  3.007  75.314
CompareWilcox                             59.185  0.846   7.963
CompareedgeRGLM                           59.507  0.253   5.648
choose_cluster_scExp                      57.787  0.093   4.187
consensus_clustering_scExp                55.693  0.299   4.216
num_cell_in_cluster_scExp                 55.242  0.064   1.526
correlation_and_hierarchical_clust_scExp  51.915  0.024   1.343
plot_gain_or_loss_barplots                48.187  0.891  49.090
calculate_CNA                             22.049  1.206  23.258
plot_reduced_dim_scExp_CNA                23.046  0.132  23.177
calculate_logRatio_CNA                    21.496  0.367  21.863
get_most_variable_cyto                    20.909  0.662  21.570
calculate_gain_or_loss                    21.052  0.450  21.503
calculate_cyto_mat                        20.741  0.513  21.255
get_cyto_features                         18.614  0.912  19.526
import_scExp                               7.261  0.216   7.501
rebin_matrix                               7.294  0.037  21.972
create_scDataset_raw                       6.671  0.261   6.931
differential_activation                    5.173  0.018   5.192
enrich_TF_ChEA3_scExp                      1.047  0.049   5.038
* checking for unstated dependencies in ‘tests’ ... OK
* checking tests ...
  Running ‘testthat.R’
 OK
* checking for unstated dependencies in vignettes ... OK
* checking package vignettes ... OK
* checking re-building of vignette outputs ... OK
* checking PDF version of manual ... OK
* DONE

Status: 1 WARNING, 3 NOTEs
See
  ‘/home/biocbuild/bbs-3.22-bioc/meat/ChromSCape.Rcheck/00check.log’
for details.


Installation output

ChromSCape.Rcheck/00install.out

##############################################################################
##############################################################################
###
### Running command:
###
###   /home/biocbuild/bbs-3.22-bioc/R/bin/R CMD INSTALL ChromSCape
###
##############################################################################
##############################################################################


* installing to library ‘/home/biocbuild/bbs-3.22-bioc/R/site-library’
* installing *source* package ‘ChromSCape’ ...
** this is package ‘ChromSCape’ version ‘1.19.1’
** using staged installation
** libs
using C++ compiler: ‘g++ (Ubuntu 13.3.0-6ubuntu2~24.04) 13.3.0’
g++ -std=gnu++17 -I"/home/biocbuild/bbs-3.22-bioc/R/include" -DNDEBUG  -I'/home/biocbuild/bbs-3.22-bioc/R/site-library/Rcpp/include' -I/usr/local/include    -fpic  -g -O2  -Wall -Werror=format-security  -c RcppExports.cpp -o RcppExports.o
g++ -std=gnu++17 -I"/home/biocbuild/bbs-3.22-bioc/R/include" -DNDEBUG  -I'/home/biocbuild/bbs-3.22-bioc/R/site-library/Rcpp/include' -I/usr/local/include    -fpic  -g -O2  -Wall -Werror=format-security  -c as_dist.cpp -o as_dist.o
g++ -std=gnu++17 -shared -L/home/biocbuild/bbs-3.22-bioc/R/lib -L/usr/local/lib -o ChromSCape.so RcppExports.o as_dist.o -L/home/biocbuild/bbs-3.22-bioc/R/lib -lR
installing to /home/biocbuild/bbs-3.22-bioc/R/site-library/00LOCK-ChromSCape/00new/ChromSCape/libs
** R
** data
** inst
** byte-compile and prepare package for lazy loading
** help
*** installing help indices
** building package indices
** installing vignettes
** testing if installed package can be loaded from temporary location
** checking absolute paths in shared objects and dynamic libraries
** testing if installed package can be loaded from final location
** testing if installed package keeps a record of temporary installation path
* DONE (ChromSCape)

Tests output

ChromSCape.Rcheck/tests/testthat.Rout


R version 4.5.1 Patched (2025-08-23 r88802) -- "Great Square Root"
Copyright (C) 2025 The R Foundation for Statistical Computing
Platform: x86_64-pc-linux-gnu

R is free software and comes with ABSOLUTELY NO WARRANTY.
You are welcome to redistribute it under certain conditions.
Type 'license()' or 'licence()' for distribution details.

R is a collaborative project with many contributors.
Type 'contributors()' for more information and
'citation()' on how to cite R or R packages in publications.

Type 'demo()' for some demos, 'help()' for on-line help, or
'help.start()' for an HTML browser interface to help.
Type 'q()' to quit R.

> library(testthat)
> library(ChromSCape)
> 
> test_check("ChromSCape")
[ FAIL 0 | WARN 2 | SKIP 0 | PASS 11 ]

[ FAIL 0 | WARN 2 | SKIP 0 | PASS 11 ]
> 
> proc.time()
   user  system elapsed 
872.260   2.652  59.265 

Example timings

ChromSCape.Rcheck/ChromSCape-Ex.timings

nameusersystemelapsed
CheA3_TF_nTargets0.0060.0000.006
CompareWilcox59.185 0.846 7.963
CompareedgeRGLM59.507 0.253 5.648
annotToCol20.8270.0670.894
calculate_CNA22.049 1.20623.258
calculate_cyto_mat20.741 0.51321.255
calculate_gain_or_loss21.052 0.45021.503
calculate_logRatio_CNA21.496 0.36721.863
choose_cluster_scExp57.787 0.093 4.187
colors_scExp0.2640.0020.266
consensus_clustering_scExp55.693 0.299 4.216
correlation_and_hierarchical_clust_scExp51.915 0.024 1.343
create_project_folder0.0020.0000.002
create_scDataset_raw6.6710.2616.931
create_scExp0.4210.0080.429
define_feature0.1300.0010.132
detect_samples143.351 0.285 4.023
differential_activation5.1730.0185.192
differential_analysis_scExp2.7120.0022.714
enrich_TF_ChEA3_genes0.4300.0231.616
enrich_TF_ChEA3_scExp1.0470.0495.038
exclude_features_scExp0.4210.0270.447
feature_annotation_scExp1.3820.1901.572
filter_correlated_cell_scExp269.757 0.893 15.995
filter_scExp0.5080.0120.521
find_clusters_louvain_scExp0.2940.0160.310
find_top_features0.3120.0130.324
gene_set_enrichment_analysis_scExp0.2010.0030.205
generate_analysis000
generate_coverage_tracks000
generate_report000
getExperimentNames0.2250.0080.233
getMainExperiment0.2640.0150.279
get_cyto_features18.614 0.91219.526
get_genomic_coordinates0.3820.0200.403
get_most_variable_cyto20.909 0.66221.570
get_pathway_mat_scExp72.221 3.00775.314
has_genomic_coordinates0.6470.0430.690
import_scExp7.2610.2167.501
inter_correlation_scExp0.3200.0000.321
intra_correlation_scExp0.3320.0020.334
launchApp0.0000.0010.000
normalize_scExp0.3930.0150.409
num_cell_after_QC_filt_scExp0.3980.0170.415
num_cell_after_cor_filt_scExp318.967 1.158 19.358
num_cell_before_cor_filt_scExp0.2020.0030.204
num_cell_in_cluster_scExp55.242 0.064 1.526
num_cell_scExp0.3350.0430.378
plot_cluster_consensus_scExp1.0410.0781.119
plot_correlation_PCA_scExp1.1770.0241.201
plot_coverage_BigWig0.1970.0030.201
plot_differential_summary_scExp0.2190.0100.229
plot_differential_volcano_scExp0.3080.0050.312
plot_distribution_scExp0.4180.0130.431
plot_gain_or_loss_barplots48.187 0.89149.090
plot_heatmap_scExp0.3110.0010.312
plot_inter_correlation_scExp0.6500.0010.651
plot_intra_correlation_scExp0.6190.0030.621
plot_most_contributing_features0.4630.0000.463
plot_percent_active_feature_scExp0.5290.0170.545
plot_pie_most_contributing_chr0.3310.0060.337
plot_reduced_dim_scExp1.7410.0381.778
plot_reduced_dim_scExp_CNA23.046 0.13223.177
plot_top_TF_scExp0.6220.0030.626
plot_violin_feature_scExp0.6510.0090.660
preprocess_CPM0.3870.0050.391
preprocess_RPKM0.4050.0080.413
preprocess_TFIDF0.3900.0120.402
preprocess_TPM0.4290.0130.442
preprocess_feature_size_only0.3820.0010.382
preprocessing_filtering_and_reduction149.497 0.418 12.507
read_sparse_matrix000
rebin_matrix 7.294 0.03721.972
reduce_dims_scExp1.5960.0271.623
scExp1.1070.0121.119
subsample_scExp0.5620.0150.576
subset_bam_call_peaks000
summary_DA0.2240.0010.226
swapAltExp_sameColData0.2920.0040.296
table_enriched_genes_scExp0.2120.0010.213
wrapper_Signac_FeatureMatrix000