Back to Build/check report for BioC 3.23:   simplified   long
AB[C]DEFGHIJKLMNOPQRSTUVWXYZ

This page was generated on 2025-11-01 11:32 -0400 (Sat, 01 Nov 2025).

HostnameOSArch (*)R versionInstalled pkgs
nebbiolo1Linux (Ubuntu 24.04.3 LTS)x86_64R Under development (unstable) (2025-10-20 r88955) -- "Unsuffered Consequences" 4774
Click on any hostname to see more info about the system (e.g. compilers)      (*) as reported by 'uname -p', except on Windows and Mac OS X

Package 314/2321HostnameOS / ArchINSTALLBUILDCHECKBUILD BIN
Cepo 1.17.0  (landing page)
Hani Jieun Kim
Snapshot Date: 2025-10-31 13:40 -0400 (Fri, 31 Oct 2025)
git_url: https://git.bioconductor.org/packages/Cepo
git_branch: devel
git_last_commit: 884e02b
git_last_commit_date: 2025-10-29 11:13:24 -0400 (Wed, 29 Oct 2025)
nebbiolo1Linux (Ubuntu 24.04.3 LTS) / x86_64  OK    ERROR  skipped


BUILD results for Cepo on nebbiolo1

To the developers/maintainers of the Cepo package:
- Allow up to 24 hours (and sometimes 48 hours) for your latest push to git@git.bioconductor.org:packages/Cepo.git to reflect on this report. See Troubleshooting Build Report for more information.
- Use the following Renviron settings to reproduce errors and warnings.
- If 'R CMD check' started to fail recently on the Linux builder(s) over a missing dependency, add the missing dependency to 'Suggests:' in your DESCRIPTION file. See Renviron.bioc for more information.

raw results


Summary

Package: Cepo
Version: 1.17.0
Command: /home/biocbuild/bbs-3.23-bioc/R/bin/R CMD build --keep-empty-dirs --no-resave-data Cepo
StartedAt: 2025-10-31 16:58:26 -0400 (Fri, 31 Oct 2025)
EndedAt: 2025-10-31 16:59:56 -0400 (Fri, 31 Oct 2025)
EllapsedTime: 90.1 seconds
RetCode: 1
Status:   ERROR  
PackageFile: None
PackageFileSize: NA

Command output

##############################################################################
##############################################################################
###
### Running command:
###
###   /home/biocbuild/bbs-3.23-bioc/R/bin/R CMD build --keep-empty-dirs --no-resave-data Cepo
###
##############################################################################
##############################################################################


* checking for file ‘Cepo/DESCRIPTION’ ... OK
* preparing ‘Cepo’:
* checking DESCRIPTION meta-information ... OK
* installing the package (it is needed to build vignettes)
* creating vignettes ... ERROR
--- re-building ‘cepo.Rmd’ using rmarkdown

Quitting from cepo.Rmd:287-300 [gsea]
~~~~~~~~~~~~~~~~~~~~~~~~~~~~~~~~~~~~~~~~~~~~~~~~~~~~~~~~~~~~~~~~~~~~~~~~~~~~~~~~
<error/rlang_error>
Error in `.msigdb_cached()`:
! Package 'msigdb' must be installed to download MSigDB resources
---
Backtrace:
    ▆
 1. └─escape::getGeneSets(species = "Homo sapiens", library = "H")
 2.   └─escape:::.msigdb_cached(org, id, version)
~~~~~~~~~~~~~~~~~~~~~~~~~~~~~~~~~~~~~~~~~~~~~~~~~~~~~~~~~~~~~~~~~~~~~~~~~~~~~~~~

Error: processing vignette 'cepo.Rmd' failed with diagnostics:
Package 'msigdb' must be installed to download MSigDB resources
--- failed re-building ‘cepo.Rmd’

SUMMARY: processing the following file failed:
  ‘cepo.Rmd’

Error: Vignette re-building failed.
Execution halted