| Back to Multiple platform build/check report for BioC 3.22: simplified long |
|
This page was generated on 2025-10-24 12:07 -0400 (Fri, 24 Oct 2025).
| Hostname | OS | Arch (*) | R version | Installed pkgs |
|---|---|---|---|---|
| nebbiolo2 | Linux (Ubuntu 24.04.3 LTS) | x86_64 | 4.5.1 Patched (2025-08-23 r88802) -- "Great Square Root" | 4898 |
| lconway | macOS 12.7.6 Monterey | x86_64 | 4.5.1 Patched (2025-09-10 r88807) -- "Great Square Root" | 4688 |
| kjohnson3 | macOS 13.7.7 Ventura | arm64 | 4.5.1 Patched (2025-09-10 r88807) -- "Great Square Root" | 4634 |
| taishan | Linux (openEuler 24.03 LTS) | aarch64 | 4.5.0 (2025-04-11) -- "How About a Twenty-Six" | 4658 |
| Click on any hostname to see more info about the system (e.g. compilers) (*) as reported by 'uname -p', except on Windows and Mac OS X | ||||
| Package 244/2359 | Hostname | OS / Arch | INSTALL | BUILD | CHECK | BUILD BIN | ||||||||
| BRAIN 1.55.0 (landing page) Piotr Dittwald
| nebbiolo2 | Linux (Ubuntu 24.04.3 LTS) / x86_64 | OK | OK | WARNINGS | |||||||||
| lconway | macOS 12.7.6 Monterey / x86_64 | OK | OK | WARNINGS | OK | |||||||||
| kjohnson3 | macOS 13.7.7 Ventura / arm64 | OK | OK | WARNINGS | OK | |||||||||
| taishan | Linux (openEuler 24.03 LTS) / aarch64 | OK | OK | WARNINGS | ||||||||||
|
To the developers/maintainers of the BRAIN package: - Allow up to 24 hours (and sometimes 48 hours) for your latest push to git@git.bioconductor.org:packages/BRAIN.git to reflect on this report. See Troubleshooting Build Report for more information. - Use the following Renviron settings to reproduce errors and warnings. - If 'R CMD check' started to fail recently on the Linux builder(s) over a missing dependency, add the missing dependency to 'Suggests:' in your DESCRIPTION file. See Renviron.bioc for more information. - See Martin Grigorov's blog post for how to debug Linux ARM64 related issues on a x86_64 host. |
| Package: BRAIN |
| Version: 1.55.0 |
| Command: /home/biocbuild/R/R/bin/R CMD check --install=check:BRAIN.install-out.txt --library=/home/biocbuild/R/R/site-library --no-vignettes --timings BRAIN_1.55.0.tar.gz |
| StartedAt: 2025-10-21 06:02:20 -0000 (Tue, 21 Oct 2025) |
| EndedAt: 2025-10-21 06:03:15 -0000 (Tue, 21 Oct 2025) |
| EllapsedTime: 54.2 seconds |
| RetCode: 0 |
| Status: WARNINGS |
| CheckDir: BRAIN.Rcheck |
| Warnings: 2 |
##############################################################################
##############################################################################
###
### Running command:
###
### /home/biocbuild/R/R/bin/R CMD check --install=check:BRAIN.install-out.txt --library=/home/biocbuild/R/R/site-library --no-vignettes --timings BRAIN_1.55.0.tar.gz
###
##############################################################################
##############################################################################
* using log directory ‘/home/biocbuild/bbs-3.22-bioc/meat/BRAIN.Rcheck’
* using R version 4.5.0 (2025-04-11)
* using platform: aarch64-unknown-linux-gnu
* R was compiled by
aarch64-unknown-linux-gnu-gcc (GCC) 14.2.0
GNU Fortran (GCC) 14.2.0
* running under: openEuler 24.03 (LTS)
* using session charset: UTF-8
* using option ‘--no-vignettes’
* checking for file ‘BRAIN/DESCRIPTION’ ... OK
* checking extension type ... Package
* this is package ‘BRAIN’ version ‘1.55.0’
* checking package namespace information ... OK
* checking package dependencies ... OK
* checking if this is a source package ... OK
* checking if there is a namespace ... OK
* checking for hidden files and directories ... OK
* checking for portable file names ... OK
* checking for sufficient/correct file permissions ... OK
* checking whether package ‘BRAIN’ can be installed ... OK
* checking installed package size ... OK
* checking package directory ... OK
* checking ‘build’ directory ... OK
* checking DESCRIPTION meta-information ... OK
* checking top-level files ... OK
* checking for left-over files ... OK
* checking index information ... OK
* checking package subdirectories ... OK
* checking code files for non-ASCII characters ... OK
* checking R files for syntax errors ... OK
* checking whether the package can be loaded ... OK
* checking whether the package can be loaded with stated dependencies ... OK
* checking whether the package can be unloaded cleanly ... OK
* checking whether the namespace can be loaded with stated dependencies ... OK
* checking whether the namespace can be unloaded cleanly ... OK
* checking loading without being on the library search path ... OK
* checking dependencies in R code ... NOTE
Package in Depends field not imported from: ‘Biostrings’
These packages need to be imported from (in the NAMESPACE file)
for when this namespace is loaded but not attached.
* checking S3 generic/method consistency ... OK
* checking replacement functions ... OK
* checking foreign function calls ... OK
* checking R code for possible problems ... OK
* checking Rd files ... NOTE
checkRd: (-1) useBRAIN.Rd:43: Lost braces in \itemize; \value handles \item{}{} directly
checkRd: (-1) useBRAIN.Rd:44: Lost braces in \itemize; \value handles \item{}{} directly
checkRd: (-1) useBRAIN.Rd:45: Lost braces in \itemize; \value handles \item{}{} directly
checkRd: (-1) useBRAIN.Rd:46: Lost braces in \itemize; \value handles \item{}{} directly
checkRd: (-1) useBRAIN2.Rd:40: Lost braces in \itemize; \value handles \item{}{} directly
* checking Rd metadata ... OK
* checking Rd cross-references ... OK
* checking for missing documentation entries ... OK
* checking for code/documentation mismatches ... WARNING
Codoc mismatches from Rd file 'calculateIsotopicProbabilities.Rd':
calculateIsotopicProbabilities
Code: function(aC, stopOption = "nrPeaks", nrPeaks = NULL, coverage =
NULL, abundantEstim = NULL, approx = FALSE,
approxStart = 1, approxParam = NULL)
Docs: function(aC, stopOption = "nrPeaks", nrPeaks, coverage,
abundantEstim)
Argument names in code not in docs:
approx approxStart approxParam
Mismatches in argument default values:
Name: 'nrPeaks' Code: NULL Docs:
Name: 'coverage' Code: NULL Docs:
Name: 'abundantEstim' Code: NULL Docs:
* checking Rd \usage sections ... WARNING
Bad \usage lines found in Rd file 'useBRAIN2.Rd':
useBRAIN2(aC, stopOption = "nrPeaks", nrPeaks, approxStart = 1, approxParam = NULL))
Functions with \usage entries need to have the appropriate \alias
entries, and all their arguments documented.
The \usage entries must correspond to syntactically valid R code.
See chapter ‘Writing R documentation files’ in the ‘Writing R
Extensions’ manual.
* checking Rd contents ... OK
* checking for unstated dependencies in examples ... OK
* checking files in ‘vignettes’ ... OK
* checking examples ... OK
* checking for unstated dependencies in vignettes ... OK
* checking package vignettes ... OK
* checking running R code from vignettes ... SKIPPED
* checking re-building of vignette outputs ... SKIPPED
* checking PDF version of manual ... OK
* DONE
Status: 2 WARNINGs, 2 NOTEs
See
‘/home/biocbuild/bbs-3.22-bioc/meat/BRAIN.Rcheck/00check.log’
for details.
BRAIN.Rcheck/00install.out
############################################################################## ############################################################################## ### ### Running command: ### ### /home/biocbuild/R/R/bin/R CMD INSTALL BRAIN ### ############################################################################## ############################################################################## * installing to library ‘/home/biocbuild/R/R-4.5.0/site-library’ * installing *source* package ‘BRAIN’ ... ** this is package ‘BRAIN’ version ‘1.55.0’ ** using staged installation ** R ** inst ** byte-compile and prepare package for lazy loading ** help *** installing help indices ** building package indices ** installing vignettes ** testing if installed package can be loaded from temporary location ** testing if installed package can be loaded from final location ** testing if installed package keeps a record of temporary installation path * DONE (BRAIN)
BRAIN.Rcheck/BRAIN-Ex.timings
| name | user | system | elapsed | |
| BRAIN-package | 0.218 | 0.015 | 0.247 | |
| calculateAverageMass | 0.000 | 0.000 | 0.001 | |
| calculateIsotopicProbabilities | 0.041 | 0.000 | 0.041 | |
| calculateMonoisotopicMass | 0.001 | 0.000 | 0.000 | |
| calculateNrPeaks | 0 | 0 | 0 | |
| getAtomsFromSeq | 0.002 | 0.003 | 0.008 | |
| useBRAIN | 0.392 | 0.000 | 0.393 | |
| useBRAIN2 | 0.232 | 0.008 | 0.241 | |