| Back to Multiple platform build/check report for BioC 3.22: simplified long |
|
This page was generated on 2025-10-23 12:03 -0400 (Thu, 23 Oct 2025).
| Hostname | OS | Arch (*) | R version | Installed pkgs |
|---|---|---|---|---|
| nebbiolo2 | Linux (Ubuntu 24.04.3 LTS) | x86_64 | 4.5.1 Patched (2025-08-23 r88802) -- "Great Square Root" | 4894 |
| lconway | macOS 12.7.6 Monterey | x86_64 | 4.5.1 Patched (2025-09-10 r88807) -- "Great Square Root" | 4684 |
| kjohnson3 | macOS 13.7.7 Ventura | arm64 | 4.5.1 Patched (2025-09-10 r88807) -- "Great Square Root" | 4629 |
| taishan | Linux (openEuler 24.03 LTS) | aarch64 | 4.5.0 (2025-04-11) -- "How About a Twenty-Six" | 4642 |
| Click on any hostname to see more info about the system (e.g. compilers) (*) as reported by 'uname -p', except on Windows and Mac OS X | ||||
| Package 89/2355 | Hostname | OS / Arch | INSTALL | BUILD | CHECK | BUILD BIN | ||||||||
| AnVILWorkflow 1.9.0 (landing page) Sehyun Oh
| nebbiolo2 | Linux (Ubuntu 24.04.3 LTS) / x86_64 | OK | OK | WARNINGS | |||||||||
| lconway | macOS 12.7.6 Monterey / x86_64 | OK | OK | WARNINGS | OK | |||||||||
| kjohnson3 | macOS 13.7.7 Ventura / arm64 | OK | OK | WARNINGS | OK | |||||||||
| taishan | Linux (openEuler 24.03 LTS) / aarch64 | OK | OK | WARNINGS | ||||||||||
|
To the developers/maintainers of the AnVILWorkflow package: - Allow up to 24 hours (and sometimes 48 hours) for your latest push to git@git.bioconductor.org:packages/AnVILWorkflow.git to reflect on this report. See Troubleshooting Build Report for more information. - Use the following Renviron settings to reproduce errors and warnings. - If 'R CMD check' started to fail recently on the Linux builder(s) over a missing dependency, add the missing dependency to 'Suggests:' in your DESCRIPTION file. See Renviron.bioc for more information. |
| Package: AnVILWorkflow |
| Version: 1.9.0 |
| Command: /home/biocbuild/bbs-3.22-bioc/R/bin/R CMD check --install=check:AnVILWorkflow.install-out.txt --library=/home/biocbuild/bbs-3.22-bioc/R/site-library --timings AnVILWorkflow_1.9.0.tar.gz |
| StartedAt: 2025-10-22 21:05:58 -0400 (Wed, 22 Oct 2025) |
| EndedAt: 2025-10-22 21:06:33 -0400 (Wed, 22 Oct 2025) |
| EllapsedTime: 35.0 seconds |
| RetCode: 0 |
| Status: WARNINGS |
| CheckDir: AnVILWorkflow.Rcheck |
| Warnings: 2 |
##############################################################################
##############################################################################
###
### Running command:
###
### /home/biocbuild/bbs-3.22-bioc/R/bin/R CMD check --install=check:AnVILWorkflow.install-out.txt --library=/home/biocbuild/bbs-3.22-bioc/R/site-library --timings AnVILWorkflow_1.9.0.tar.gz
###
##############################################################################
##############################################################################
* using log directory ‘/home/biocbuild/bbs-3.22-bioc/meat/AnVILWorkflow.Rcheck’
* using R version 4.5.1 Patched (2025-08-23 r88802)
* using platform: x86_64-pc-linux-gnu
* R was compiled by
gcc (Ubuntu 13.3.0-6ubuntu2~24.04) 13.3.0
GNU Fortran (Ubuntu 13.3.0-6ubuntu2~24.04) 13.3.0
* running under: Ubuntu 24.04.3 LTS
* using session charset: UTF-8
* checking for file ‘AnVILWorkflow/DESCRIPTION’ ... OK
* this is package ‘AnVILWorkflow’ version ‘1.9.0’
* package encoding: UTF-8
* checking package namespace information ... OK
* checking package dependencies ... OK
* checking if this is a source package ... OK
* checking if there is a namespace ... OK
* checking for hidden files and directories ... OK
* checking for portable file names ... OK
* checking for sufficient/correct file permissions ... OK
* checking whether package ‘AnVILWorkflow’ can be installed ... OK
* checking installed package size ... OK
* checking package directory ... OK
* checking ‘build’ directory ... OK
* checking DESCRIPTION meta-information ... OK
* checking top-level files ... OK
* checking for left-over files ... OK
* checking index information ... OK
* checking package subdirectories ... OK
* checking code files for non-ASCII characters ... OK
* checking R files for syntax errors ... OK
* checking whether the package can be loaded ... OK
* checking whether the package can be loaded with stated dependencies ... OK
* checking whether the package can be unloaded cleanly ... OK
* checking whether the namespace can be loaded with stated dependencies ... OK
* checking whether the namespace can be unloaded cleanly ... OK
* checking loading without being on the library search path ... OK
* checking dependencies in R code ... WARNING
Package in Depends field not imported from: ‘AnVILBase’
These packages need to be imported from (in the NAMESPACE file)
for when this namespace is loaded but not attached.
Missing or unexported object: ‘AnVIL::gsutil_cat’
* checking S3 generic/method consistency ... OK
* checking replacement functions ... OK
* checking foreign function calls ... OK
* checking R code for possible problems ... NOTE
.avSampleData: no visible binding for global variable ‘.’
.tableToString: no visible binding for global variable ‘.’
AnVILBrowse: no visible binding for global variable ‘workspace_key’
getAllWorkflows: no visible global function definition for ‘flatten’
getAllWorkspaces: no visible global function definition for ‘flatten’
getAllWorkspaces: no visible binding for global variable
‘workspace.workspaceId’
getAllWorkspaces: no visible binding for global variable ‘public’
getAllWorkspaces: no visible binding for global variable
‘workspace.attributes.library:indication’
getAllWorkspaces: no visible binding for global variable
‘workspace.attributes.library:studyDesign’
getAllWorkspaces: no visible binding for global variable
‘workspace.attributes.library:numSubjects’
getAllWorkspaces: no visible binding for global variable
‘workspace.attributes.library:primaryDiseaseSite’
getAllWorkspaces: no visible binding for global variable
‘workspace.attributes.library:cohortCountry’
getAllWorkspaces: no visible binding for global variable
‘workspace.attributes.library:projectName’
getAllWorkspaces: no visible binding for global variable
‘workspace.attributes.library:reference’
getData: no visible binding for global variable ‘.’
getOutput: no visible binding for global variable ‘gsutil_cp’
getWorkspaces: no visible binding for global variable ‘cloudPlatform’
getWorkspaces: no visible binding for global variable ‘namespace’
getWorkspaces: no visible binding for global variable ‘name’
getWorkspaces: no visible binding for global variable ‘accessLevel’
getWorkspaces: no visible binding for global variable ‘public’
getWorkspaces: no visible binding for global variable ‘isLocked’
getWorkspaces: no visible binding for global variable
‘workspace_namespace’
getWorkspaces: no visible binding for global variable ‘workspace_name’
getWorkspaces: no visible binding for global variable ‘datatype’
getWorkspaces: no visible binding for global variable ‘itemsType’
getWorkspaces: no visible binding for global variable ‘items’
updateInput: no visible binding for global variable ‘ws_namespace’
updateInput: no visible binding for global variable ‘ws_name’
updateInput: no visible binding for global variable ‘ws_fullname’
updateInput: no visible binding for global variable ‘wf_fullname’
Undefined global functions or variables:
. accessLevel cloudPlatform datatype flatten gsutil_cp isLocked items
itemsType name namespace public wf_fullname
workspace.attributes.library:cohortCountry
workspace.attributes.library:indication
workspace.attributes.library:numSubjects
workspace.attributes.library:primaryDiseaseSite
workspace.attributes.library:projectName
workspace.attributes.library:reference
workspace.attributes.library:studyDesign workspace.workspaceId
workspace_key workspace_name workspace_namespace ws_fullname ws_name
ws_namespace
* checking Rd files ... OK
* checking Rd metadata ... OK
* checking Rd cross-references ... WARNING
Missing link(s) in Rd file 'dot-nonMetadataOutputs.Rd':
‘[AnVIL]{avworkflow_files}’
See section 'Cross-references' in the 'Writing R Extensions' manual.
* checking for missing documentation entries ... OK
* checking for code/documentation mismatches ... OK
* checking Rd \usage sections ... OK
* checking Rd contents ... OK
* checking for unstated dependencies in examples ... OK
* checking files in ‘vignettes’ ... OK
* checking examples ... OK
* checking for unstated dependencies in vignettes ... OK
* checking package vignettes ... OK
* checking re-building of vignette outputs ... OK
* checking PDF version of manual ... OK
* DONE
Status: 2 WARNINGs, 1 NOTE
See
‘/home/biocbuild/bbs-3.22-bioc/meat/AnVILWorkflow.Rcheck/00check.log’
for details.
AnVILWorkflow.Rcheck/00install.out
############################################################################## ############################################################################## ### ### Running command: ### ### /home/biocbuild/bbs-3.22-bioc/R/bin/R CMD INSTALL AnVILWorkflow ### ############################################################################## ############################################################################## * installing to library ‘/home/biocbuild/bbs-3.22-bioc/R/site-library’ * installing *source* package ‘AnVILWorkflow’ ... ** this is package ‘AnVILWorkflow’ version ‘1.9.0’ ** using staged installation ** R ** inst ** byte-compile and prepare package for lazy loading ** help *** installing help indices ** building package indices ** installing vignettes ** testing if installed package can be loaded from temporary location ** testing if installed package can be loaded from final location ** testing if installed package keeps a record of temporary installation path * DONE (AnVILWorkflow)
AnVILWorkflow.Rcheck/AnVILWorkflow-Ex.timings
| name | user | system | elapsed | |
| AnVILBrowse | 3.344 | 0.040 | 3.384 | |
| availableAnalysis | 0.079 | 0.021 | 0.092 | |
| cloneWorkspace | 0.067 | 0.023 | 0.081 | |
| currentInput | 0.066 | 0.020 | 0.081 | |
| dot-biobakery_currentInput | 0.057 | 0.032 | 0.082 | |
| dot-get_workspace_fullname | 0.061 | 0.031 | 0.083 | |
| findInputName | 0.068 | 0.028 | 0.087 | |
| getAllDataTables | 0.062 | 0.032 | 0.086 | |
| getAllWorkflows | 0.061 | 0.027 | 0.080 | |
| getAllWorkspaces | 0.066 | 0.022 | 0.081 | |
| getDashboard | 0.061 | 0.031 | 0.085 | |
| getOutput | 0.061 | 0.028 | 0.085 | |
| getWorkflowConfig | 0.090 | 0.029 | 0.108 | |
| monitorWorkflow | 0.058 | 0.032 | 0.085 | |
| runWorkflow | 0.059 | 0.029 | 0.081 | |
| setCloudEnv | 0.056 | 0.032 | 0.082 | |
| stopWorkflow | 0.065 | 0.026 | 0.082 | |
| updateInput | 0.065 | 0.025 | 0.081 | |