Back to Multiple platform build/check report for BioC 3.23:   simplified   long
[A]BCDEFGHIJKLMNOPQRSTUVWXYZ

This page was generated on 2025-11-21 11:39 -0500 (Fri, 21 Nov 2025).

HostnameOSArch (*)R versionInstalled pkgs
nebbiolo1Linux (Ubuntu 24.04.3 LTS)x86_64R Under development (unstable) (2025-10-20 r88955) -- "Unsuffered Consequences" 4829
lconwaymacOS 12.7.6 Montereyx86_64R Under development (unstable) (2025-10-21 r88958) -- "Unsuffered Consequences" 4602
kjohnson3macOS 13.7.7 Venturaarm64R Under development (unstable) (2025-11-04 r88984) -- "Unsuffered Consequences" 4566
Click on any hostname to see more info about the system (e.g. compilers)      (*) as reported by 'uname -p', except on Windows and Mac OS X

Package 107/2327HostnameOS / ArchINSTALLBUILDCHECKBUILD BIN
ASpli 2.21.0  (landing page)
Ariel Chernomoretz
Snapshot Date: 2025-11-20 13:40 -0500 (Thu, 20 Nov 2025)
git_url: https://git.bioconductor.org/packages/ASpli
git_branch: devel
git_last_commit: 6fd6add
git_last_commit_date: 2025-10-29 10:33:32 -0500 (Wed, 29 Oct 2025)
nebbiolo1Linux (Ubuntu 24.04.3 LTS) / x86_64  OK    OK    WARNINGS  UNNEEDED, same version is already published
lconwaymacOS 12.7.6 Monterey / x86_64  OK    OK    WARNINGS    OK  NO, package depends on 'GenomicRanges' which is only available as a source package that needs compilation
kjohnson3macOS 13.7.7 Ventura / arm64  OK    OK    WARNINGS    OK  NO, package depends on 'GenomicRanges' which is only available as a source package that needs compilation


CHECK results for ASpli on kjohnson3

To the developers/maintainers of the ASpli package:
- Allow up to 24 hours (and sometimes 48 hours) for your latest push to git@git.bioconductor.org:packages/ASpli.git to reflect on this report. See Troubleshooting Build Report for more information.
- Use the following Renviron settings to reproduce errors and warnings.
- If 'R CMD check' started to fail recently on the Linux builder(s) over a missing dependency, add the missing dependency to 'Suggests:' in your DESCRIPTION file. See Renviron.bioc for more information.

raw results


Summary

Package: ASpli
Version: 2.21.0
Command: /Library/Frameworks/R.framework/Resources/bin/R CMD check --install=check:ASpli.install-out.txt --library=/Library/Frameworks/R.framework/Resources/library --no-vignettes --timings ASpli_2.21.0.tar.gz
StartedAt: 2025-11-20 18:31:08 -0500 (Thu, 20 Nov 2025)
EndedAt: 2025-11-20 18:39:43 -0500 (Thu, 20 Nov 2025)
EllapsedTime: 515.2 seconds
RetCode: 0
Status:   WARNINGS  
CheckDir: ASpli.Rcheck
Warnings: 1

Command output

##############################################################################
##############################################################################
###
### Running command:
###
###   /Library/Frameworks/R.framework/Resources/bin/R CMD check --install=check:ASpli.install-out.txt --library=/Library/Frameworks/R.framework/Resources/library --no-vignettes --timings ASpli_2.21.0.tar.gz
###
##############################################################################
##############################################################################


* using log directory ‘/Users/biocbuild/bbs-3.23-bioc/meat/ASpli.Rcheck’
* using R Under development (unstable) (2025-11-04 r88984)
* using platform: aarch64-apple-darwin20
* R was compiled by
    Apple clang version 16.0.0 (clang-1600.0.26.6)
    GNU Fortran (GCC) 14.2.0
* running under: macOS Ventura 13.7.8
* using session charset: UTF-8
* using option ‘--no-vignettes’
* checking for file ‘ASpli/DESCRIPTION’ ... OK
* checking extension type ... Package
* this is package ‘ASpli’ version ‘2.21.0’
* checking package namespace information ... OK
* checking package dependencies ... OK
* checking if this is a source package ... OK
* checking if there is a namespace ... OK
* checking for hidden files and directories ... OK
* checking for portable file names ... OK
* checking for sufficient/correct file permissions ... OK
* checking whether package ‘ASpli’ can be installed ... WARNING
Found the following significant warnings:
  Warning: replacing previous import ‘utils::findMatches’ by ‘S4Vectors::findMatches’ when loading ‘ASpli’
See ‘/Users/biocbuild/bbs-3.23-bioc/meat/ASpli.Rcheck/00install.out’ for details.
* checking installed package size ... OK
* checking package directory ... OK
* checking ‘build’ directory ... OK
* checking DESCRIPTION meta-information ... OK
* checking top-level files ... OK
* checking for left-over files ... OK
* checking index information ... OK
* checking package subdirectories ... OK
* checking code files for non-ASCII characters ... OK
* checking R files for syntax errors ... OK
* checking whether the package can be loaded ... OK
* checking whether the package can be loaded with stated dependencies ... OK
* checking whether the package can be unloaded cleanly ... OK
* checking whether the namespace can be loaded with stated dependencies ... OK
* checking whether the namespace can be unloaded cleanly ... OK
* checking dependencies in R code ... NOTE
Namespace in Imports field not imported from: 'txdbmaker'
  All declared Imports should be used.
* checking S3 generic/method consistency ... OK
* checking replacement functions ... OK
* checking foreign function calls ... OK
* checking R code for possible problems ... OK
* checking Rd files ... OK
* checking Rd metadata ... OK
* checking Rd cross-references ... NOTE
Found the following Rd file(s) with Rd \link{} targets missing package
anchors:
  DUreport.Rd: edgeR
  DUreport.norm.Rd: edgeR
  DUreport.offset.Rd: edgeR
  DUreportBinSplice-method.Rd: edgeR
  gbDUreport-method.Rd: edgeR
  jDUreport.Rd: edgeR
  junctionDUreport.Rd: edgeR
Please provide package anchors for all Rd \link{} targets not in the
package itself and the base packages.
* checking for missing documentation entries ... OK
* checking for code/documentation mismatches ... OK
* checking Rd \usage sections ... OK
* checking Rd contents ... OK
* checking for unstated dependencies in examples ... OK
* checking sizes of PDF files under ‘inst/doc’ ... OK
* checking installed files from ‘inst/doc’ ... OK
* checking files in ‘vignettes’ ... OK
* checking examples ... OK
Examples with CPU (user + system) or elapsed time > 5s
                          user system elapsed
ASpli-package           66.506  0.110  70.483
exportIntegratedSignals 33.673  0.121  36.475
exportSplicingReports   33.590  0.096  36.741
jDUreport               33.543  0.096  36.649
jCounts-methods         33.377  0.090  36.118
splicingReport          33.192  0.086  36.559
integrateSignals        33.069  0.097  37.043
gbDUreport-method       29.415  0.061  32.047
gbCounts                29.106  0.051  32.088
* checking for unstated dependencies in vignettes ... OK
* checking package vignettes ... OK
* checking running R code from vignettes ... SKIPPED
* checking re-building of vignette outputs ... SKIPPED
* checking PDF version of manual ... OK
* DONE

Status: 1 WARNING, 2 NOTEs
See
  ‘/Users/biocbuild/bbs-3.23-bioc/meat/ASpli.Rcheck/00check.log’
for details.


Installation output

ASpli.Rcheck/00install.out

##############################################################################
##############################################################################
###
### Running command:
###
###   /Library/Frameworks/R.framework/Resources/bin/R CMD INSTALL ASpli
###
##############################################################################
##############################################################################


* installing to library ‘/Library/Frameworks/R.framework/Versions/4.6-arm64/Resources/library’
* installing *source* package ‘ASpli’ ...
** this is package ‘ASpli’ version ‘2.21.0’
** using staged installation
** R
** inst
** byte-compile and prepare package for lazy loading
Warning: replacing previous import ‘utils::findMatches’ by ‘S4Vectors::findMatches’ when loading ‘ASpli’
** help
*** installing help indices
** building package indices
** installing vignettes
** testing if installed package can be loaded from temporary location
Warning: replacing previous import ‘utils::findMatches’ by ‘S4Vectors::findMatches’ when loading ‘ASpli’
** testing if installed package can be loaded from final location
Warning: replacing previous import ‘utils::findMatches’ by ‘S4Vectors::findMatches’ when loading ‘ASpli’
** testing if installed package keeps a record of temporary installation path
* DONE (ASpli)

Tests output


Example timings

ASpli.Rcheck/ASpli-Ex.timings

nameusersystemelapsed
ASpli-package66.506 0.11070.483
DUreport0.0000.0000.001
DUreport.norm0.0000.0000.003
DUreport.offset000
DUreportBinSplice-method0.0000.0010.000
acc_AS000
acc_DU000
acc_counts0.0000.0000.001
acc_features0.0710.0010.076
binGenome1.0750.0061.175
containsJunctions-function000
example_data000
exportIntegratedSignals33.673 0.12136.475
exportSplicingReports33.590 0.09636.741
filterDU-method0.0000.0010.001
filterSignals000
gbCounts29.106 0.05132.088
gbDUreport-method29.415 0.06132.047
getConditions-function000
integrateSignals33.069 0.09737.043
jCounts-methods33.377 0.09036.118
jDUreport33.543 0.09636.649
junctionDUreport000
loadBAM000
mergeBinDUAS-method000
plotBins000
plotGenomicRegions000
rds0.0000.0010.001
splicingReport33.192 0.08636.559
subset-methods0.0000.0000.001