| Back to Multiple platform build/check report for BioC 3.9 experimental data | 
This page was generated on 2019-10-17 16:51:22 -0400 (Thu, 17 Oct 2019).
| Package 353/371 | Hostname | OS / Arch | INSTALL | BUILD | CHECK | BUILD BIN | ||||||
| tinesath1probe 1.22.0 Tine Casneuf 
 | malbec2 | Linux (Ubuntu 18.04.2 LTS) / x86_64 | OK | OK | [ WARNINGS ] |  | 
| Package: tinesath1probe | 
| Version: 1.22.0 | 
| Command: /home/biocbuild/bbs-3.9-bioc/R/bin/R CMD check --install=check:tinesath1probe.install-out.txt --library=/home/biocbuild/bbs-3.9-bioc/R/library --no-vignettes --timings tinesath1probe_1.22.0.tar.gz | 
| StartedAt: 2019-10-17 13:53:58 -0400 (Thu, 17 Oct 2019) | 
| EndedAt: 2019-10-17 13:54:40 -0400 (Thu, 17 Oct 2019) | 
| EllapsedTime: 41.9 seconds | 
| RetCode: 0 | 
| Status: WARNINGS | 
| CheckDir: tinesath1probe.Rcheck | 
| Warnings: 1 | 
##############################################################################
##############################################################################
###
### Running command:
###
###   /home/biocbuild/bbs-3.9-bioc/R/bin/R CMD check --install=check:tinesath1probe.install-out.txt --library=/home/biocbuild/bbs-3.9-bioc/R/library --no-vignettes --timings tinesath1probe_1.22.0.tar.gz
###
##############################################################################
##############################################################################
* using log directory ‘/home/biocbuild/bbs-3.9-data-experiment/meat/tinesath1probe.Rcheck’
* using R version 3.6.1 (2019-07-05)
* using platform: x86_64-pc-linux-gnu (64-bit)
* using session charset: UTF-8
* using option ‘--no-vignettes’
* checking for file ‘tinesath1probe/DESCRIPTION’ ... OK
* this is package ‘tinesath1probe’ version ‘1.22.0’
* checking package namespace information ... OK
* checking package dependencies ... OK
* checking if this is a source package ... OK
* checking if there is a namespace ... OK
* checking for hidden files and directories ... OK
* checking for portable file names ... OK
* checking for sufficient/correct file permissions ... OK
* checking whether package ‘tinesath1probe’ can be installed ... OK
* checking installed package size ... OK
* checking package directory ... OK
* checking DESCRIPTION meta-information ... OK
* checking top-level files ... OK
* checking for left-over files ... OK
* checking index information ... OK
* checking package subdirectories ... OK
* checking whether the package can be loaded ... OK
* checking whether the package can be loaded with stated dependencies ... OK
* checking whether the package can be unloaded cleanly ... OK
* checking whether the namespace can be loaded with stated dependencies ... OK
* checking whether the namespace can be unloaded cleanly ... OK
* checking Rd files ... OK
* checking Rd metadata ... OK
* checking Rd cross-references ... OK
* checking for missing documentation entries ... OK
* checking for code/documentation mismatches ... OK
* checking Rd \usage sections ... OK
* checking Rd contents ... OK
* checking for unstated dependencies in examples ... OK
* checking contents of ‘data’ directory ... OK
* checking data for non-ASCII characters ... OK
* checking data for ASCII and uncompressed saves ... WARNING
  
  Note: significantly better compression could be obtained
        by using R CMD build --resave-data
                     old_size new_size compress
  tinesath1probe.rda    3.5Mb    2.5Mb       xz
* checking examples ... OK
* checking PDF version of manual ... OK
* DONE
Status: 1 WARNING
See
  ‘/home/biocbuild/bbs-3.9-data-experiment/meat/tinesath1probe.Rcheck/00check.log’
for details.
tinesath1probe.Rcheck/00install.out
############################################################################## ############################################################################## ### ### Running command: ### ### /home/biocbuild/bbs-3.9-bioc/R/bin/R CMD INSTALL tinesath1probe ### ############################################################################## ############################################################################## * installing to library ‘/home/biocbuild/bbs-3.9-bioc/R/library’ * installing *source* package ‘tinesath1probe’ ... ** using staged installation ** data ** help *** installing help indices ** building package indices ** testing if installed package can be loaded from temporary location ** testing if installed package can be loaded from final location ** testing if installed package keeps a record of temporary installation path * DONE (tinesath1probe)
tinesath1probe.Rcheck/tinesath1probe-Ex.timings
| name | user | system | elapsed | |
| tinesath1probe | 1.132 | 0.169 | 1.301 | |