| Back to Multiple platform build/check report for BioC 3.9 experimental data | 
This page was generated on 2019-10-17 16:51:35 -0400 (Thu, 17 Oct 2019).
| Package 287/371 | Hostname | OS / Arch | INSTALL | BUILD | CHECK | BUILD BIN | ||||||
| restfulSEData 1.6.0 Bioconductor Package Maintainer 
 | malbec2 | Linux (Ubuntu 18.04.2 LTS) / x86_64 | OK | [ ERROR ] | skipped | 
| Package: restfulSEData | 
| Version: 1.6.0 | 
| Command: /home/biocbuild/bbs-3.9-bioc/R/bin/R CMD build --keep-empty-dirs --no-resave-data restfulSEData | 
| StartedAt: 2019-10-17 12:15:05 -0400 (Thu, 17 Oct 2019) | 
| EndedAt: 2019-10-17 12:15:37 -0400 (Thu, 17 Oct 2019) | 
| EllapsedTime: 32.4 seconds | 
| RetCode: 1 | 
| Status: ERROR | 
| PackageFile: None | 
| PackageFileSize: NA | 
############################################################################## ############################################################################## ### ### Running command: ### ### /home/biocbuild/bbs-3.9-bioc/R/bin/R CMD build --keep-empty-dirs --no-resave-data restfulSEData ### ############################################################################## ############################################################################## * checking for file ‘restfulSEData/DESCRIPTION’ ... OK * preparing ‘restfulSEData’: * checking DESCRIPTION meta-information ... OK * installing the package to build vignettes * creating vignettes ... ERROR --- re-building ‘restfulSEData.Rmd’ using rmarkdown Quitting from lines 29-36 (restfulSEData.Rmd) Error: processing vignette 'restfulSEData.Rmd' failed with diagnostics: "SimpleAssays" is not a defined class --- failed re-building ‘restfulSEData.Rmd’ SUMMARY: processing the following file failed: ‘restfulSEData.Rmd’ Error: Vignette re-building failed. Execution halted