| Back to Multiple platform build/check report for BioC 3.9 experimental data | 
This page was generated on 2019-10-17 16:51:35 -0400 (Thu, 17 Oct 2019).
| Package 254/371 | Hostname | OS / Arch | INSTALL | BUILD | CHECK | BUILD BIN | ||||||
| pathprintGEOData 1.14.0 Sokratis Kariotis 
 | malbec2 | Linux (Ubuntu 18.04.2 LTS) / x86_64 | OK | OK | [ WARNINGS ] |  | 
| Package: pathprintGEOData | 
| Version: 1.14.0 | 
| Command: /home/biocbuild/bbs-3.9-bioc/R/bin/R CMD check --install=check:pathprintGEOData.install-out.txt --library=/home/biocbuild/bbs-3.9-bioc/R/library --no-vignettes --timings pathprintGEOData_1.14.0.tar.gz | 
| StartedAt: 2019-10-17 13:36:35 -0400 (Thu, 17 Oct 2019) | 
| EndedAt: 2019-10-17 13:37:37 -0400 (Thu, 17 Oct 2019) | 
| EllapsedTime: 62.5 seconds | 
| RetCode: 0 | 
| Status: WARNINGS | 
| CheckDir: pathprintGEOData.Rcheck | 
| Warnings: 1 | 
##############################################################################
##############################################################################
###
### Running command:
###
###   /home/biocbuild/bbs-3.9-bioc/R/bin/R CMD check --install=check:pathprintGEOData.install-out.txt --library=/home/biocbuild/bbs-3.9-bioc/R/library --no-vignettes --timings pathprintGEOData_1.14.0.tar.gz
###
##############################################################################
##############################################################################
* using log directory ‘/home/biocbuild/bbs-3.9-data-experiment/meat/pathprintGEOData.Rcheck’
* using R version 3.6.1 (2019-07-05)
* using platform: x86_64-pc-linux-gnu (64-bit)
* using session charset: UTF-8
* using option ‘--no-vignettes’
* checking for file ‘pathprintGEOData/DESCRIPTION’ ... OK
* this is package ‘pathprintGEOData’ version ‘1.14.0’
* checking package namespace information ... OK
* checking package dependencies ... OK
* checking if this is a source package ... OK
* checking if there is a namespace ... OK
* checking for hidden files and directories ... OK
* checking for portable file names ... OK
* checking for sufficient/correct file permissions ... OK
* checking whether package ‘pathprintGEOData’ can be installed ... OK
* checking installed package size ... NOTE
  installed size is 52.1Mb
  sub-directories of 1Mb or more:
    data  52.0Mb
* checking package directory ... OK
* checking ‘build’ directory ... OK
* checking DESCRIPTION meta-information ... OK
* checking top-level files ... OK
* checking for left-over files ... OK
* checking index information ... OK
* checking package subdirectories ... OK
* checking whether the package can be loaded ... OK
* checking whether the package can be loaded with stated dependencies ... OK
* checking whether the package can be unloaded cleanly ... OK
* checking whether the namespace can be loaded with stated dependencies ... OK
* checking whether the namespace can be unloaded cleanly ... OK
* checking Rd files ... OK
* checking Rd metadata ... OK
* checking Rd cross-references ... OK
* checking for missing documentation entries ... OK
* checking for code/documentation mismatches ... OK
* checking Rd \usage sections ... OK
* checking Rd contents ... OK
* checking for unstated dependencies in examples ... OK
* checking contents of ‘data’ directory ... WARNING
File ‘data/datalist’ contains malformed line(s):
  ‘SummarizedExperimentGEO:geo_sum_data’
* checking data for non-ASCII characters ... OK
* checking data for ASCII and uncompressed saves ... OK
* checking files in ‘vignettes’ ... OK
* checking examples ... OK
Examples with CPU or elapsed time > 5s
                   user system elapsed
pathprintGEOData 12.733   0.61  13.358
* checking for unstated dependencies in vignettes ... OK
* checking package vignettes in ‘inst/doc’ ... OK
* checking running R code from vignettes ... SKIPPED
* checking re-building of vignette outputs ... SKIPPED
* checking PDF version of manual ... OK
* DONE
Status: 1 WARNING, 1 NOTE
See
  ‘/home/biocbuild/bbs-3.9-data-experiment/meat/pathprintGEOData.Rcheck/00check.log’
for details.
pathprintGEOData.Rcheck/00install.out
############################################################################## ############################################################################## ### ### Running command: ### ### /home/biocbuild/bbs-3.9-bioc/R/bin/R CMD INSTALL pathprintGEOData ### ############################################################################## ############################################################################## * installing to library ‘/home/biocbuild/bbs-3.9-bioc/R/library’ * installing *source* package ‘pathprintGEOData’ ... ** using staged installation ** data ** inst ** help *** installing help indices ** building package indices ** installing vignettes ** testing if installed package can be loaded from temporary location ** testing if installed package can be loaded from final location ** testing if installed package keeps a record of temporary installation path * DONE (pathprintGEOData)
pathprintGEOData.Rcheck/pathprintGEOData-Ex.timings
| name | user | system | elapsed | |
| chipframe | 1.738 | 0.027 | 1.766 | |
| pathprintGEOData | 12.733 | 0.610 | 13.358 | |