| Back to Multiple platform build/check report for BioC 3.9 |
|
This page was generated on 2019-04-09 13:31:44 -0400 (Tue, 09 Apr 2019).
| Package 533/1703 | Hostname | OS / Arch | INSTALL | BUILD | CHECK | BUILD BIN | ||||||
| fCI 1.13.0 Shaojun Tang
| malbec2 | Linux (Ubuntu 18.04.2 LTS) / x86_64 | OK | OK | OK | |||||||
| tokay2 | Windows Server 2012 R2 Standard / x64 | OK | OK | OK | OK | |||||||
| celaya2 | OS X 10.11.6 El Capitan / x86_64 | OK | OK | WARNINGS | OK | |||||||
| merida2 | OS X 10.11.6 El Capitan / x86_64 | OK | OK | [ WARNINGS ] | OK |
| Package: fCI |
| Version: 1.13.0 |
| Command: /Library/Frameworks/R.framework/Versions/Current/Resources/bin/R CMD check --install=check:fCI.install-out.txt --library=/Library/Frameworks/R.framework/Versions/Current/Resources/library --no-vignettes --timings fCI_1.13.0.tar.gz |
| StartedAt: 2019-04-09 00:50:52 -0400 (Tue, 09 Apr 2019) |
| EndedAt: 2019-04-09 00:51:47 -0400 (Tue, 09 Apr 2019) |
| EllapsedTime: 55.0 seconds |
| RetCode: 0 |
| Status: WARNINGS |
| CheckDir: fCI.Rcheck |
| Warnings: 1 |
##############################################################################
##############################################################################
###
### Running command:
###
### /Library/Frameworks/R.framework/Versions/Current/Resources/bin/R CMD check --install=check:fCI.install-out.txt --library=/Library/Frameworks/R.framework/Versions/Current/Resources/library --no-vignettes --timings fCI_1.13.0.tar.gz
###
##############################################################################
##############################################################################
* using log directory ‘/Users/biocbuild/bbs-3.9-bioc/meat/fCI.Rcheck’
* using R Under development (unstable) (2018-11-27 r75683)
* using platform: x86_64-apple-darwin15.6.0 (64-bit)
* using session charset: UTF-8
* using option ‘--no-vignettes’
* checking for file ‘fCI/DESCRIPTION’ ... OK
* checking extension type ... Package
* this is package ‘fCI’ version ‘1.13.0’
* checking package namespace information ... OK
* checking package dependencies ... NOTE
Depends: includes the non-default packages:
'FNN', 'psych', 'gtools', 'zoo', 'rgl', 'grid', 'VennDiagram'
Adding so many packages to the search path is excessive and importing
selectively is preferable.
* checking if this is a source package ... OK
* checking if there is a namespace ... OK
* checking for hidden files and directories ... OK
* checking for portable file names ... OK
* checking for sufficient/correct file permissions ... OK
* checking whether package ‘fCI’ can be installed ... WARNING
Found the following significant warnings:
Warning: 'rgl_init' failed, running with rgl.useNULL = TRUE
See ‘/Users/biocbuild/bbs-3.9-bioc/meat/fCI.Rcheck/00install.out’ for details.
* checking installed package size ... OK
* checking package directory ... OK
* checking ‘build’ directory ... OK
* checking DESCRIPTION meta-information ... OK
* checking top-level files ... OK
* checking for left-over files ... OK
* checking index information ... OK
* checking package subdirectories ... OK
* checking R files for non-ASCII characters ... OK
* checking R files for syntax errors ... OK
* checking whether the package can be loaded ... OK
* checking whether the package can be loaded with stated dependencies ... OK
* checking whether the package can be unloaded cleanly ... OK
* checking whether the namespace can be loaded with stated dependencies ... OK
* checking whether the namespace can be unloaded cleanly ... OK
* checking dependencies in R code ... NOTE
package 'methods' is used but not declared
* checking S3 generic/method consistency ... OK
* checking replacement functions ... OK
* checking foreign function calls ... OK
* checking R code for possible problems ... NOTE
fCI.call.by.index: no visible global function definition for ‘new’
fCI.call.by.index: no visible global function definition for
‘initialize’
find.fci.targets,NPCI: no visible global function definition for
‘initialize’
populate,NPCI: no visible global function definition for ‘.hasSlot’
populate,NPCI: no visible global function definition for ‘slot’
Undefined global functions or variables:
.hasSlot initialize new slot
Consider adding
importFrom("methods", ".hasSlot", "initialize", "new", "slot")
to your NAMESPACE file (and ensure that your DESCRIPTION Imports field
contains 'methods').
* checking Rd files ... OK
* checking Rd metadata ... OK
* checking Rd cross-references ... OK
* checking for missing documentation entries ... OK
* checking for code/documentation mismatches ... OK
* checking Rd \usage sections ... OK
* checking Rd contents ... OK
* checking for unstated dependencies in examples ... OK
* checking contents of ‘data’ directory ... OK
* checking data for non-ASCII characters ... OK
* checking data for ASCII and uncompressed saves ... OK
* checking installed files from ‘inst/doc’ ... OK
* checking files in ‘vignettes’ ... OK
* checking examples ... OK
* checking for unstated dependencies in vignettes ... OK
* checking package vignettes in ‘inst/doc’ ... OK
* checking running R code from vignettes ... SKIPPED
* checking re-building of vignette outputs ... SKIPPED
* checking PDF version of manual ... OK
* DONE
Status: 1 WARNING, 3 NOTEs
See
‘/Users/biocbuild/bbs-3.9-bioc/meat/fCI.Rcheck/00check.log’
for details.
fCI.Rcheck/00install.out
############################################################################## ############################################################################## ### ### Running command: ### ### /Library/Frameworks/R.framework/Versions/Current/Resources/bin/R CMD INSTALL fCI ### ############################################################################## ############################################################################## * installing to library ‘/Library/Frameworks/R.framework/Versions/3.6/Resources/library’ * installing *source* package ‘fCI’ ... ** R ** data ** inst ** byte-compile and prepare package for lazy loading Warning in rgl.init(initValue, onlyNULL) : RGL: GLX extension missing on server Warning: 'rgl_init' failed, running with rgl.useNULL = TRUE in method for ‘initialize’ with signature ‘"NPCI"’: no definition for class “NPCI” in method for ‘normalization’ with signature ‘"NPCI"’: no definition for class “NPCI” in method for ‘setfCI’ with signature ‘"NPCI"’: no definition for class “NPCI” in method for ‘populate’ with signature ‘"NPCI"’: no definition for class “NPCI” in method for ‘find.fci.targets’ with signature ‘"NPCI"’: no definition for class “NPCI” in method for ‘show.targets’ with signature ‘"NPCI"’: no definition for class “NPCI” in method for ‘call.npci’ with signature ‘"NPCI"’: no definition for class “NPCI” in method for ‘compute’ with signature ‘"NPCI"’: no definition for class “NPCI” ** help *** installing help indices ** building package indices ** installing vignettes ‘fCI.Rmd’ ** testing if installed package can be loaded Warning in rgl.init(initValue, onlyNULL) : RGL: GLX extension missing on server Warning: 'rgl_init' failed, running with rgl.useNULL = TRUE * DONE (fCI)
fCI.Rcheck/fCI-Ex.timings
| name | user | system | elapsed | |
| NPCI-class | 0.004 | 0.001 | 0.004 | |
| call.npci | 0 | 0 | 0 | |
| compute | 0.000 | 0.000 | 0.001 | |
| deg.pairwise.fold.change | 0.001 | 0.000 | 0.001 | |
| deg.up.down.info | 0 | 0 | 0 | |
| deseq.median.ratio.normalization | 0.008 | 0.000 | 0.008 | |
| divergence.multivariate.distributions | 0.007 | 0.001 | 0.008 | |
| fCI-class | 0.002 | 0.001 | 0.002 | |
| fCI.call.by.index | 1.701 | 0.197 | 1.912 | |
| figures | 0 | 0 | 0 | |
| find.fci.targets | 4.016 | 0.135 | 4.182 | |
| find.mid.point | 0.443 | 0.012 | 0.463 | |
| get.fold.large.step | 0.000 | 0.001 | 0.001 | |
| get.npci.data | 0.001 | 0.001 | 0.002 | |
| get.npci.distance.matrix | 0.042 | 0.001 | 0.043 | |
| get.outline.index | 0.016 | 0.000 | 0.017 | |
| get.protein.fold.step | 0.000 | 0.001 | 0.001 | |
| get.rank.combinations | 0.001 | 0.000 | 0.002 | |
| get.rna.fold.step | 0.001 | 0.000 | 0.000 | |
| intersect.of.lists | 0 | 0 | 0 | |
| is.installed | 0.038 | 0.000 | 0.041 | |
| normalization | 0 | 0 | 0 | |
| npci.gene.by.pvalues | 0.009 | 0.000 | 0.010 | |
| npci.index.reconsidered | 0.148 | 0.002 | 0.149 | |
| npci.index.to.be.removed | 0.000 | 0.000 | 0.001 | |
| npci.venn.diagram | 0.185 | 0.022 | 0.217 | |
| pairwise.change.occupancy | 0.000 | 0.000 | 0.001 | |
| populate | 0 | 0 | 0 | |
| report.target.summary | 0 | 0 | 0 | |
| setfCI | 0 | 0 | 0 | |
| show.targets | 0.000 | 0.000 | 0.001 | |
| summarize | 0.007 | 0.001 | 0.007 | |
| total.library.size.normalization | 0.007 | 0.002 | 0.009 | |
| trim.size.normalization | 0.009 | 0.003 | 0.011 | |
| two.sample.log.ratio | 0.000 | 0.001 | 0.000 | |
| two.sample.permutation.test | 0.041 | 0.000 | 0.042 | |
| venndiagram | 0.000 | 0.001 | 0.000 | |