| Back to Multiple platform build/check report for BioC 3.9 |
|
This page was generated on 2019-04-09 13:33:30 -0400 (Tue, 09 Apr 2019).
| Package 361/1703 | Hostname | OS / Arch | INSTALL | BUILD | CHECK | BUILD BIN | ||||||
| crossmeta 1.9.0 Alex Pickering
| malbec2 | Linux (Ubuntu 18.04.2 LTS) / x86_64 | OK | OK | WARNINGS | |||||||
| tokay2 | Windows Server 2012 R2 Standard / x64 | OK | OK | WARNINGS | OK | |||||||
| celaya2 | OS X 10.11.6 El Capitan / x86_64 | OK | OK | WARNINGS | OK | |||||||
| merida2 | OS X 10.11.6 El Capitan / x86_64 | OK | OK | [ WARNINGS ] | OK |
| Package: crossmeta |
| Version: 1.9.0 |
| Command: /Library/Frameworks/R.framework/Versions/Current/Resources/bin/R CMD check --install=check:crossmeta.install-out.txt --library=/Library/Frameworks/R.framework/Versions/Current/Resources/library --no-vignettes --timings crossmeta_1.9.0.tar.gz |
| StartedAt: 2019-04-09 00:13:27 -0400 (Tue, 09 Apr 2019) |
| EndedAt: 2019-04-09 00:15:13 -0400 (Tue, 09 Apr 2019) |
| EllapsedTime: 106.4 seconds |
| RetCode: 0 |
| Status: WARNINGS |
| CheckDir: crossmeta.Rcheck |
| Warnings: 1 |
##############################################################################
##############################################################################
###
### Running command:
###
### /Library/Frameworks/R.framework/Versions/Current/Resources/bin/R CMD check --install=check:crossmeta.install-out.txt --library=/Library/Frameworks/R.framework/Versions/Current/Resources/library --no-vignettes --timings crossmeta_1.9.0.tar.gz
###
##############################################################################
##############################################################################
* using log directory ‘/Users/biocbuild/bbs-3.9-bioc/meat/crossmeta.Rcheck’
* using R Under development (unstable) (2018-11-27 r75683)
* using platform: x86_64-apple-darwin15.6.0 (64-bit)
* using session charset: UTF-8
* using option ‘--no-vignettes’
* checking for file ‘crossmeta/DESCRIPTION’ ... OK
* this is package ‘crossmeta’ version ‘1.9.0’
* package encoding: UTF-8
* checking package namespace information ... OK
* checking package dependencies ... OK
* checking if this is a source package ... OK
* checking if there is a namespace ... OK
* checking for hidden files and directories ... OK
* checking for portable file names ... OK
* checking for sufficient/correct file permissions ... OK
* checking whether package ‘crossmeta’ can be installed ... OK
* checking installed package size ... OK
* checking package directory ... OK
* checking ‘build’ directory ... OK
* checking DESCRIPTION meta-information ... OK
* checking top-level files ... OK
* checking for left-over files ... OK
* checking index information ... OK
* checking package subdirectories ... OK
* checking R files for non-ASCII characters ... OK
* checking R files for syntax errors ... OK
* checking whether the package can be loaded ... OK
* checking whether the package can be loaded with stated dependencies ... OK
* checking whether the package can be unloaded cleanly ... OK
* checking whether the namespace can be loaded with stated dependencies ... OK
* checking whether the namespace can be unloaded cleanly ... OK
* checking dependencies in R code ... NOTE
Missing or unexported objects:
‘crossmeta::gs.names’ ‘crossmeta::gslist’
* checking S3 generic/method consistency ... OK
* checking replacement functions ... OK
* checking foreign function calls ... OK
* checking R code for possible problems ... NOTE
explore_paths : server: no visible binding for global variable ‘gslist’
explore_paths : server: no visible binding for global variable
‘gs.names’
Undefined global functions or variables:
gs.names gslist
* checking Rd files ... OK
* checking Rd metadata ... OK
* checking Rd cross-references ... OK
* checking for missing documentation entries ... OK
* checking for code/documentation mismatches ... WARNING
Data with usage in documentation object 'gs.names' but not in code:
gs.names
Data with usage in documentation object 'gslist' but not in code:
gslist
* checking Rd \usage sections ... OK
* checking Rd contents ... OK
* checking for unstated dependencies in examples ... OK
* checking R/sysdata.rda ... OK
* checking files in ‘vignettes’ ... OK
* checking examples ... OK
Examples with CPU or elapsed time > 5s
user system elapsed
diff_path 6.487 0.192 6.735
symbol_annot 4.814 0.156 5.019
* checking for unstated dependencies in ‘tests’ ... OK
* checking tests ...
Running ‘testthat.R’
OK
* checking for unstated dependencies in vignettes ... OK
* checking package vignettes in ‘inst/doc’ ... OK
* checking running R code from vignettes ... SKIPPED
* checking re-building of vignette outputs ... SKIPPED
* checking PDF version of manual ... OK
* DONE
Status: 1 WARNING, 2 NOTEs
See
‘/Users/biocbuild/bbs-3.9-bioc/meat/crossmeta.Rcheck/00check.log’
for details.
crossmeta.Rcheck/00install.out
############################################################################## ############################################################################## ### ### Running command: ### ### /Library/Frameworks/R.framework/Versions/Current/Resources/bin/R CMD INSTALL crossmeta ### ############################################################################## ############################################################################## * installing to library ‘/Library/Frameworks/R.framework/Versions/3.6/Resources/library’ * installing *source* package ‘crossmeta’ ... ** R ** byte-compile and prepare package for lazy loading ** help *** installing help indices ** building package indices ** installing vignettes ** testing if installed package can be loaded * DONE (crossmeta)
crossmeta.Rcheck/tests/testthat.Rout
R Under development (unstable) (2018-11-27 r75683) -- "Unsuffered Consequences"
Copyright (C) 2018 The R Foundation for Statistical Computing
Platform: x86_64-apple-darwin15.6.0 (64-bit)
R is free software and comes with ABSOLUTELY NO WARRANTY.
You are welcome to redistribute it under certain conditions.
Type 'license()' or 'licence()' for distribution details.
R is a collaborative project with many contributors.
Type 'contributors()' for more information and
'citation()' on how to cite R or R packages in publications.
Type 'demo()' for some demos, 'help()' for on-line help, or
'help.start()' for an HTML browser interface to help.
Type 'q()' to quit R.
> library(testthat)
> library(crossmeta)
>
> test_check("crossmeta")
AnnotatingAnnotatingAnnotatingGSE1_FOO-VEH (# p < 0.05): 3
GSE1_FOO-VEH (# p < 0.05): 3
GSE1_FOO-VEH (# p < 0.05): 3
══ testthat results ═══════════════════════════════════════════════════════════
OK: 14 SKIPPED: 0 FAILED: 0
>
> proc.time()
user system elapsed
13.943 4.472 10.977
crossmeta.Rcheck/crossmeta-Ex.timings
| name | user | system | elapsed | |
| add_sources | 0.188 | 0.008 | 0.199 | |
| contribute | 0.678 | 0.023 | 0.704 | |
| diff_expr | 0.450 | 0.023 | 0.478 | |
| diff_path | 6.487 | 0.192 | 6.735 | |
| es_meta | 3.755 | 0.286 | 4.085 | |
| explore_paths | 2.683 | 0.196 | 2.905 | |
| get_raw | 0.193 | 0.027 | 0.829 | |
| load_diff | 0.205 | 0.004 | 0.210 | |
| load_path | 0.009 | 0.000 | 0.009 | |
| load_raw | 0.293 | 0.009 | 0.302 | |
| open_raw_illum | 0.009 | 0.001 | 0.009 | |
| path_meta | 0.010 | 0.000 | 0.009 | |
| setup_prev | 1.198 | 0.030 | 1.240 | |
| symbol_annot | 4.814 | 0.156 | 5.019 | |