| Back to Multiple platform build/check report for BioC 3.9 | 
 | 
This page was generated on 2019-04-09 13:24:55 -0400 (Tue, 09 Apr 2019).
| Package 278/1703 | Hostname | OS / Arch | INSTALL | BUILD | CHECK | BUILD BIN | ||||||
| clippda 1.33.0 Stephen Nyangoma 
 | malbec2 | Linux (Ubuntu 18.04.2 LTS) / x86_64 | OK | OK | WARNINGS |  | ||||||
| tokay2 | Windows Server 2012 R2 Standard / x64 | OK | OK | WARNINGS | OK |  | ||||||
| celaya2 | OS X 10.11.6 El Capitan / x86_64 | OK | OK | WARNINGS | OK |  | ||||||
| merida2 | OS X 10.11.6 El Capitan / x86_64 | OK | OK | [ WARNINGS ] | OK | 
| Package: clippda | 
| Version: 1.33.0 | 
| Command: /Library/Frameworks/R.framework/Versions/Current/Resources/bin/R CMD check --install=check:clippda.install-out.txt --library=/Library/Frameworks/R.framework/Versions/Current/Resources/library --no-vignettes --timings clippda_1.33.0.tar.gz | 
| StartedAt: 2019-04-08 23:55:33 -0400 (Mon, 08 Apr 2019) | 
| EndedAt: 2019-04-09 00:00:29 -0400 (Tue, 09 Apr 2019) | 
| EllapsedTime: 296.0 seconds | 
| RetCode: 0 | 
| Status: WARNINGS | 
| CheckDir: clippda.Rcheck | 
| Warnings: 2 | 
##############################################################################
##############################################################################
###
### Running command:
###
###   /Library/Frameworks/R.framework/Versions/Current/Resources/bin/R CMD check --install=check:clippda.install-out.txt --library=/Library/Frameworks/R.framework/Versions/Current/Resources/library --no-vignettes --timings clippda_1.33.0.tar.gz
###
##############################################################################
##############################################################################
* using log directory ‘/Users/biocbuild/bbs-3.9-bioc/meat/clippda.Rcheck’
* using R Under development (unstable) (2018-11-27 r75683)
* using platform: x86_64-apple-darwin15.6.0 (64-bit)
* using session charset: UTF-8
* using option ‘--no-vignettes’
* checking for file ‘clippda/DESCRIPTION’ ... OK
* this is package ‘clippda’ version ‘1.33.0’
* checking package namespace information ... NOTE
  Namespaces with empty importFrom:
  ‘Biobase’ ‘tools’
* checking package dependencies ... NOTE
Depends: includes the non-default packages:
  'limma', 'statmod', 'rgl', 'lattice', 'scatterplot3d', 'Biobase',
  'tools'
Adding so many packages to the search path is excessive and importing
selectively is preferable.
* checking if this is a source package ... OK
* checking if there is a namespace ... OK
* checking for hidden files and directories ... OK
* checking for portable file names ... OK
* checking for sufficient/correct file permissions ... OK
* checking whether package ‘clippda’ can be installed ... WARNING
Found the following significant warnings:
  Warning: 'rgl_init' failed, running with rgl.useNULL = TRUE
See ‘/Users/biocbuild/bbs-3.9-bioc/meat/clippda.Rcheck/00install.out’ for details.
* checking installed package size ... OK
* checking package directory ... OK
* checking ‘build’ directory ... OK
* checking DESCRIPTION meta-information ... OK
* checking top-level files ... OK
* checking for left-over files ... OK
* checking index information ... OK
* checking package subdirectories ... WARNING
Invalid citation information in ‘inst/CITATION’:
  Error in bibentry(bibtype = entry, textVersion = textVersion, header = header,     footer = footer, ...): argument "textVersion" is missing, with no default
* checking R files for non-ASCII characters ... OK
* checking R files for syntax errors ... OK
* checking whether the package can be loaded ... OK
* checking whether the package can be loaded with stated dependencies ... OK
* checking whether the package can be unloaded cleanly ... OK
* checking whether the namespace can be loaded with stated dependencies ... OK
* checking whether the namespace can be unloaded cleanly ... OK
* checking dependencies in R code ... NOTE
'library' or 'require' calls to packages already attached by Depends:
  ‘lattice’ ‘limma’ ‘rgl’ ‘scatterplot3d’ ‘statmod’
  Please remove these calls from your code.
Packages in Depends field not imported from:
  ‘lattice’ ‘rgl’
  These packages need to be imported from (in the NAMESPACE file)
  for when this namespace is loaded but not attached.
* checking S3 generic/method consistency ... OK
* checking replacement functions ... OK
* checking foreign function calls ... OK
* checking R code for possible problems ... NOTE
ZvaluescasesVcontrolsPlots: no visible global function definition for
  ‘plot’
ZvaluescasesVcontrolsPlots: no visible global function definition for
  ‘lines’
ZvaluescasesVcontrolsPlots: no visible global function definition for
  ‘legend’
ZvaluesfrommultinomPlots: no visible global function definition for
  ‘rmultinom’
ZvaluesfrommultinomPlots: no visible global function definition for
  ‘density’
ZvaluesfrommultinomPlots: no visible global function definition for
  ‘plot’
ZvaluesfrommultinomPlots: no visible global function definition for
  ‘lines’
ZvaluesfrommultinomPlots: no visible global function definition for
  ‘legend’
ZvaluesfrommultinomPlots: no visible global function definition for
  ‘cloud’
ZvaluesfrommultinomPlots: no visible global function definition for
  ‘var’
Undefined global functions or variables:
  cloud density legend lines plot rmultinom var
Consider adding
  importFrom("graphics", "legend", "lines", "plot")
  importFrom("stats", "density", "rmultinom", "var")
to your NAMESPACE file.
* checking Rd files ... OK
* checking Rd metadata ... OK
* checking Rd cross-references ... OK
* checking for missing documentation entries ... OK
* checking for code/documentation mismatches ... OK
* checking Rd \usage sections ... OK
* checking Rd contents ... OK
* checking for unstated dependencies in examples ... OK
* checking contents of ‘data’ directory ... OK
* checking data for non-ASCII characters ... OK
* checking data for ASCII and uncompressed saves ... OK
* checking sizes of PDF files under ‘inst/doc’ ... OK
* checking files in ‘vignettes’ ... OK
* checking examples ... OK
Examples with CPU or elapsed time > 5s
                            user system elapsed
clippda-package          102.093  5.508 108.498
sampleSize                65.019  3.580  69.307
sampleSizeParameters      34.619  1.854  36.942
sample_technicalVariance   8.910  0.490   9.522
replicateCorrelations      5.625  0.334   6.016
* checking for unstated dependencies in vignettes ... OK
* checking package vignettes in ‘inst/doc’ ... OK
* checking running R code from vignettes ... SKIPPED
* checking re-building of vignette outputs ... SKIPPED
* checking PDF version of manual ... OK
* DONE
Status: 2 WARNINGs, 4 NOTEs
See
  ‘/Users/biocbuild/bbs-3.9-bioc/meat/clippda.Rcheck/00check.log’
for details.
clippda.Rcheck/00install.out
############################################################################## ############################################################################## ### ### Running command: ### ### /Library/Frameworks/R.framework/Versions/Current/Resources/bin/R CMD INSTALL clippda ### ############################################################################## ############################################################################## * installing to library ‘/Library/Frameworks/R.framework/Versions/3.6/Resources/library’ * installing *source* package ‘clippda’ ... ** R ** data ** inst ** byte-compile and prepare package for lazy loading Warning in rgl.init(initValue, onlyNULL) : RGL: GLX extension missing on server Warning: 'rgl_init' failed, running with rgl.useNULL = TRUE ** help *** installing help indices ** building package indices ** installing vignettes ** testing if installed package can be loaded Warning in rgl.init(initValue, onlyNULL) : RGL: GLX extension missing on server Warning: 'rgl_init' failed, running with rgl.useNULL = TRUE * DONE (clippda)
clippda.Rcheck/clippda-Ex.timings
| name | user | system | elapsed | |
| ZvaluescasesVcontrolsPlots | 0.015 | 0.002 | 0.019 | |
| ZvaluesfrommultinomPlots | 0.606 | 0.046 | 0.663 | |
| aclinicalProteomicsData-class | 0.062 | 0.007 | 0.069 | |
| aclinicalProteomicsData-methods | 0.714 | 0.328 | 1.053 | |
| betweensampleVariance | 2.067 | 0.135 | 2.219 | |
| checkNo.replicates | 0.109 | 0.010 | 0.120 | |
| clippda-package | 102.093 | 5.508 | 108.498 | |
| f | 0.001 | 0.000 | 0.001 | |
| fisherInformation | 0.057 | 0.003 | 0.060 | |
| liverRawData | 0.004 | 0.001 | 0.005 | |
| liver_pheno | 0.001 | 0.001 | 0.002 | |
| liverdata | 1.415 | 0.090 | 1.628 | |
| mostSimilarTwo | 0.003 | 0.000 | 0.005 | |
| negativeIntensitiesCorrection | 0.410 | 0.022 | 0.437 | |
| phenoDataFrame | 0.041 | 0.003 | 0.044 | |
| pheno_urine | 0.001 | 0.001 | 0.003 | |
| preProcRepeatedPeakData | 1.379 | 0.073 | 1.468 | |
| proteomicsExprsData | 0.276 | 0.005 | 0.283 | |
| proteomicspData | 0.044 | 0.004 | 0.048 | |
| replicateCorrelations | 5.625 | 0.334 | 6.016 | |
| sampleClusteredData | 0.430 | 0.033 | 0.466 | |
| sampleSize | 65.019 | 3.580 | 69.307 | |
| sampleSize3DscatterPlots | 0.028 | 0.002 | 0.031 | |
| sampleSizeContourPlots | 0.045 | 0.003 | 0.049 | |
| sampleSizeParameters | 34.619 | 1.854 | 36.942 | |
| sample_technicalVariance | 8.910 | 0.490 | 9.522 | |
| spectrumFilter | 1.294 | 0.085 | 1.388 | |
| ztwo | 0 | 0 | 0 | |