| Back to Multiple platform build/check report for BioC 3.9 |
|
This page was generated on 2019-04-09 13:29:43 -0400 (Tue, 09 Apr 2019).
| Package 1418/1703 | Hostname | OS / Arch | INSTALL | BUILD | CHECK | BUILD BIN | ||||||
| S4Vectors 0.21.22 Bioconductor Package Maintainer
| malbec2 | Linux (Ubuntu 18.04.2 LTS) / x86_64 | OK | OK | WARNINGS | |||||||
| tokay2 | Windows Server 2012 R2 Standard / x64 | OK | OK | WARNINGS | OK | |||||||
| celaya2 | OS X 10.11.6 El Capitan / x86_64 | OK | OK | WARNINGS | OK | |||||||
| merida2 | OS X 10.11.6 El Capitan / x86_64 | OK | OK | [ WARNINGS ] | OK |
| Package: S4Vectors |
| Version: 0.21.22 |
| Command: /Library/Frameworks/R.framework/Versions/Current/Resources/bin/R CMD check --install=check:S4Vectors.install-out.txt --library=/Library/Frameworks/R.framework/Versions/Current/Resources/library --no-vignettes --timings S4Vectors_0.21.22.tar.gz |
| StartedAt: 2019-04-09 03:32:45 -0400 (Tue, 09 Apr 2019) |
| EndedAt: 2019-04-09 03:34:20 -0400 (Tue, 09 Apr 2019) |
| EllapsedTime: 95.2 seconds |
| RetCode: 0 |
| Status: WARNINGS |
| CheckDir: S4Vectors.Rcheck |
| Warnings: 2 |
##############################################################################
##############################################################################
###
### Running command:
###
### /Library/Frameworks/R.framework/Versions/Current/Resources/bin/R CMD check --install=check:S4Vectors.install-out.txt --library=/Library/Frameworks/R.framework/Versions/Current/Resources/library --no-vignettes --timings S4Vectors_0.21.22.tar.gz
###
##############################################################################
##############################################################################
* using log directory ‘/Users/biocbuild/bbs-3.9-bioc/meat/S4Vectors.Rcheck’
* using R Under development (unstable) (2018-11-27 r75683)
* using platform: x86_64-apple-darwin15.6.0 (64-bit)
* using session charset: UTF-8
* using option ‘--no-vignettes’
* checking for file ‘S4Vectors/DESCRIPTION’ ... OK
* this is package ‘S4Vectors’ version ‘0.21.22’
* package encoding: UTF-8
* checking package namespace information ... OK
* checking package dependencies ... OK
* checking if this is a source package ... OK
* checking if there is a namespace ... OK
* checking for hidden files and directories ... OK
* checking for portable file names ... OK
* checking for sufficient/correct file permissions ... OK
* checking whether package ‘S4Vectors’ can be installed ... OK
* checking installed package size ... OK
* checking package directory ... OK
* checking ‘build’ directory ... OK
* checking DESCRIPTION meta-information ... OK
* checking top-level files ... OK
* checking for left-over files ... OK
* checking index information ... OK
* checking package subdirectories ... OK
* checking R files for non-ASCII characters ... OK
* checking R files for syntax errors ... OK
* checking whether the package can be loaded ... OK
* checking whether the package can be loaded with stated dependencies ... OK
* checking whether the package can be unloaded cleanly ... OK
* checking whether the namespace can be loaded with stated dependencies ... OK
* checking whether the namespace can be unloaded cleanly ... OK
* checking dependencies in R code ... NOTE
Unexported objects imported by ':::' calls:
‘data.table:::as.data.frame.data.table’
‘stats:::na.exclude.data.frame’ ‘stats:::na.omit.data.frame’
See the note in ?`:::` about the use of this operator.
* checking S3 generic/method consistency ... OK
* checking replacement functions ... OK
* checking foreign function calls ... OK
* checking R code for possible problems ... NOTE
evalSeparately,FilterRules : <anonymous>: no visible global function
definition for ‘.’
Undefined global functions or variables:
.
* checking Rd files ... OK
* checking Rd metadata ... OK
* checking Rd cross-references ... WARNING
Missing link or links in documentation object 'Vector-comparison.Rd':
‘[IRanges]{IntegerRanges-comparison}’
See section 'Cross-references' in the 'Writing R Extensions' manual.
* checking for missing documentation entries ... WARNING
Undocumented code objects:
‘cbind.DataFrame’ ‘head.LLint’ ‘pcompareRecursively’ ‘phead’ ‘ptail’
‘rbind.DataFrame’ ‘selectHits’ ‘t.Hits’ ‘t.HitsList’ ‘tail.LLint’
‘transform.Vector’ ‘window.LLint’
Undocumented S4 classes:
‘integer_OR_LLint’ ‘list_OR_List’
Undocumented S4 methods:
generic '!' and siglist 'List'
generic '<=' and siglist 'List,List'
generic '<=' and siglist 'List,list'
generic '<=' and siglist 'list,List'
generic '==' and siglist 'List,List'
generic '==' and siglist 'List,list'
generic '==' and siglist 'list,List'
generic 'NSBS' and siglist 'Rle'
generic '[' and siglist 'LLint'
generic 'anyDuplicated' and siglist 'Rle'
generic 'anyDuplicated' and siglist 'RleNSBS'
generic 'anyNA' and siglist 'List'
generic 'anyNA' and siglist 'Rle'
generic 'as.integer' and siglist 'RleNSBS'
generic 'by' and siglist 'Vector'
generic 'coerce' and siglist 'ANY,DataTable_OR_NULL'
generic 'countMatches' and siglist 'ANY'
generic 'do.call' and siglist 'ANY,List'
generic 'droplevels' and siglist 'DataFrame'
generic 'duplicated' and siglist 'List'
generic 'eval' and siglist 'expression,Vector'
generic 'eval' and siglist 'language,Vector'
generic 'extractCOLS' and siglist 'DataFrame'
generic 'extractROWS' and siglist 'DataFrame,ANY'
generic 'extractROWS' and siglist 'LLint,ANY'
generic 'extractROWS' and siglist 'LLint,NSBS'
generic 'extractROWS' and siglist 'LLint,RangeNSBS'
generic 'extractROWS' and siglist 'Rle,NSBS'
generic 'extractROWS' and siglist 'Rle,RleNSBS'
generic 'extractROWS' and siglist 'Vector,ANY'
generic 'filterRules' and siglist 'FilterResults'
generic 'from' and siglist 'HitsList'
generic 'getListElement' and siglist 'SimpleList'
generic 'grep' and siglist 'ANY,Rle'
generic 'grepl' and siglist 'ANY,Rle'
generic 'head' and siglist 'LLint'
generic 'is.na' and siglist 'List'
generic 'is.unsorted' and siglist 'List'
generic 'isStrictlySorted' and siglist 'Rle'
generic 'isStrictlySorted' and siglist 'RleNSBS'
generic 'length' and siglist 'RleNSBS'
generic 'match' and siglist 'ANY,Rle'
generic 'match' and siglist 'List,List'
generic 'match' and siglist 'List,Vector'
generic 'match' and siglist 'List,list'
generic 'match' and siglist 'List,vector'
generic 'match' and siglist 'Rle,Rle'
generic 'match' and siglist 'list,List'
generic 'max' and siglist 'NSBS'
generic 'mergeROWS' and siglist 'ANY'
generic 'mergeROWS' and siglist 'DataFrame'
generic 'mergeROWS' and siglist 'Vector'
generic 'normalizeSingleBracketReplacementValue' and siglist
'DataFrame'
generic 'normalizeSingleBracketReplacementValue' and siglist 'List'
generic 'order' and siglist 'List'
generic 'order' and siglist 'Rle'
generic 'pcompare' and siglist 'List,List'
generic 'pcompare' and siglist 'List,list'
generic 'pcompare' and siglist 'list,List'
generic 'pcompareRecursively' and siglist 'List'
generic 'pcompareRecursively' and siglist 'list'
generic 'rank' and siglist 'List'
generic 'rank' and siglist 'Rle'
generic 'rep.int' and siglist 'LLint'
generic 'rep' and siglist 'DataFrame'
generic 'replaceCOLS' and siglist 'DataFrame'
generic 'replaceROWS' and siglist 'ANY'
generic 'replaceROWS' and siglist 'DataFrame'
generic 'replaceROWS' and siglist 'Rle'
generic 'replaceROWS' and siglist 'Vector'
generic 'sort' and siglist 'DataTable'
generic 'sort' and siglist 'List'
generic 'sort' and siglist 'SortedByQueryHits'
generic 'summary' and siglist 'FilterResults'
generic 't' and siglist 'Pairs'
generic 'tail' and siglist 'LLint'
generic 'to' and siglist 'HitsList'
generic 'transform' and siglist 'Vector'
generic 'unique' and siglist 'List'
generic 'unique' and siglist 'SimpleList'
generic 'updateObject' and siglist 'Vector'
generic 'window' and siglist 'LLint'
generic 'with' and siglist 'Vector'
generic 'xtabs' and siglist 'Vector'
generic 'xtfrm' and siglist 'Rle'
All user-level objects in a package (including S4 classes and methods)
should have documentation entries.
See chapter ‘Writing R documentation files’ in the ‘Writing R
Extensions’ manual.
* checking for code/documentation mismatches ... OK
* checking Rd \usage sections ... OK
* checking Rd contents ... OK
* checking for unstated dependencies in examples ... OK
* checking line endings in C/C++/Fortran sources/headers ... OK
* checking compiled code ... NOTE
Note: information on .o files is not available
* checking sizes of PDF files under ‘inst/doc’ ... OK
* checking installed files from ‘inst/doc’ ... OK
* checking files in ‘vignettes’ ... OK
* checking examples ... OK
Examples with CPU or elapsed time > 5s
user system elapsed
shiftApply-methods 9.866 1.175 11.115
* checking for unstated dependencies in ‘tests’ ... OK
* checking tests ...
Running ‘run_unitTests.R’
OK
* checking for unstated dependencies in vignettes ... OK
* checking package vignettes in ‘inst/doc’ ... OK
* checking running R code from vignettes ... SKIPPED
* checking re-building of vignette outputs ... SKIPPED
* checking PDF version of manual ... OK
* DONE
Status: 2 WARNINGs, 3 NOTEs
See
‘/Users/biocbuild/bbs-3.9-bioc/meat/S4Vectors.Rcheck/00check.log’
for details.
S4Vectors.Rcheck/00install.out
##############################################################################
##############################################################################
###
### Running command:
###
### /Library/Frameworks/R.framework/Versions/Current/Resources/bin/R CMD INSTALL S4Vectors
###
##############################################################################
##############################################################################
* installing to library ‘/Library/Frameworks/R.framework/Versions/3.6/Resources/library’
* installing *source* package ‘S4Vectors’ ...
** libs
clang -I"/Library/Frameworks/R.framework/Resources/include" -DNDEBUG -I/usr/local/include -fPIC -Wall -g -O2 -c AEbufs.c -o AEbufs.o
clang -I"/Library/Frameworks/R.framework/Resources/include" -DNDEBUG -I/usr/local/include -fPIC -Wall -g -O2 -c DataFrame_class.c -o DataFrame_class.o
clang -I"/Library/Frameworks/R.framework/Resources/include" -DNDEBUG -I/usr/local/include -fPIC -Wall -g -O2 -c Hits_class.c -o Hits_class.o
clang -I"/Library/Frameworks/R.framework/Resources/include" -DNDEBUG -I/usr/local/include -fPIC -Wall -g -O2 -c LLint_class.c -o LLint_class.o
clang -I"/Library/Frameworks/R.framework/Resources/include" -DNDEBUG -I/usr/local/include -fPIC -Wall -g -O2 -c List_class.c -o List_class.o
clang -I"/Library/Frameworks/R.framework/Resources/include" -DNDEBUG -I/usr/local/include -fPIC -Wall -g -O2 -c R_init_S4Vectors.c -o R_init_S4Vectors.o
clang -I"/Library/Frameworks/R.framework/Resources/include" -DNDEBUG -I/usr/local/include -fPIC -Wall -g -O2 -c Rle_class.c -o Rle_class.o
clang -I"/Library/Frameworks/R.framework/Resources/include" -DNDEBUG -I/usr/local/include -fPIC -Wall -g -O2 -c Rle_utils.c -o Rle_utils.o
clang -I"/Library/Frameworks/R.framework/Resources/include" -DNDEBUG -I/usr/local/include -fPIC -Wall -g -O2 -c SEXP_utils.c -o SEXP_utils.o
clang -I"/Library/Frameworks/R.framework/Resources/include" -DNDEBUG -I/usr/local/include -fPIC -Wall -g -O2 -c SimpleList_class.c -o SimpleList_class.o
clang -I"/Library/Frameworks/R.framework/Resources/include" -DNDEBUG -I/usr/local/include -fPIC -Wall -g -O2 -c anyMissing.c -o anyMissing.o
clang -I"/Library/Frameworks/R.framework/Resources/include" -DNDEBUG -I/usr/local/include -fPIC -Wall -g -O2 -c character_utils.c -o character_utils.o
clang -I"/Library/Frameworks/R.framework/Resources/include" -DNDEBUG -I/usr/local/include -fPIC -Wall -g -O2 -c eval_utils.c -o eval_utils.o
clang -I"/Library/Frameworks/R.framework/Resources/include" -DNDEBUG -I/usr/local/include -fPIC -Wall -g -O2 -c hash_utils.c -o hash_utils.o
clang -I"/Library/Frameworks/R.framework/Resources/include" -DNDEBUG -I/usr/local/include -fPIC -Wall -g -O2 -c integer_utils.c -o integer_utils.o
clang -I"/Library/Frameworks/R.framework/Resources/include" -DNDEBUG -I/usr/local/include -fPIC -Wall -g -O2 -c logical_utils.c -o logical_utils.o
clang -I"/Library/Frameworks/R.framework/Resources/include" -DNDEBUG -I/usr/local/include -fPIC -Wall -g -O2 -c map_ranges_to_runs.c -o map_ranges_to_runs.o
clang -I"/Library/Frameworks/R.framework/Resources/include" -DNDEBUG -I/usr/local/include -fPIC -Wall -g -O2 -c raw_utils.c -o raw_utils.o
clang -I"/Library/Frameworks/R.framework/Resources/include" -DNDEBUG -I/usr/local/include -fPIC -Wall -g -O2 -c safe_arithm.c -o safe_arithm.o
clang -I"/Library/Frameworks/R.framework/Resources/include" -DNDEBUG -I/usr/local/include -fPIC -Wall -g -O2 -c sort_utils.c -o sort_utils.o
sort_utils.c:263:13: warning: unused function 'sort_uchar_array' [-Wunused-function]
static void sort_uchar_array(unsigned char *x, int nelt, int desc)
^
1 warning generated.
clang -I"/Library/Frameworks/R.framework/Resources/include" -DNDEBUG -I/usr/local/include -fPIC -Wall -g -O2 -c subsetting_utils.c -o subsetting_utils.o
clang -I"/Library/Frameworks/R.framework/Resources/include" -DNDEBUG -I/usr/local/include -fPIC -Wall -g -O2 -c vector_utils.c -o vector_utils.o
clang -dynamiclib -Wl,-headerpad_max_install_names -undefined dynamic_lookup -single_module -multiply_defined suppress -L/Library/Frameworks/R.framework/Resources/lib -L/usr/local/lib -o S4Vectors.so AEbufs.o DataFrame_class.o Hits_class.o LLint_class.o List_class.o R_init_S4Vectors.o Rle_class.o Rle_utils.o SEXP_utils.o SimpleList_class.o anyMissing.o character_utils.o eval_utils.o hash_utils.o integer_utils.o logical_utils.o map_ranges_to_runs.o raw_utils.o safe_arithm.o sort_utils.o subsetting_utils.o vector_utils.o -F/Library/Frameworks/R.framework/.. -framework R -Wl,-framework -Wl,CoreFoundation
installing to /Library/Frameworks/R.framework/Versions/3.6/Resources/library/S4Vectors/libs
** R
** inst
** byte-compile and prepare package for lazy loading
in method for ‘normalizeSingleBracketReplacementValue’ with signature ‘"List"’: no definition for class “List”
Creating a generic function for ‘complete.cases’ from package ‘stats’ in package ‘S4Vectors’
Creating a new generic function for ‘expand.grid’ in package ‘S4Vectors’
Creating a generic function for ‘%in%’ from package ‘base’ in package ‘S4Vectors’
Creating a new generic function for ‘findMatches’ in package ‘S4Vectors’
Creating a generic function for ‘setequal’ from package ‘base’ in package ‘S4Vectors’
Creating a generic function for ‘as.factor’ from package ‘base’ in package ‘S4Vectors’
Creating a generic function for ‘tabulate’ from package ‘base’ in package ‘S4Vectors’
Creating a generic function for ‘cov’ from package ‘stats’ in package ‘S4Vectors’
Creating a generic function for ‘cor’ from package ‘stats’ in package ‘S4Vectors’
Creating a generic function for ‘smoothEnds’ from package ‘stats’ in package ‘S4Vectors’
Creating a generic function for ‘runmed’ from package ‘stats’ in package ‘S4Vectors’
Creating a generic function for ‘nchar’ from package ‘base’ in package ‘S4Vectors’
Creating a generic function for ‘substr’ from package ‘base’ in package ‘S4Vectors’
Creating a generic function for ‘substring’ from package ‘base’ in package ‘S4Vectors’
Creating a generic function for ‘chartr’ from package ‘base’ in package ‘S4Vectors’
Creating a generic function for ‘tolower’ from package ‘base’ in package ‘S4Vectors’
Creating a generic function for ‘toupper’ from package ‘base’ in package ‘S4Vectors’
Creating a generic function for ‘sub’ from package ‘base’ in package ‘S4Vectors’
Creating a generic function for ‘gsub’ from package ‘base’ in package ‘S4Vectors’
in method for ‘coerce’ with signature ‘"data.table","DataFrame"’: no definition for class “data.table”
** help
*** installing help indices
** building package indices
** installing vignettes
‘RleTricks.Rnw’ using ‘UTF-8’
‘S4QuickOverview.Rnw’ using ‘UTF-8’
‘S4VectorsOverview.Rnw’ using ‘UTF-8’
** testing if installed package can be loaded
* DONE (S4Vectors)
S4Vectors.Rcheck/tests/run_unitTests.Rout
R Under development (unstable) (2018-11-27 r75683) -- "Unsuffered Consequences"
Copyright (C) 2018 The R Foundation for Statistical Computing
Platform: x86_64-apple-darwin15.6.0 (64-bit)
R is free software and comes with ABSOLUTELY NO WARRANTY.
You are welcome to redistribute it under certain conditions.
Type 'license()' or 'licence()' for distribution details.
R is a collaborative project with many contributors.
Type 'contributors()' for more information and
'citation()' on how to cite R or R packages in publications.
Type 'demo()' for some demos, 'help()' for on-line help, or
'help.start()' for an HTML browser interface to help.
Type 'q()' to quit R.
> require("S4Vectors") || stop("unable to load S4Vectors package")
Loading required package: S4Vectors
Loading required package: stats4
Loading required package: BiocGenerics
Loading required package: parallel
Attaching package: 'BiocGenerics'
The following objects are masked from 'package:parallel':
clusterApply, clusterApplyLB, clusterCall, clusterEvalQ,
clusterExport, clusterMap, parApply, parCapply, parLapply,
parLapplyLB, parRapply, parSapply, parSapplyLB
The following objects are masked from 'package:stats':
IQR, mad, sd, var, xtabs
The following objects are masked from 'package:base':
Filter, Find, Map, Position, Reduce, anyDuplicated, append,
as.data.frame, basename, cbind, colMeans, colSums, colnames,
dirname, do.call, duplicated, eval, evalq, get, grep, grepl,
intersect, is.unsorted, lapply, mapply, match, mget, order, paste,
pmax, pmax.int, pmin, pmin.int, rank, rbind, rowMeans, rowSums,
rownames, sapply, setdiff, sort, table, tapply, union, unique,
unsplit, which, which.max, which.min
Attaching package: 'S4Vectors'
The following object is masked from 'package:base':
expand.grid
[1] TRUE
> S4Vectors:::.test()
Loading required package: GenomeInfoDb
RUNIT TEST PROTOCOL -- Tue Apr 9 03:34:12 2019
***********************************************
Number of test functions: 62
Number of errors: 0
Number of failures: 0
1 Test Suite :
S4Vectors RUnit Tests - 62 test functions, 0 errors, 0 failures
Number of test functions: 62
Number of errors: 0
Number of failures: 0
>
> proc.time()
user system elapsed
11.543 0.313 11.934
S4Vectors.Rcheck/S4Vectors-Ex.timings
| name | user | system | elapsed | |
| Annotated-class | 0.772 | 0.038 | 0.812 | |
| DataFrame-class | 0.257 | 0.009 | 0.267 | |
| DataTable-class | 0.024 | 0.001 | 0.025 | |
| FilterRules-class | 0.128 | 0.002 | 0.132 | |
| Hits-class | 0.079 | 0.002 | 0.081 | |
| Hits-comparison | 0.034 | 0.002 | 0.037 | |
| Hits-setops | 0.106 | 0.002 | 0.107 | |
| LLint-class | 0.037 | 0.003 | 0.040 | |
| List-class | 0.001 | 0.000 | 0.002 | |
| List-utils | 0.112 | 0.002 | 0.116 | |
| Pairs-class | 0.060 | 0.001 | 0.062 | |
| Rle-class | 0.077 | 0.001 | 0.078 | |
| Rle-runstat | 0.180 | 0.002 | 0.182 | |
| Rle-utils | 0.018 | 0.001 | 0.018 | |
| SimpleList-class | 0.023 | 0.001 | 0.025 | |
| Vector-class | 0.001 | 0.000 | 0.002 | |
| Vector-comparison | 0.040 | 0.002 | 0.042 | |
| Vector-merge | 1.460 | 0.072 | 1.539 | |
| Vector-setops | 0.001 | 0.000 | 0.001 | |
| aggregate-methods | 0.096 | 0.002 | 0.097 | |
| character-utils | 0.006 | 0.002 | 0.007 | |
| expand-methods | 0.239 | 0.002 | 0.241 | |
| integer-utils | 0.001 | 0.001 | 0.001 | |
| isSorted | 0.003 | 0.001 | 0.004 | |
| shiftApply-methods | 9.866 | 1.175 | 11.115 | |
| split-methods | 0.058 | 0.001 | 0.058 | |
| zip-methods | 0.013 | 0.000 | 0.013 | |