| Back to Multiple platform build/check report for BioC 3.9 |
|
This page was generated on 2019-10-16 12:37:41 -0400 (Wed, 16 Oct 2019).
| Package 1233/1741 | Hostname | OS / Arch | INSTALL | BUILD | CHECK | BUILD BIN | ||||||
| POST 1.8.0 Xueyuan Cao
| malbec2 | Linux (Ubuntu 18.04.2 LTS) / x86_64 | OK | OK | WARNINGS | |||||||
| tokay2 | Windows Server 2012 R2 Standard / x64 | OK | OK | [ WARNINGS ] | OK | |||||||
| celaya2 | OS X 10.11.6 El Capitan / x86_64 | OK | OK | WARNINGS | OK |
| Package: POST |
| Version: 1.8.0 |
| Command: C:\Users\biocbuild\bbs-3.9-bioc\R\bin\R.exe CMD check --force-multiarch --install=check:POST.install-out.txt --library=C:\Users\biocbuild\bbs-3.9-bioc\R\library --no-vignettes --timings POST_1.8.0.tar.gz |
| StartedAt: 2019-10-16 06:04:16 -0400 (Wed, 16 Oct 2019) |
| EndedAt: 2019-10-16 06:07:41 -0400 (Wed, 16 Oct 2019) |
| EllapsedTime: 205.1 seconds |
| RetCode: 0 |
| Status: WARNINGS |
| CheckDir: POST.Rcheck |
| Warnings: 1 |
##############################################################################
##############################################################################
###
### Running command:
###
### C:\Users\biocbuild\bbs-3.9-bioc\R\bin\R.exe CMD check --force-multiarch --install=check:POST.install-out.txt --library=C:\Users\biocbuild\bbs-3.9-bioc\R\library --no-vignettes --timings POST_1.8.0.tar.gz
###
##############################################################################
##############################################################################
* using log directory 'C:/Users/biocbuild/bbs-3.9-bioc/meat/POST.Rcheck'
* using R version 3.6.1 (2019-07-05)
* using platform: x86_64-w64-mingw32 (64-bit)
* using session charset: ISO8859-1
* using option '--no-vignettes'
* checking for file 'POST/DESCRIPTION' ... OK
* checking extension type ... Package
* this is package 'POST' version '1.8.0'
* checking package namespace information ... OK
* checking package dependencies ... OK
* checking if this is a source package ... OK
* checking if there is a namespace ... OK
* checking for hidden files and directories ... OK
* checking for portable file names ... OK
* checking whether package 'POST' can be installed ... WARNING
Found the following significant warnings:
Note: break used in wrong context: no loop is visible
See 'C:/Users/biocbuild/bbs-3.9-bioc/meat/POST.Rcheck/00install.out' for details.
Information on the location(s) of code generating the 'Note's can be
obtained by re-running with environment variable R_KEEP_PKG_SOURCE set
to 'yes'.
* checking installed package size ... OK
* checking package directory ... OK
* checking 'build' directory ... OK
* checking DESCRIPTION meta-information ... OK
* checking top-level files ... OK
* checking for left-over files ... OK
* checking index information ... OK
* checking package subdirectories ... OK
* checking R files for non-ASCII characters ... OK
* checking R files for syntax errors ... OK
* loading checks for arch 'i386'
** checking whether the package can be loaded ... OK
** checking whether the package can be loaded with stated dependencies ... OK
** checking whether the package can be unloaded cleanly ... OK
** checking whether the namespace can be loaded with stated dependencies ... OK
** checking whether the namespace can be unloaded cleanly ... OK
* loading checks for arch 'x64'
** checking whether the package can be loaded ... OK
** checking whether the package can be loaded with stated dependencies ... OK
** checking whether the package can be unloaded cleanly ... OK
** checking whether the namespace can be loaded with stated dependencies ... OK
** checking whether the namespace can be unloaded cleanly ... OK
* checking dependencies in R code ... OK
* checking S3 generic/method consistency ... OK
* checking replacement functions ... OK
* checking foreign function calls ... OK
* checking R code for possible problems ... OK
* checking Rd files ... OK
* checking Rd metadata ... OK
* checking Rd cross-references ... OK
* checking for missing documentation entries ... OK
* checking for code/documentation mismatches ... OK
* checking Rd \usage sections ... OK
* checking Rd contents ... OK
* checking for unstated dependencies in examples ... OK
* checking contents of 'data' directory ... OK
* checking data for non-ASCII characters ... OK
* checking data for ASCII and uncompressed saves ... OK
* checking files in 'vignettes' ... OK
* checking examples ...
** running examples for arch 'i386' ... OK
Examples with CPU or elapsed time > 5s
user system elapsed
POSTcoxph 5.92 0.15 6.08
** running examples for arch 'x64' ... OK
Examples with CPU or elapsed time > 5s
user system elapsed
POSTcoxph 11.27 0.09 11.36
POST-package 7.68 0.02 7.71
POSTglm 7.36 0.00 7.38
* checking for unstated dependencies in vignettes ... OK
* checking package vignettes in 'inst/doc' ... OK
* checking running R code from vignettes ... SKIPPED
* checking re-building of vignette outputs ... SKIPPED
* checking PDF version of manual ... OK
* DONE
Status: 1 WARNING
See
'C:/Users/biocbuild/bbs-3.9-bioc/meat/POST.Rcheck/00check.log'
for details.
POST.Rcheck/00install.out
##############################################################################
##############################################################################
###
### Running command:
###
### C:\cygwin\bin\curl.exe -O https://malbec2.bioconductor.org/BBS/3.9/bioc/src/contrib/POST_1.8.0.tar.gz && rm -rf POST.buildbin-libdir && mkdir POST.buildbin-libdir && C:\Users\biocbuild\bbs-3.9-bioc\R\bin\R.exe CMD INSTALL --merge-multiarch --build --library=POST.buildbin-libdir POST_1.8.0.tar.gz && C:\Users\biocbuild\bbs-3.9-bioc\R\bin\R.exe CMD INSTALL POST_1.8.0.zip && rm POST_1.8.0.tar.gz POST_1.8.0.zip
###
##############################################################################
##############################################################################
% Total % Received % Xferd Average Speed Time Time Time Current
Dload Upload Total Spent Left Speed
0 0 0 0 0 0 0 0 --:--:-- --:--:-- --:--:-- 0
62 26169 62 16384 0 0 2006 0 0:00:13 0:00:08 0:00:05 2008
100 26169 100 26169 0 0 3204 0 0:00:08 0:00:08 --:--:-- 3207
install for i386
* installing *source* package 'POST' ...
** using staged installation
** R
** data
** byte-compile and prepare package for lazy loading
Note: break used in wrong context: no loop is visible
Note: break used in wrong context: no loop is visible
** help
*** installing help indices
converting help for package 'POST'
finding HTML links ... done
POST-package html
POSTcoxph html
POSTglm html
sampExprSet html
sampGeneSet html
** building package indices
** installing vignettes
** testing if installed package can be loaded from temporary location
** testing if installed package can be loaded from final location
** testing if installed package keeps a record of temporary installation path
install for x64
* installing *source* package 'POST' ...
** testing if installed package can be loaded
* MD5 sums
packaged installation of 'POST' as POST_1.8.0.zip
* DONE (POST)
* installing to library 'C:/Users/biocbuild/bbs-3.9-bioc/R/library'
package 'POST' successfully unpacked and MD5 sums checked
|
POST.Rcheck/examples_i386/POST-Ex.timings
|
POST.Rcheck/examples_x64/POST-Ex.timings
|