| Back to Multiple platform build/check report for BioC 3.9 |
|
This page was generated on 2019-04-09 13:33:35 -0400 (Tue, 09 Apr 2019).
| Package 976/1703 | Hostname | OS / Arch | INSTALL | BUILD | CHECK | BUILD BIN | ||||||
| MGFR 1.9.2 Khadija El Amrani
| malbec2 | Linux (Ubuntu 18.04.2 LTS) / x86_64 | OK | ERROR | skipped | |||||||
| tokay2 | Windows Server 2012 R2 Standard / x64 | OK | ERROR | skipped | skipped | |||||||
| celaya2 | OS X 10.11.6 El Capitan / x86_64 | OK | ERROR | skipped | skipped | |||||||
| merida2 | OS X 10.11.6 El Capitan / x86_64 | OK | [ ERROR ] | skipped | skipped |
| Package: MGFR |
| Version: 1.9.2 |
| Command: /Library/Frameworks/R.framework/Versions/Current/Resources/bin/R CMD build --keep-empty-dirs --no-resave-data MGFR |
| StartedAt: 2019-04-08 21:44:29 -0400 (Mon, 08 Apr 2019) |
| EndedAt: 2019-04-08 21:46:42 -0400 (Mon, 08 Apr 2019) |
| EllapsedTime: 133.0 seconds |
| RetCode: 1 |
| Status: ERROR |
| PackageFile: None |
| PackageFileSize: NA |
##############################################################################
##############################################################################
###
### Running command:
###
### /Library/Frameworks/R.framework/Versions/Current/Resources/bin/R CMD build --keep-empty-dirs --no-resave-data MGFR
###
##############################################################################
##############################################################################
* checking for file ‘MGFR/DESCRIPTION’ ... OK
* preparing ‘MGFR’:
* checking DESCRIPTION meta-information ... OK
* installing the package to build vignettes
* creating vignettes ... ERROR
Error: processing vignette 'MGFR.Rnw' failed with diagnostics:
chunk 4 (label = reference)
Error in getBM(filters = "ensembl_gene_id", attributes = c("ensembl_gene_id", :
The query to the BioMart webservice returned an invalid result: biomaRt expected a character string of length 1.
Please report this on the support site at http://support.bioconductor.org
Execution halted