| Back to Multiple platform build/check report for BioC 3.9 |
|
This page was generated on 2019-10-16 12:06:06 -0400 (Wed, 16 Oct 2019).
| Package 846/1741 | Hostname | OS / Arch | INSTALL | BUILD | CHECK | BUILD BIN | ||||||
| IVAS 2.4.0 Seonggyun Han
| malbec2 | Linux (Ubuntu 18.04.2 LTS) / x86_64 | OK | OK | [ WARNINGS ] | |||||||
| tokay2 | Windows Server 2012 R2 Standard / x64 | OK | OK | WARNINGS | OK | |||||||
| celaya2 | OS X 10.11.6 El Capitan / x86_64 | OK | OK | WARNINGS | OK |
| Package: IVAS |
| Version: 2.4.0 |
| Command: /home/biocbuild/bbs-3.9-bioc/R/bin/R CMD check --install=check:IVAS.install-out.txt --library=/home/biocbuild/bbs-3.9-bioc/R/library --no-vignettes --timings IVAS_2.4.0.tar.gz |
| StartedAt: 2019-10-16 02:39:28 -0400 (Wed, 16 Oct 2019) |
| EndedAt: 2019-10-16 02:44:01 -0400 (Wed, 16 Oct 2019) |
| EllapsedTime: 272.5 seconds |
| RetCode: 0 |
| Status: WARNINGS |
| CheckDir: IVAS.Rcheck |
| Warnings: 1 |
##############################################################################
##############################################################################
###
### Running command:
###
### /home/biocbuild/bbs-3.9-bioc/R/bin/R CMD check --install=check:IVAS.install-out.txt --library=/home/biocbuild/bbs-3.9-bioc/R/library --no-vignettes --timings IVAS_2.4.0.tar.gz
###
##############################################################################
##############################################################################
* using log directory ‘/home/biocbuild/bbs-3.9-bioc/meat/IVAS.Rcheck’
* using R version 3.6.1 (2019-07-05)
* using platform: x86_64-pc-linux-gnu (64-bit)
* using session charset: UTF-8
* using option ‘--no-vignettes’
* checking for file ‘IVAS/DESCRIPTION’ ... OK
* checking extension type ... Package
* this is package ‘IVAS’ version ‘2.4.0’
* checking package namespace information ... OK
* checking package dependencies ... OK
* checking if this is a source package ... OK
* checking if there is a namespace ... OK
* checking for hidden files and directories ... OK
* checking for portable file names ... OK
* checking for sufficient/correct file permissions ... OK
* checking whether package ‘IVAS’ can be installed ... WARNING
Found the following significant warnings:
Note: next used in wrong context: no loop is visible
See ‘/home/biocbuild/bbs-3.9-bioc/meat/IVAS.Rcheck/00install.out’ for details.
Information on the location(s) of code generating the ‘Note’s can be
obtained by re-running with environment variable R_KEEP_PKG_SOURCE set
to ‘yes’.
* checking installed package size ... OK
* checking package directory ... OK
* checking ‘build’ directory ... OK
* checking DESCRIPTION meta-information ... OK
* checking top-level files ... OK
* checking for left-over files ... OK
* checking index information ... OK
* checking package subdirectories ... OK
* checking R files for non-ASCII characters ... OK
* checking R files for syntax errors ... OK
* checking whether the package can be loaded ... OK
* checking whether the package can be loaded with stated dependencies ... OK
* checking whether the package can be unloaded cleanly ... OK
* checking whether the namespace can be loaded with stated dependencies ... OK
* checking whether the namespace can be unloaded cleanly ... OK
* checking dependencies in R code ... OK
* checking S3 generic/method consistency ... OK
* checking replacement functions ... OK
* checking foreign function calls ... OK
* checking R code for possible problems ... OK
* checking Rd files ... OK
* checking Rd metadata ... OK
* checking Rd cross-references ... OK
* checking for missing documentation entries ... OK
* checking for code/documentation mismatches ... OK
* checking Rd \usage sections ... OK
* checking Rd contents ... OK
* checking for unstated dependencies in examples ... OK
* checking contents of ‘data’ directory ... OK
* checking data for non-ASCII characters ... OK
* checking data for ASCII and uncompressed saves ... OK
* checking files in ‘vignettes’ ... OK
* checking examples ... OK
Examples with CPU or elapsed time > 5s
user system elapsed
saveBplot 9.637 0.194 9.845
ASdb-class 8.681 0.068 8.798
sQTLsFinder 8.156 0.068 8.228
* checking for unstated dependencies in vignettes ... OK
* checking package vignettes in ‘inst/doc’ ... OK
* checking running R code from vignettes ... SKIPPED
* checking re-building of vignette outputs ... SKIPPED
* checking PDF version of manual ... OK
* DONE
Status: 1 WARNING
See
‘/home/biocbuild/bbs-3.9-bioc/meat/IVAS.Rcheck/00check.log’
for details.
IVAS.Rcheck/00install.out
############################################################################## ############################################################################## ### ### Running command: ### ### /home/biocbuild/bbs-3.9-bioc/R/bin/R CMD INSTALL IVAS ### ############################################################################## ############################################################################## * installing to library ‘/home/biocbuild/bbs-3.9-bioc/R/library’ * installing *source* package ‘IVAS’ ... ** using staged installation ** R ** data ** inst ** byte-compile and prepare package for lazy loading Note: next used in wrong context: no loop is visible ** help *** installing help indices ** building package indices ** installing vignettes ** testing if installed package can be loaded from temporary location ** testing if installed package can be loaded from final location ** testing if installed package keeps a record of temporary installation path * DONE (IVAS)
IVAS.Rcheck/IVAS-Ex.timings
| name | user | system | elapsed | |
| ASdb-class | 8.681 | 0.068 | 8.798 | |
| CalSigSNP | 3.263 | 0.036 | 3.299 | |
| RatioFromFPKM | 4.665 | 0.044 | 4.718 | |
| Splicingfinder | 2.975 | 0.020 | 2.995 | |
| chrseparate | 0.136 | 0.000 | 0.137 | |
| findAlternative | 0.679 | 0.000 | 0.678 | |
| findOversnp | 0.615 | 0.008 | 0.624 | |
| sQTLsFinder | 8.156 | 0.068 | 8.228 | |
| sampleexp | 0.006 | 0.000 | 0.006 | |
| samplesnp | 0.003 | 0.000 | 0.003 | |
| samplesnplocus | 0.002 | 0.000 | 0.002 | |
| saveBplot | 9.637 | 0.194 | 9.845 | |