| Back to Multiple platform build/check report for BioC 3.9 | 
 | 
This page was generated on 2019-04-09 13:31:20 -0400 (Tue, 09 Apr 2019).
| Package 541/1703 | Hostname | OS / Arch | INSTALL | BUILD | CHECK | BUILD BIN | ||||||
| FISHalyseR 1.17.0 Karesh Arunakirinathan 
 | malbec2 | Linux (Ubuntu 18.04.2 LTS) / x86_64 | OK | OK | WARNINGS |  | ||||||
| tokay2 | Windows Server 2012 R2 Standard / x64 | OK | OK | WARNINGS | OK |  | ||||||
| celaya2 | OS X 10.11.6 El Capitan / x86_64 | OK | OK | WARNINGS | OK |  | ||||||
| merida2 | OS X 10.11.6 El Capitan / x86_64 | OK | OK | [ WARNINGS ] | OK | 
| Package: FISHalyseR | 
| Version: 1.17.0 | 
| Command: /Library/Frameworks/R.framework/Versions/Current/Resources/bin/R CMD check --install=check:FISHalyseR.install-out.txt --library=/Library/Frameworks/R.framework/Versions/Current/Resources/library --no-vignettes --timings FISHalyseR_1.17.0.tar.gz | 
| StartedAt: 2019-04-09 00:52:02 -0400 (Tue, 09 Apr 2019) | 
| EndedAt: 2019-04-09 00:53:05 -0400 (Tue, 09 Apr 2019) | 
| EllapsedTime: 62.8 seconds | 
| RetCode: 0 | 
| Status: WARNINGS | 
| CheckDir: FISHalyseR.Rcheck | 
| Warnings: 2 | 
##############################################################################
##############################################################################
###
### Running command:
###
###   /Library/Frameworks/R.framework/Versions/Current/Resources/bin/R CMD check --install=check:FISHalyseR.install-out.txt --library=/Library/Frameworks/R.framework/Versions/Current/Resources/library --no-vignettes --timings FISHalyseR_1.17.0.tar.gz
###
##############################################################################
##############################################################################
* using log directory ‘/Users/biocbuild/bbs-3.9-bioc/meat/FISHalyseR.Rcheck’
* using R Under development (unstable) (2018-11-27 r75683)
* using platform: x86_64-apple-darwin15.6.0 (64-bit)
* using session charset: UTF-8
* using option ‘--no-vignettes’
* checking for file ‘FISHalyseR/DESCRIPTION’ ... OK
* checking extension type ... Package
* this is package ‘FISHalyseR’ version ‘1.17.0’
* checking package namespace information ... OK
* checking package dependencies ... OK
* checking if this is a source package ... OK
* checking if there is a namespace ... OK
* checking for hidden files and directories ... OK
* checking for portable file names ... OK
* checking for sufficient/correct file permissions ... OK
* checking whether package ‘FISHalyseR’ can be installed ... WARNING
Found the following significant warnings:
  Warning: replacing previous import ‘EBImage::abind’ by ‘abind::abind’ when loading ‘FISHalyseR’
See ‘/Users/biocbuild/bbs-3.9-bioc/meat/FISHalyseR.Rcheck/00install.out’ for details.
* checking installed package size ... OK
* checking package directory ... OK
* checking ‘build’ directory ... OK
* checking DESCRIPTION meta-information ... OK
* checking top-level files ... OK
* checking for left-over files ... OK
* checking index information ... OK
* checking package subdirectories ... OK
* checking R files for non-ASCII characters ... OK
* checking R files for syntax errors ... OK
* checking whether the package can be loaded ... OK
* checking whether the package can be loaded with stated dependencies ... OK
* checking whether the package can be unloaded cleanly ... OK
* checking whether the namespace can be loaded with stated dependencies ... OK
* checking whether the namespace can be unloaded cleanly ... OK
* checking dependencies in R code ... OK
* checking S3 generic/method consistency ... OK
* checking replacement functions ... OK
* checking foreign function calls ... OK
* checking R code for possible problems ... NOTE
computeIlluminationCorrection: warning in gblur(I, s = 5): partial
  argument match of 's' to 'sigma'
GetDistances: no visible global function definition for ‘na.exclude’
plotLabelMatrix: no visible global function definition for ‘jpeg’
plotLabelMatrix: no visible global function definition for ‘text’
plotLabelMatrix: no visible global function definition for ‘dev.off’
processFISH: no visible global function definition for ‘write.table’
Undefined global functions or variables:
  dev.off jpeg na.exclude text write.table
Consider adding
  importFrom("grDevices", "dev.off", "jpeg")
  importFrom("graphics", "text")
  importFrom("stats", "na.exclude")
  importFrom("utils", "write.table")
to your NAMESPACE file.
* checking Rd files ... OK
* checking Rd metadata ... OK
* checking Rd cross-references ... OK
* checking for missing documentation entries ... OK
* checking for code/documentation mismatches ... OK
* checking Rd \usage sections ... OK
* checking Rd contents ... OK
* checking for unstated dependencies in examples ... OK
* checking sizes of PDF files under ‘inst/doc’ ... OK
* checking files in ‘vignettes’ ... OK
* checking examples ... WARNING
Found the following significant warnings:
  Warning: working directory was changed to ‘/private/tmp/RtmpxpR12ASampleFISH.jpg’, resetting
* checking for unstated dependencies in vignettes ... OK
* checking package vignettes in ‘inst/doc’ ... OK
* checking running R code from vignettes ... SKIPPED
* checking re-building of vignette outputs ... SKIPPED
* checking PDF version of manual ... OK
* DONE
Status: 2 WARNINGs, 1 NOTE
See
  ‘/Users/biocbuild/bbs-3.9-bioc/meat/FISHalyseR.Rcheck/00check.log’
for details.
FISHalyseR.Rcheck/00install.out
############################################################################## ############################################################################## ### ### Running command: ### ### /Library/Frameworks/R.framework/Versions/Current/Resources/bin/R CMD INSTALL FISHalyseR ### ############################################################################## ############################################################################## * installing to library ‘/Library/Frameworks/R.framework/Versions/3.6/Resources/library’ * installing *source* package ‘FISHalyseR’ ... ** R ** inst ** byte-compile and prepare package for lazy loading Warning: replacing previous import ‘EBImage::abind’ by ‘abind::abind’ when loading ‘FISHalyseR’ ** help *** installing help indices ** building package indices ** installing vignettes ** testing if installed package can be loaded Warning: replacing previous import ‘EBImage::abind’ by ‘abind::abind’ when loading ‘FISHalyseR’ * DONE (FISHalyseR)
FISHalyseR.Rcheck/FISHalyseR-Ex.timings
| name | user | system | elapsed | |
| analyseParticles | 0.225 | 0.035 | 0.262 | |
| calculateMaxEntropy | 0.207 | 0.014 | 0.222 | |
| calculateThreshold | 0.102 | 0.010 | 0.115 | |
| computeIlluminationCorrection | 0.001 | 0.000 | 0.001 | |