| Back to Multiple platform build/check report for BioC 3.9 |
|
This page was generated on 2019-10-16 12:55:39 -0400 (Wed, 16 Oct 2019).
| Package 497/1741 | Hostname | OS / Arch | INSTALL | BUILD | CHECK | BUILD BIN | ||||||
| ENCODExplorer 2.10.0 Charles Joly Beauparlant
| malbec2 | Linux (Ubuntu 18.04.2 LTS) / x86_64 | OK | OK | OK | |||||||
| tokay2 | Windows Server 2012 R2 Standard / x64 | OK | OK | OK | OK | |||||||
| celaya2 | OS X 10.11.6 El Capitan / x86_64 | OK | [ ERROR ] | skipped | skipped |
| Package: ENCODExplorer |
| Version: 2.10.0 |
| Command: /Library/Frameworks/R.framework/Versions/Current/Resources/bin/R CMD build --keep-empty-dirs --no-resave-data ENCODExplorer |
| StartedAt: 2019-10-15 21:44:20 -0400 (Tue, 15 Oct 2019) |
| EndedAt: 2019-10-15 21:45:28 -0400 (Tue, 15 Oct 2019) |
| EllapsedTime: 67.8 seconds |
| RetCode: 1 |
| Status: ERROR |
| PackageFile: None |
| PackageFileSize: NA |
##############################################################################
##############################################################################
###
### Running command:
###
### /Library/Frameworks/R.framework/Versions/Current/Resources/bin/R CMD build --keep-empty-dirs --no-resave-data ENCODExplorer
###
##############################################################################
##############################################################################
* checking for file ‘ENCODExplorer/DESCRIPTION’ ... OK
* preparing ‘ENCODExplorer’:
* checking DESCRIPTION meta-information ... OK
* installing the package to build vignettes
* creating vignettes ... ERROR
--- re-building ‘ENCODExplorer.Rmd’ using rmarkdown
Loading required package: shiny
Loading required package: DT
Attaching package: 'DT'
The following objects are masked from 'package:shiny':
dataTableOutput, renderDataTable
Loading required package: shinythemes
Quitting from lines 202-204 (ENCODExplorer.Rmd)
Error: processing vignette 'ENCODExplorer.Rmd' failed with diagnostics:
invalid subscript type 'list'
--- failed re-building ‘ENCODExplorer.Rmd’
SUMMARY: processing the following file failed:
‘ENCODExplorer.Rmd’
Error: Vignette re-building failed.
Execution halted