| Back to Multiple platform build/check report for BioC 3.8 experimental data |
This page was generated on 2018-04-29 12:59:50 -0400 (Sun, 29 Apr 2018).
| Package 49/342 | Hostname | OS / Arch | INSTALL | BUILD | CHECK | BUILD BIN | ||||||
Vince Carey
| malbec1 | Linux (Ubuntu 16.04.1 LTS) / x86_64 | OK | OK | [ WARNINGS ] |
| Package: cheung2010 |
| Version: 0.17.3 |
| Command: /home/biocbuild/bbs-3.8-bioc/R/bin/R CMD check --install=check:cheung2010.install-out.txt --library=/home/biocbuild/bbs-3.8-bioc/R/library --no-vignettes --timings cheung2010_0.17.3.tar.gz |
| StartedAt: 2018-04-29 10:43:22 -0400 (Sun, 29 Apr 2018) |
| EndedAt: 2018-04-29 10:46:56 -0400 (Sun, 29 Apr 2018) |
| EllapsedTime: 213.4 seconds |
| RetCode: 0 |
| Status: WARNINGS |
| CheckDir: cheung2010.Rcheck |
| Warnings: 1 |
##############################################################################
##############################################################################
###
### Running command:
###
### /home/biocbuild/bbs-3.8-bioc/R/bin/R CMD check --install=check:cheung2010.install-out.txt --library=/home/biocbuild/bbs-3.8-bioc/R/library --no-vignettes --timings cheung2010_0.17.3.tar.gz
###
##############################################################################
##############################################################################
* using log directory ‘/home/biocbuild/bbs-3.8-data-experiment/meat/cheung2010.Rcheck’
* using R version 3.5.0 RC (2018-04-16 r74618)
* using platform: x86_64-pc-linux-gnu (64-bit)
* using session charset: UTF-8
* using option ‘--no-vignettes’
* checking for file ‘cheung2010/DESCRIPTION’ ... OK
* this is package ‘cheung2010’ version ‘0.17.3’
* checking package namespace information ... OK
* checking package dependencies ... OK
* checking if this is a source package ... OK
* checking if there is a namespace ... OK
* checking for hidden files and directories ... OK
* checking for portable file names ... OK
* checking for sufficient/correct file permissions ... OK
* checking whether package ‘cheung2010’ can be installed ... WARNING
Found the following significant warnings:
Warning: Package 'cheung2010' is deprecated and will be removed from
See ‘/home/biocbuild/bbs-3.8-data-experiment/meat/cheung2010.Rcheck/00install.out’ for details.
* checking installed package size ... NOTE
installed size is 54.3Mb
sub-directories of 1Mb or more:
data 14.0Mb
parts 30.9Mb
rmaexprs 9.2Mb
* checking package directory ... OK
* checking ‘build’ directory ... OK
* checking DESCRIPTION meta-information ... NOTE
Malformed Description field: should contain one or more complete sentences.
* checking top-level files ... OK
* checking for left-over files ... OK
* checking index information ... OK
* checking package subdirectories ... OK
* checking R files for non-ASCII characters ... OK
* checking R files for syntax errors ... OK
* checking whether the package can be loaded ... OK
* checking whether the package can be loaded with stated dependencies ... OK
* checking whether the package can be unloaded cleanly ... OK
* checking whether the namespace can be loaded with stated dependencies ... OK
* checking whether the namespace can be unloaded cleanly ... OK
* checking dependencies in R code ... NOTE
Namespace in Imports field not imported from: 'AnnotationDbi'
All declared Imports should be used.
Packages in Depends field not imported from:
'GGtools' 'GenomicRanges' 'hgfocus.db'
These packages need to be imported from (in the NAMESPACE file)
for when this namespace is loaded but not attached.
* checking S3 generic/method consistency ... OK
* checking replacement functions ... OK
* checking foreign function calls ... OK
* checking R code for possible problems ... NOTE
File ‘cheung2010/R/zzz.R’:
.onLoad calls:
packageStartupMessage(paste("To get a tailored smlSet, use getSS(\"", pkgname, "\", [chrvec])", sep = ""), "\n", "available chromosomes are named ", selectSome(cn), "\n")
See section ‘Good practice’ in '?.onAttach'.
* checking Rd files ... OK
* checking Rd metadata ... OK
* checking Rd cross-references ... OK
* checking for missing documentation entries ... OK
* checking for code/documentation mismatches ... OK
* checking Rd \usage sections ... OK
* checking Rd contents ... OK
* checking for unstated dependencies in examples ... OK
* checking contents of ‘data’ directory ... OK
* checking data for non-ASCII characters ... OK
* checking data for ASCII and uncompressed saves ... OK
* checking files in ‘vignettes’ ... OK
* checking examples ... OK
* checking for unstated dependencies in vignettes ... OK
* checking package vignettes in ‘inst/doc’ ... OK
* checking running R code from vignettes ... SKIPPED
* checking re-building of vignette outputs ... SKIPPED
* checking PDF version of manual ... OK
* DONE
Status: 1 WARNING, 4 NOTEs
See
‘/home/biocbuild/bbs-3.8-data-experiment/meat/cheung2010.Rcheck/00check.log’
for details.
cheung2010.Rcheck/00install.out
############################################################################## ############################################################################## ### ### Running command: ### ### /home/biocbuild/bbs-3.8-bioc/R/bin/R CMD INSTALL cheung2010 ### ############################################################################## ############################################################################## * installing to library ‘/home/biocbuild/bbs-3.8-bioc/R/library’ * installing *source* package ‘cheung2010’ ... ** R ** data ** inst ** byte-compile and prepare package for lazy loading ** help *** installing help indices ** building package indices ** installing vignettes ** testing if installed package can be loaded Warning: Package 'cheung2010' is deprecated and will be removed from Bioconductor version 3.7 * DONE (cheung2010)
cheung2010.Rcheck/cheung2010-Ex.timings
| name | user | system | elapsed | |
| cheung2010locs | 2.808 | 0.092 | 3.906 | |